{"id":21292,"date":"2018-01-02T01:01:17","date_gmt":"2018-01-02T01:01:17","guid":{"rendered":"http:\/\/biblian.is\/videy\/jobsbok-7-kafli\/"},"modified":"2018-01-02T01:01:17","modified_gmt":"2018-01-02T01:01:17","slug":"jobsbok-7-kafli","status":"publish","type":"page","link":"https:\/\/biblian.is\/videy\/jobsbok-7-kafli\/","title":{"rendered":"Jobsb\u00f3k 7. kafli"},"content":{"rendered":"<div class=\"fyrirsognVidey\">Job talar enn fremur.<\/div>\n<p><a name=\"1\"><span class=\"versanumer\">1<\/span><\/a>Er ma\u00f0urinn ekki \u00ed str\u00ed\u00f0i \u00e1 j\u00f6r\u00f0inni? og eru ei hans dagar eins og daglaunamannsins dagar?<a name=\"2\"><span class=\"versanumer\">2<\/span><\/a>Eins og \u00fer\u00e6llinn langar \u00ed skugga og eins og daglaunama\u00f0urinn v\u00e6ntir launa fyrir sitt verk,<a name=\"3\"><span class=\"versanumer\">3<\/span><\/a>svolei\u00f0is hefi eg fengi\u00f0 \u00ed m\u00edna hlutdeild \u00ferengingarm\u00e1nu\u00f0i, og m\u00e6\u00f0unnar n\u00e6tur eru m\u00e9r taldar.<a name=\"4\"><span class=\"versanumer\">4<\/span><\/a>Leggi eg mig fyrir, \u00fe\u00e1 segi eg: n\u00e6r mun eg fara \u00e1 f\u00e6tur? n\u00e6r mun n\u00f3ttin \u00fati? og eg mettast af \u00f3r\u00f3legum byltingum <span class='VideyAth'>(\u00ed r\u00faminu)<\/span> \u00feanga\u00f0 til aftur eldir.<a name=\"5\"><span class=\"versanumer\">5<\/span><\/a>Mitt hold er \u00feaki\u00f0 ormum og moldarsk\u00e1n, varla er m\u00edn h\u00fa\u00f0 gr\u00f3in, fyrr en h\u00fan aftur fyllist k\u00fdlum.<a name=\"6\"><span class=\"versanumer\">6<\/span><\/a>M\u00ednir dagar eru flj\u00f3tar burtflognir en vefjarskyttan; og \u00feeir eru hvorfnir \u00e1n vonar.<a name=\"7\"><span class=\"versanumer\">7<\/span><\/a>Huglei\u00f0 \u00fe\u00fa a\u00f0 mitt l\u00edf er andardr\u00e1ttur, mitt auga mun ei oftar sj\u00e1 g\u00f3\u00f0a daga.<a name=\"8\"><span class=\"versanumer\">8<\/span><\/a>\u00dea\u00f0 auga sem s\u00e9r mig n\u00fa, mun ei sj\u00e1 mig framar, \u00fe\u00edn augu munu sn\u00faa s\u00e9r a\u00f0 m\u00e9r, en eg mun ei finnast.<a name=\"9\"><span class=\"versanumer\">9<\/span><\/a>Sk\u00fdi\u00f0 fer \u00e1fram og hverfur; svo mun ei heldur s\u00e1 koma aftur, sem ni\u00f0urst\u00edgur \u00ed gr\u00f6fina.<a name=\"10\"><span class=\"versanumer\">10<\/span><\/a>Hann mun ei aftur hverfa \u00ed sitt h\u00fas, og hans sta\u00f0ur f\u00e6r hann ekki aftur a\u00f0 sj\u00e1.<a name=\"11\"><span class=\"versanumer\">11<\/span><\/a>\u00dev\u00ed vil eg ekki heldur leggja taum vi\u00f0 m\u00edna tungu, eg vil tala \u00ed angist m\u00edns anda, eg vil kveina \u00ed biturleik minnar s\u00e1lar.<a name=\"12\"><span class=\"versanumer\">12<\/span><\/a>Er eg haf, e\u00f0a hafs\u00f3v\u00e6ttur, a\u00f0 \u00fe\u00fa setur vakt yfir mig?<a name=\"13\"><span class=\"versanumer\">13<\/span><\/a>\u00deegar eg segi: mitt r\u00fam skal hugga mig, m\u00edn hv\u00edla skal sefa mitt vein,<a name=\"14\"><span class=\"versanumer\">14<\/span><\/a>\u00fe\u00e1 hr\u00e6\u00f0ir \u00fe\u00fa mig \u00ed draumi og me\u00f0 s\u00fdn skelfir \u00fe\u00fa mig,<a name=\"15\"><span class=\"versanumer\">15<\/span><\/a>svo a\u00f0 m\u00edn s\u00e1l vill heldur k\u00e6fast, j\u00e1 heldur deyja en a\u00f0 m\u00edn bein p\u00ednist \u00feannig.<a name=\"16\"><span class=\"versanumer\">16<\/span><\/a>Eg dregst upp, eil\u00edflega mun eg ekki lifa, slepptu m\u00e9r! \u00fev\u00ed m\u00ednir dagar eru andartak.<a name=\"17\"><span class=\"versanumer\">17<\/span><\/a>Hva\u00f0 er ma\u00f0urinn, a\u00f0 \u00fe\u00fa skyldir meta hann mikils, gefa honum gaum?<a name=\"18\"><span class=\"versanumer\">18<\/span><\/a>A\u00f0 \u00fe\u00fa skyldir heims\u00e6kja hann \u00e1 hv\u00f6rjum morgni? pr\u00f3fa hann \u00e1 hv\u00f6rju augnabliki?<a name=\"19\"><span class=\"versanumer\">19<\/span><\/a>Hv\u00f6rsu lengi viltu, aldrei hafa af m\u00e9r augun. Viltu ekki leifa m\u00e9r a\u00f0 hafa r\u00f3 me\u00f0an eg ni\u00f0ursvelgi munnvatninu?<a name=\"20\"><span class=\"versanumer\">20<\/span><\/a>\u00de\u00f3 eg hafi syndga\u00f0, hva\u00f0 \u00e6tla eg hafi gj\u00f6rt \u00fe\u00e9r, \u00fe\u00fa mannanna vaktari! \u00fev\u00ed hefir \u00fe\u00fa gj\u00f6rt mig a\u00f0 \u00e1steytingu fyrir \u00feig, svo a\u00f0 eg ver\u00f0i m\u00e9r sj\u00e1lfum a\u00f0 byr\u00f0i.<a name=\"21\"><span class=\"versanumer\">21<\/span><\/a>Og hv\u00f6rs vegna viltu ei fyrirgefa m\u00e9r m\u00ednar yfirtro\u00f0slur og burttaka m\u00edna syndasekt? \u00fev\u00ed eg mun n\u00fa br\u00e1\u00f0um liggja \u00ed moldinni, og \u00feegar \u00fe\u00fa leitar a\u00f0 m\u00e9r um morguninn, mun eg ekki finnast.<\/p>\n<div class=\"footnoteVidey\"><\/div>\n","protected":false},"excerpt":{"rendered":"<p>Job talar enn fremur. 1Er ma\u00f0urinn ekki \u00ed str\u00ed\u00f0i \u00e1 j\u00f6r\u00f0inni? og eru ei hans dagar eins og daglaunamannsins dagar?2Eins og \u00fer\u00e6llinn langar \u00ed skugga og eins og daglaunama\u00f0urinn v\u00e6ntir launa fyrir sitt verk,3svolei\u00f0is hefi eg fengi\u00f0 \u00ed m\u00edna hlutdeild \u00ferengingarm\u00e1nu\u00f0i, og m\u00e6\u00f0unnar n\u00e6tur eru m\u00e9r taldar.4Leggi eg mig fyrir, \u00fe\u00e1 segi eg: n\u00e6r mun eg fara \u00e1 f\u00e6tur? n\u00e6r mun n\u00f3ttin \u00fati? og eg mettast af \u00f3r\u00f3legum byltingum (\u00ed r\u00faminu) \u00feanga\u00f0 til aftur eldir.5Mitt hold er \u00feaki\u00f0 ormum og moldarsk\u00e1n, varla er m\u00edn h\u00fa\u00f0 gr\u00f3in, fyrr en h\u00fan aftur fyllist k\u00fdlum.6M\u00ednir dagar eru flj\u00f3tar burtflognir en vefjarskyttan; og \u00feeir <a href=\"https:\/\/biblian.is\/videy\/jobsbok-7-kafli\/\"> [&#8230;]<\/a><\/p>\n","protected":false},"author":1,"featured_media":0,"parent":0,"menu_order":0,"comment_status":"open","ping_status":"open","template":"bibliukaflar.php","meta":{"footnotes":""},"class_list":["post-21292","page","type-page","status-publish","hentry"],"_links":{"self":[{"href":"https:\/\/biblian.is\/videy\/wp-json\/wp\/v2\/pages\/21292","targetHints":{"allow":["GET"]}}],"collection":[{"href":"https:\/\/biblian.is\/videy\/wp-json\/wp\/v2\/pages"}],"about":[{"href":"https:\/\/biblian.is\/videy\/wp-json\/wp\/v2\/types\/page"}],"author":[{"embeddable":true,"href":"https:\/\/biblian.is\/videy\/wp-json\/wp\/v2\/users\/1"}],"replies":[{"embeddable":true,"href":"https:\/\/biblian.is\/videy\/wp-json\/wp\/v2\/comments?post=21292"}],"version-history":[{"count":0,"href":"https:\/\/biblian.is\/videy\/wp-json\/wp\/v2\/pages\/21292\/revisions"}],"wp:attachment":[{"href":"https:\/\/biblian.is\/videy\/wp-json\/wp\/v2\/media?parent=21292"}],"curies":[{"name":"wp","href":"https:\/\/api.w.org\/{rel}","templated":true}]}}