{"id":21282,"date":"2018-01-02T01:01:11","date_gmt":"2018-01-02T01:01:11","guid":{"rendered":"http:\/\/biblian.is\/videy\/esterarbok-7-kafli\/"},"modified":"2018-01-02T01:01:11","modified_gmt":"2018-01-02T01:01:11","slug":"esterarbok-7-kafli","status":"publish","type":"page","link":"https:\/\/biblian.is\/videy\/esterarbok-7-kafli\/","title":{"rendered":"Esterarb\u00f3k 7. kafli"},"content":{"rendered":"<div class=\"fyrirsognVidey\">Aman er hengdur.<\/div>\n<p><a name=\"1\"><span class=\"versanumer\">1<\/span><\/a>Og svo komu \u00feeir konungurinn og Aman til a\u00f0 drekka hj\u00e1 Ester drottningu,<a name=\"2\"><span class=\"versanumer\">2<\/span><\/a>og konungurinn sag\u00f0i einnig \u00e1 \u00feessum \u00f6\u00f0rum degi vi\u00f0 Ester, vi\u00f0 v\u00edndrykkjuna: hv\u00f6rs bei\u00f0ist \u00fe\u00fa Ester drottning? \u00fea\u00f0 skal \u00fe\u00e9r veitt ver\u00f0a; og um hva\u00f0 bi\u00f0ur \u00fe\u00fa? \u00fe\u00f3 \u00fea\u00f0 v\u00e6ri helmingur m\u00edns r\u00edkis, skal \u00fea\u00f0 ske.<a name=\"3\"><span class=\"versanumer\">3<\/span><\/a>Ester drottning svara\u00f0i og sag\u00f0i: hafi eg fundi\u00f0 n\u00e1\u00f0 hj\u00e1 \u00fe\u00e9r konungur! og ef konunginum er \u00fea\u00f0 lj\u00faft, \u00fe\u00e1 gefist m\u00e9r mitt l\u00edf vegna minnar b\u00e6nar, og f\u00f3lki m\u00ednu vegna minnar bei\u00f0ni.<a name=\"4\"><span class=\"versanumer\">4<\/span><\/a>\u00dev\u00ed v\u00e9r erum seldir, b\u00e6\u00f0i eg og f\u00f3lk mitt til ey\u00f0ileggingar, dr\u00e1ps og dau\u00f0a, og ef a\u00f0 v\u00e9r v\u00e6rum seldir a\u00f0eins til a\u00f0 ver\u00f0a \u00fer\u00e6lar og amb\u00e1ttir, svo munda eg \u00feegja; en \u00f3vinurinn getur ei b\u00e6tt ska\u00f0ann k\u00f3nginum.<a name=\"5\"><span class=\"versanumer\">5<\/span><\/a>\u00de\u00e1 m\u00e6lti Assverus k\u00f3ngur og sag\u00f0i vi\u00f0 Ester drottningu: hv\u00f6r er s\u00e1? e\u00f0a hvar er s\u00e1 sem vogar a\u00f0 gj\u00f6ra sl\u00edkt?<a name=\"6\"><span class=\"versanumer\">6<\/span><\/a>Ester svara\u00f0i: s\u00e1 \u00f3vinur og m\u00f3tst\u00f6\u00f0uma\u00f0ur er \u00feessi vondi Aman; en Aman var\u00f0 hr\u00e6ddur vi\u00f0 k\u00f3ng og drottningu.<a name=\"7\"><span class=\"versanumer\">7<\/span><\/a>Og k\u00f3ngurinn st\u00f3\u00f0 upp fr\u00e1 v\u00edndrykkjunni <span class='VideyAth'>(gestabo\u00f0inu og v\u00edninu)<\/span> \u00ed rei\u00f0i, og gekk \u00ed aldingar\u00f0inn hj\u00e1 h\u00f6llinni; og Aman st\u00f3\u00f0 eftir til a\u00f0 bi\u00f0ja Ester drottningu um l\u00edf sitt, \u00fev\u00ed hann s\u00e1 s\u00e9r n\u00fa \u00f3lukku b\u00fana af k\u00f3nginum.<a name=\"8\"><span class=\"versanumer\">8<\/span><\/a>Og \u00fe\u00e1 k\u00f3ngurinn kom aftur, \u00far aldingar\u00f0inum sem var hj\u00e1 h\u00f6llinni, inn \u00ed bor\u00f0salinn, \u00fe\u00e1 l\u00e1 Aman \u00e1 bekk \u00feeim sem Ester sat \u00e1; \u00fe\u00e1 sag\u00f0i k\u00f3ngurinn: mun hann einnig vilja beita ofbeldi vi\u00f0 drottninguna h\u00e9r \u00ed h\u00fasinu hj\u00e1 m\u00e9r? \u00deegar k\u00f3ngurinn haf\u00f0i \u00feetta tala\u00f0, \u00fe\u00e1 huldu \u00feeir \u00e1sj\u00f3nu Amans.<a name=\"9\"><span class=\"versanumer\">9<\/span><\/a>\u00de\u00e1 sag\u00f0i Harbona einn af herbergissveinum k\u00f3ngsins: sj\u00e1i\u00f0! tr\u00e9 eitt stendur \u00ed gar\u00f0inum, sem Aman l\u00e9t gj\u00f6ra, handa Mardokeus, hv\u00f6r e\u00f0 gott tala\u00f0i fyrir k\u00f3nginum, \u00fea\u00f0 stendur hj\u00e1 Amans h\u00fasi, fimmt\u00edu \u00e1lna h\u00e1tt; \u00fe\u00e1 sag\u00f0i k\u00f3ngurinn: hengi\u00f0 hann \u00e1 \u00fea\u00f0.<a name=\"10\"><span class=\"versanumer\">10<\/span><\/a>Og \u00feeir hengdu Aman \u00e1 \u00fea\u00f0 tr\u00e9, sem hann haf\u00f0i l\u00e1ti\u00f0 reisa handa Mardokeus og \u00fe\u00e1 rann konunginum rei\u00f0in.<\/p>\n<div class=\"footnoteVidey\"><\/div>\n","protected":false},"excerpt":{"rendered":"<p>Aman er hengdur. 1Og svo komu \u00feeir konungurinn og Aman til a\u00f0 drekka hj\u00e1 Ester drottningu,2og konungurinn sag\u00f0i einnig \u00e1 \u00feessum \u00f6\u00f0rum degi vi\u00f0 Ester, vi\u00f0 v\u00edndrykkjuna: hv\u00f6rs bei\u00f0ist \u00fe\u00fa Ester drottning? \u00fea\u00f0 skal \u00fe\u00e9r veitt ver\u00f0a; og um hva\u00f0 bi\u00f0ur \u00fe\u00fa? \u00fe\u00f3 \u00fea\u00f0 v\u00e6ri helmingur m\u00edns r\u00edkis, skal \u00fea\u00f0 ske.3Ester drottning svara\u00f0i og sag\u00f0i: hafi eg fundi\u00f0 n\u00e1\u00f0 hj\u00e1 \u00fe\u00e9r konungur! og ef konunginum er \u00fea\u00f0 lj\u00faft, \u00fe\u00e1 gefist m\u00e9r mitt l\u00edf vegna minnar b\u00e6nar, og f\u00f3lki m\u00ednu vegna minnar bei\u00f0ni.4\u00dev\u00ed v\u00e9r erum seldir, b\u00e6\u00f0i eg og f\u00f3lk mitt til ey\u00f0ileggingar, dr\u00e1ps og dau\u00f0a, og ef a\u00f0 v\u00e9r v\u00e6rum <a href=\"https:\/\/biblian.is\/videy\/esterarbok-7-kafli\/\"> [&#8230;]<\/a><\/p>\n","protected":false},"author":1,"featured_media":0,"parent":0,"menu_order":0,"comment_status":"open","ping_status":"open","template":"bibliukaflar.php","meta":{"footnotes":""},"class_list":["post-21282","page","type-page","status-publish","hentry"],"_links":{"self":[{"href":"https:\/\/biblian.is\/videy\/wp-json\/wp\/v2\/pages\/21282","targetHints":{"allow":["GET"]}}],"collection":[{"href":"https:\/\/biblian.is\/videy\/wp-json\/wp\/v2\/pages"}],"about":[{"href":"https:\/\/biblian.is\/videy\/wp-json\/wp\/v2\/types\/page"}],"author":[{"embeddable":true,"href":"https:\/\/biblian.is\/videy\/wp-json\/wp\/v2\/users\/1"}],"replies":[{"embeddable":true,"href":"https:\/\/biblian.is\/videy\/wp-json\/wp\/v2\/comments?post=21282"}],"version-history":[{"count":0,"href":"https:\/\/biblian.is\/videy\/wp-json\/wp\/v2\/pages\/21282\/revisions"}],"wp:attachment":[{"href":"https:\/\/biblian.is\/videy\/wp-json\/wp\/v2\/media?parent=21282"}],"curies":[{"name":"wp","href":"https:\/\/api.w.org\/{rel}","templated":true}]}}