{"id":21280,"date":"2018-01-02T01:01:11","date_gmt":"2018-01-02T01:01:11","guid":{"rendered":"http:\/\/biblian.is\/videy\/esterarbok-5-kafli\/"},"modified":"2018-01-02T01:01:11","modified_gmt":"2018-01-02T01:01:11","slug":"esterarbok-5-kafli","status":"publish","type":"page","link":"https:\/\/biblian.is\/videy\/esterarbok-5-kafli\/","title":{"rendered":"Esterarb\u00f3k 5. kafli"},"content":{"rendered":"<div class=\"fyrirsognVidey\">Ester gengur fyrir k\u00f3nginn og b\u00fd\u00f0ur honum \u00e1samt Aman til veislu; Aman vill r\u00e1\u00f0a Mardokeum af l\u00edfi.<\/div>\n<p><a name=\"1\"><span class=\"versanumer\">1<\/span><\/a>Og \u00e1 \u00feri\u00f0ja degi skr\u00fdddist Ester konunglegum skr\u00fa\u00f0a og gekk inn \u00ed \u00feann innri forgar\u00f0 hj\u00e1 k\u00f3ngsh\u00f6llinni er gagnvart var k\u00f3ngsh\u00f6llinni, og konungur sat \u00ed s\u00ednu konunglega h\u00e1s\u00e6ti, \u00ed h\u00f6llinni gegnt h\u00fasdyrunum.<a name=\"2\"><span class=\"versanumer\">2<\/span><\/a>En \u00fe\u00e1 konungurinn leit Ester drottningu standa \u00ed forgar\u00f0inum, fann h\u00fan n\u00e1\u00f0 \u00ed augliti hans, og k\u00f3ngurinn r\u00e9tti a\u00f0 Ester \u00fe\u00e1 gulllegu veldissp\u00edru, er hann haf\u00f0i s\u00e9r \u00ed hendi, en h\u00fan gekk a\u00f0 og snart oddinn \u00e1 sp\u00edrunni.<a name=\"3\"><span class=\"versanumer\">3<\/span><\/a>\u00de\u00e1 sag\u00f0i konungurinn vi\u00f0 hana: Ester drottning! hva\u00f0 <span class='VideyAth'>(gengur a\u00f0)<\/span> \u00fe\u00e9r? og hv\u00f6rs bei\u00f0ist \u00fe\u00fa? \u00fe\u00f3 \u00fe\u00fa bi\u00f0jir um helming m\u00edns r\u00edkis, skal \u00fe\u00e9r \u00fea\u00f0 veitast.<a name=\"4\"><span class=\"versanumer\">4<\/span><\/a>Ester svara\u00f0i: \u00fe\u00f3knist konunginum, \u00fe\u00e1 bi\u00f0 eg a\u00f0 konungurinn komi \u00ed dag, \u00e1samt Aman, til gestabo\u00f0s \u00feess er eg hefi tilreitt honum.<a name=\"5\"><span class=\"versanumer\">5<\/span><\/a>\u00de\u00e1 sag\u00f0i k\u00f3ngurinn: kalli\u00f0 skj\u00f3tlega \u00e1 Aman, svo hann gj\u00f6ri \u00fea\u00f0 sem Ester hefir umbe\u00f0i\u00f0; og \u00fe\u00e1 k\u00f3ngurinn og Aman voru komnir til gestabo\u00f0s \u00feess er Ester haf\u00f0i tilb\u00fai\u00f0,<a name=\"6\"><span class=\"versanumer\">6<\/span><\/a>sag\u00f0i konungurinn vi\u00f0 Ester, er hann haf\u00f0i v\u00edn drukki\u00f0: hv\u00f6r er b\u00e6n \u00fe\u00edn Ester? h\u00fan mun veitast \u00fe\u00e9r; e\u00f0a hva\u00f0 girnist \u00fe\u00fa? \u00fe\u00f3 \u00fea\u00f0 v\u00e6ri helmingur m\u00edns r\u00edkis, skal hann \u00ed t\u00e9 l\u00e1tinn.<a name=\"7\"><span class=\"versanumer\">7<\/span><\/a>\u00de\u00e1 svara\u00f0i Ester og sag\u00f0i: b\u00e6n m\u00edn og bei\u00f0ni er s\u00fa:<a name=\"8\"><span class=\"versanumer\">8<\/span><\/a>hafi eg fundi\u00f0 n\u00e1\u00f0 hj\u00e1 konunginum, og ef honum \u00fe\u00f3knast a\u00f0 veita m\u00e9r b\u00e6n m\u00edna og gj\u00f6ra \u00fea\u00f0 eg bei\u00f0ist, \u00fe\u00e1 komi konungurinn og Aman til gestabo\u00f0s \u00feess er eg vil \u00feeim tilrei\u00f0a, og \u00fe\u00e1 vil eg, a\u00f0 morgni, gj\u00f6ra sem konungurinn hefir sagt.<a name=\"9\"><span class=\"versanumer\">9<\/span><\/a>Og Aman gekk \u00fat \u00e1 \u00feeim degi gla\u00f0ur og af hjarta \u00e1n\u00e6g\u00f0ur: en sem hann leit Mardokeus \u00ed k\u00f3ngsportinu, \u00fe\u00e1 reiddist hann st\u00f3rlega vi\u00f0 Mardokeus.<a name=\"10\"><span class=\"versanumer\">10<\/span><\/a>En hann stillti sig samt, og \u00fe\u00e1 hann kom heim, sendi hann \u00fat, og l\u00e9t kalla til s\u00edn vini s\u00edna og konu s\u00edna Seres,<a name=\"11\"><span class=\"versanumer\">11<\/span><\/a>og Aman upptaldi fyrir \u00feeim s\u00edna r\u00edkd\u00f3msd\u00fdr\u00f0 og fj\u00f6lda sinna barna, og sag\u00f0i fr\u00e1 \u00fev\u00ed hv\u00f6rnig konungurinn hef\u00f0i mikla\u00f0 hann og upphafi\u00f0 yfir alla k\u00f3ngsins h\u00f6f\u00f0ingja og \u00fe\u00e9nara;<a name=\"12\"><span class=\"versanumer\">12<\/span><\/a>og enn fremur sag\u00f0i Aman: ekki l\u00e9t Drottning Ester nokkurn koma me\u00f0 konunginum til gestabo\u00f0s \u00feess, er h\u00fan gj\u00f6r\u00f0i, nema mig, og m\u00e9r er l\u00edka bo\u00f0i\u00f0 til gestabo\u00f0s hennar \u00e1 morgun me\u00f0 konunginum.<a name=\"13\"><span class=\"versanumer\">13<\/span><\/a>En allt fyrir \u00fea\u00f0 er eg \u00fe\u00f3 ekki \u00e1n\u00e6g\u00f0ur \u00e1 me\u00f0an eg s\u00e9 Gy\u00f0inginn Mardokeus sitja \u00ed k\u00f3ngsportinu.<a name=\"14\"><span class=\"versanumer\">14<\/span><\/a>\u00de\u00e1 svara\u00f0i kona hans Seres honum og allir vinir hans: l\u00e1ttu reisa fimmt\u00edu \u00e1lna h\u00e1tt tr\u00e9, og seg konunginum \u00e1 morgun, a\u00f0 Mardokeus ver\u00f0i hengdur \u00e1 \u00fev\u00ed, og kemur \u00fe\u00fa \u00fe\u00e1 gla\u00f0ur til gestabo\u00f0sins me\u00f0 konunginum. \u00deetta f\u00e9ll Aman vel \u00ed ge\u00f0 og l\u00e9t reisa tr\u00e9\u00f0.<\/p>\n<div class=\"footnoteVidey\"><\/div>\n","protected":false},"excerpt":{"rendered":"<p>Ester gengur fyrir k\u00f3nginn og b\u00fd\u00f0ur honum \u00e1samt Aman til veislu; Aman vill r\u00e1\u00f0a Mardokeum af l\u00edfi. 1Og \u00e1 \u00feri\u00f0ja degi skr\u00fdddist Ester konunglegum skr\u00fa\u00f0a og gekk inn \u00ed \u00feann innri forgar\u00f0 hj\u00e1 k\u00f3ngsh\u00f6llinni er gagnvart var k\u00f3ngsh\u00f6llinni, og konungur sat \u00ed s\u00ednu konunglega h\u00e1s\u00e6ti, \u00ed h\u00f6llinni gegnt h\u00fasdyrunum.2En \u00fe\u00e1 konungurinn leit Ester drottningu standa \u00ed forgar\u00f0inum, fann h\u00fan n\u00e1\u00f0 \u00ed augliti hans, og k\u00f3ngurinn r\u00e9tti a\u00f0 Ester \u00fe\u00e1 gulllegu veldissp\u00edru, er hann haf\u00f0i s\u00e9r \u00ed hendi, en h\u00fan gekk a\u00f0 og snart oddinn \u00e1 sp\u00edrunni.3\u00de\u00e1 sag\u00f0i konungurinn vi\u00f0 hana: Ester drottning! hva\u00f0 (gengur a\u00f0) \u00fe\u00e9r? og hv\u00f6rs bei\u00f0ist \u00fe\u00fa? <a href=\"https:\/\/biblian.is\/videy\/esterarbok-5-kafli\/\"> [&#8230;]<\/a><\/p>\n","protected":false},"author":1,"featured_media":0,"parent":0,"menu_order":0,"comment_status":"open","ping_status":"open","template":"bibliukaflar.php","meta":{"footnotes":""},"class_list":["post-21280","page","type-page","status-publish","hentry"],"_links":{"self":[{"href":"https:\/\/biblian.is\/videy\/wp-json\/wp\/v2\/pages\/21280","targetHints":{"allow":["GET"]}}],"collection":[{"href":"https:\/\/biblian.is\/videy\/wp-json\/wp\/v2\/pages"}],"about":[{"href":"https:\/\/biblian.is\/videy\/wp-json\/wp\/v2\/types\/page"}],"author":[{"embeddable":true,"href":"https:\/\/biblian.is\/videy\/wp-json\/wp\/v2\/users\/1"}],"replies":[{"embeddable":true,"href":"https:\/\/biblian.is\/videy\/wp-json\/wp\/v2\/comments?post=21280"}],"version-history":[{"count":0,"href":"https:\/\/biblian.is\/videy\/wp-json\/wp\/v2\/pages\/21280\/revisions"}],"wp:attachment":[{"href":"https:\/\/biblian.is\/videy\/wp-json\/wp\/v2\/media?parent=21280"}],"curies":[{"name":"wp","href":"https:\/\/api.w.org\/{rel}","templated":true}]}}