{"id":21262,"date":"2018-01-02T01:01:05","date_gmt":"2018-01-02T01:01:05","guid":{"rendered":"http:\/\/biblian.is\/videy\/esrabok-10-kafli\/"},"modified":"2018-01-02T01:01:05","modified_gmt":"2018-01-02T01:01:05","slug":"esrabok-10-kafli","status":"publish","type":"page","link":"https:\/\/biblian.is\/videy\/esrabok-10-kafli\/","title":{"rendered":"Esrab\u00f3k 10. kafli"},"content":{"rendered":"<div class=\"fyrirsognVidey\">Gy\u00f0ingarnir skilja sig vi\u00f0 \u00fe\u00e6r \u00fatlendu konur og b\u00f6rn \u00feau er \u00feeir h\u00f6f\u00f0u vi\u00f0 \u00feeim \u00e1tt.<\/div>\n<p><a name=\"1\"><span class=\"versanumer\">1<\/span><\/a>Og sem n\u00fa Esra ba\u00f0 og j\u00e1ta\u00f0i sig gr\u00e1tandi og framfallandi fyrir framan Drottins h\u00fas, \u00fe\u00e1 safna\u00f0ist til hans mikill skari \u00cdsraelsmanna, karlar og konur og b\u00f6rn og gr\u00e9t <span class='VideyAth'>(\u00fe\u00e1)<\/span> f\u00f3lki\u00f0 mikillega.<a name=\"2\"><span class=\"versanumer\">2<\/span><\/a>En Sehania Jehielsson af Elams afkomendum, svara\u00f0i og sag\u00f0i vi\u00f0 Esra: v\u00e9r h\u00f6fum syndga\u00f0 m\u00f3ti Drottni, a\u00f0 v\u00e9r t\u00f3kum oss \u00fatlendar konur af \u00feessa lands \u00fej\u00f3\u00f0um; n\u00fa er \u00feess vegna von um \u00cdsrael <span class='VideyAth'>(a\u00f0 hann b\u00e6ti sig)<\/span>.<a name=\"3\"><span class=\"versanumer\">3<\/span><\/a>Og n\u00fa skulum v\u00e9r gj\u00f6ra s\u00e1ttm\u00e1la vi\u00f0 Drottin vorn, a\u00f0 reka burtu allar kvinnur og b\u00f6rnin vi\u00f0 \u00feeim, eftir r\u00e1\u00f0um herra m\u00edns <span class='VideyAth'>a)<\/span> og \u00feeirra sem \u00f3ttast skipanir Gu\u00f0s vors, svo a\u00f0 l\u00f6gunum ver\u00f0i hl\u00fdtt.<a name=\"4\"><span class=\"versanumer\">4<\/span><\/a>Stattu n\u00fa upp \u00fev\u00ed \u00feetta liggur \u00fe\u00e9r \u00e1 her\u00f0um, og v\u00e9r viljum hj\u00e1lpa \u00fe\u00e9r, vertu sterkur og framkv\u00e6m \u00feetta.<a name=\"5\"><span class=\"versanumer\">5<\/span><\/a>Og Esra st\u00f3\u00f0 upp og t\u00f3k ei\u00f0 af \u00feeim yppurstu af prestunum, Lev\u00edtunum og \u00f6llum \u00cdsrael, a\u00f0 \u00feeir vildu gj\u00f6ra eins og sagt var og \u00feeir f\u00f3ru.<a name=\"6\"><span class=\"versanumer\">6<\/span><\/a>Og Esra t\u00f3k sig upp fr\u00e1 Gu\u00f0s h\u00fasi og gekk til herbergis Eliasibs sonar J\u00f3hanans, \u00feanga\u00f0 gekk hann og neytti hv\u00f6rki brau\u00f0s n\u00e9 drakk vatn, \u00fev\u00ed hann var hryggur sakir misgj\u00f6r\u00f0ar \u00feeirra, sem \u00far \u00fatleg\u00f0inni h\u00f6f\u00f0u komi\u00f0,<a name=\"7\"><span class=\"versanumer\">7<\/span><\/a>og hann l\u00e9t \u00fathr\u00f3pa \u00ed J\u00fadeu og Jer\u00fasalem \u00e1 me\u00f0al allra \u00feeirra er \u00far \u00fatleg\u00f0inni voru komnir a\u00f0 \u00feeir skyldu samansafnast \u00ed Jer\u00fasalem;<a name=\"8\"><span class=\"versanumer\">8<\/span><\/a>og s\u00e9rhv\u00f6r sem ekki kom innan \u00feriggja daga eftir r\u00e1\u00f0st\u00f6fun hinna yppurstu og \u00f6ldunganna, a\u00f0 allar hans eigur skyldu falla til helgid\u00f3msins og hann skyldi \u00fatilokast fr\u00e1 samkundu hinna sem \u00far \u00fatleg\u00f0inni komu,<a name=\"9\"><span class=\"versanumer\">9<\/span><\/a>og allir menn af J\u00fada- og Benjam\u00edn<span class='VideyAth'>(\u00e6ttkv\u00edsl)<\/span> samans\u00f6fnu\u00f0ust \u00ed Jer\u00fasalem innan \u00feriggja daga <span class='VideyAth'>(\u00fe\u00e1 var s\u00e1 n\u00edundi m\u00e1nu\u00f0ur b), en dagurinn s\u00e1 tuttugasti \u00ed m\u00e1nu\u00f0inum)<\/span> og allt f\u00f3lki\u00f0 sat \u00e1 fl\u00f6tnum fyrir framan Gu\u00f0s h\u00fas, skj\u00e1lfandi vegna skipunarinnar og vegna st\u00f3rrigningarinnar,<a name=\"10\"><span class=\"versanumer\">10<\/span><\/a>og presturinn Esra st\u00f3\u00f0 upp og sag\u00f0i til \u00feeirra: \u00fe\u00e9r hafi\u00f0 breytt sviksamlega \u00ed \u00fev\u00ed a\u00f0 taka y\u00f0ur \u00fatlendar konur, svo b\u00e6ttist vi\u00f0 sekt \u00cdsraels;<a name=\"11\"><span class=\"versanumer\">11<\/span><\/a>og gj\u00f6ri\u00f0 n\u00fa y\u00f0ar j\u00e1tningu fyrir Gu\u00f0i, Drottni fe\u00f0ra vorra og gj\u00f6ri\u00f0 hans vild og skilji\u00f0 y\u00f0ur fr\u00e1 \u00fej\u00f3\u00f0um landsins og fr\u00e1 \u00feeim \u00fatlendu konum.<a name=\"12\"><span class=\"versanumer\">12<\/span><\/a>Og allur s\u00e1 samankomni m\u00fagur svara\u00f0i og sag\u00f0i me\u00f0 h\u00e1rri r\u00f6ddu: \u00feannig, sem \u00fe\u00fa hefir sagt, ber oss a\u00f0 breyta;<a name=\"13\"><span class=\"versanumer\">13<\/span><\/a>en f\u00f3lki\u00f0 er margt og rigningat\u00edmi og hefur ekki \u00ferek til a\u00f0 standa \u00fati og \u00feetta er ekki eins e\u00f0ur tveggja daga starf, \u00fev\u00ed \u00feeir eru margir sem hafa syndga\u00f0 \u00ed \u00feessu efni.<a name=\"14\"><span class=\"versanumer\">14<\/span><\/a>L\u00e1ti\u00f0 \u00fev\u00ed sj\u00e1 og tilsetji\u00f0 yfirmenn yfir allan s\u00f6fnu\u00f0inn og s\u00e9rhv\u00f6r \u00ed vorum borgum, sem hefir teki\u00f0 \u00fatlendar konur, hann m\u00e6ti \u00e1 tilteknum t\u00edma og me\u00f0 honum \u00f6ldungar s\u00e9rhv\u00f6rrar borgar og hennar d\u00f3mendur, allt \u00feanga\u00f0 til a\u00f0 rei\u00f0i Gu\u00f0s vors fyrir \u00feess s\u00f6k sn\u00fdst fr\u00e1 oss.<a name=\"15\"><span class=\"versanumer\">15<\/span><\/a>Einungis J\u00f3natan sonur Asahaels og Jahesia Tikvasonur settu sig gegn \u00feessu, og Mesulam og Sabtai Lev\u00edti st\u00f3\u00f0 me\u00f0 \u00feeim.<a name=\"16\"><span class=\"versanumer\">16<\/span><\/a>En \u00feeir, sem \u00far \u00fatleg\u00f0inni voru komnir, gj\u00f6r\u00f0u <span class='VideyAth'>(eins og sagt var)<\/span> og v\u00f6ldu \u00feeir Esra prest og nokkra menn, \u00fe\u00e1 helstu \u00e6ttfe\u00f0ur \u00ed hv\u00f6rri \u00e6tt, alla me\u00f0 n\u00f6fnum, og h\u00e9ldu \u00feeir samkomu s\u00edna \u00e1 fyrsta degi ens t\u00edunda m\u00e1na\u00f0ar <span class='VideyAth'>a)<\/span> til a\u00f0 rannsaka \u00feetta m\u00e1l,<a name=\"17\"><span class=\"versanumer\">17<\/span><\/a>og var \u00fatklj\u00e1\u00f0 um alla \u00fe\u00e1 menn, sem teki\u00f0 h\u00f6f\u00f0u \u00fatlendar konur, \u00e1 fyrsta degi \u00ed enum fyrsta m\u00e1nu\u00f0i <span class='VideyAth'>b)<\/span>.<a name=\"18\"><span class=\"versanumer\">18<\/span><\/a>\u00c1 me\u00f0al afkomenda prestanna fundust \u00feessir a\u00f0 hafa teki\u00f0 \u00fatlendar konur: af sonum Jes\u00faa J\u00f3sadakssonar og hans br\u00e6\u00f0ra, Maeseia og Elieser og Jarib og Gedalia.<a name=\"19\"><span class=\"versanumer\">19<\/span><\/a>Og \u00feessir lofu\u00f0u me\u00f0 handsali a\u00f0 l\u00e1ta fr\u00e1 s\u00e9r konur s\u00ednar og \u00feeir framb\u00e1ru hr\u00fat til f\u00f3rnar fyrir \u00e1vir\u00f0ingu s\u00edna.<a name=\"20\"><span class=\"versanumer\">20<\/span><\/a>Af Immers afkomendum: Hanani og Sebadia.<a name=\"21\"><span class=\"versanumer\">21<\/span><\/a>Af afkomendum Harams: Maeseia, Elia, Semaia, Jehiel, og Ussia.<a name=\"22\"><span class=\"versanumer\">22<\/span><\/a>Af Fahurs afkomendum: Elioenai, Maeseia, \u00cdsmael, Nathanael, J\u00f3sabad og Elasa.<a name=\"23\"><span class=\"versanumer\">23<\/span><\/a>Og \u00e1 me\u00f0al Lev\u00edtanna: J\u00f3sabad, Simei, Kelaia <span class='VideyAth'>(sem l\u00edka heitir Kelita)<\/span>, Fetahia, J\u00fada og Elieser.<a name=\"24\"><span class=\"versanumer\">24<\/span><\/a>Af s\u00f6ngvurunum Eliasib, af dyrav\u00f6r\u00f0unum Sallum, Telem og Uri.<a name=\"25\"><span class=\"versanumer\">25<\/span><\/a>Af \u00cdsrael af Faross afkomendum: Ramia, Jisija, Malkia, Mijaman, Eleasar, Malkia, Benaja.<a name=\"26\"><span class=\"versanumer\">26<\/span><\/a>Af Elams afkomendum: Matania, Sakaria, Jehiel, Abdi, Jerimot og Elia.<a name=\"27\"><span class=\"versanumer\">27<\/span><\/a>Af Satthus afkomendum: Elioenai, Eliasib, Matthania, Jeremot, Sabad og Asisa.<a name=\"28\"><span class=\"versanumer\">28<\/span><\/a>Af Beba\u00ed afkomendum: J\u00f3hanan, Hanania, Sabbai og Atai.<a name=\"29\"><span class=\"versanumer\">29<\/span><\/a>Af Bani afkomendum: Mesullam, Mallu, Adaia, Jasub, Seal og Ramot.<a name=\"30\"><span class=\"versanumer\">30<\/span><\/a>Af Fahat Moabs afkomendum: Adna, Heal, Benaia, Maeseia, Matthania, Besaleel, Binnui og Manasse.<a name=\"31\"><span class=\"versanumer\">31<\/span><\/a>Af Harims afkomendum: Elieser, Jisia, Malkia, Semaia, Simeon.<a name=\"32\"><span class=\"versanumer\">32<\/span><\/a>Benjam\u00edn, Mallu, Semaia.<a name=\"33\"><span class=\"versanumer\">33<\/span><\/a>Af Hasums afkomendum: Matnai, Mattata, Sabad, Etifelet, Jeremai, Manasse, Simei.<a name=\"34\"><span class=\"versanumer\">34<\/span><\/a>Af Bani afkomendum: Maedai, Amram, Uel,<a name=\"35\"><span class=\"versanumer\">35<\/span><\/a>Benaia, Bedia, Keluhi,<a name=\"36\"><span class=\"versanumer\">36<\/span><\/a>Bania, Meremot, Eliasib,<a name=\"37\"><span class=\"versanumer\">37<\/span><\/a>Matthania, Matnai, Jaasai,<a name=\"38\"><span class=\"versanumer\">38<\/span><\/a>Bani, Binnui, Simei,<a name=\"39\"><span class=\"versanumer\">39<\/span><\/a>Selamia, Natan, Adaia,<a name=\"40\"><span class=\"versanumer\">40<\/span><\/a>Maknadbai, Sasai, Sarai,<a name=\"41\"><span class=\"versanumer\">41<\/span><\/a>Afarel, Selemia, Semaria,<a name=\"42\"><span class=\"versanumer\">42<\/span><\/a>Sallum, Amaria, J\u00f3sef.<a name=\"43\"><span class=\"versanumer\">43<\/span><\/a>Af Nebos innb\u00faum: Jeiel, Matthitia, Sabad, Sebina, Jaddai, J\u00f3el, Benaia.<a name=\"44\"><span class=\"versanumer\">44<\/span><\/a>Allir \u00feessir h\u00f6f\u00f0u teki\u00f0 s\u00e9r \u00fatlendar kvinnur og nokkrar af \u00feeim h\u00f6f\u00f0u syni ali\u00f0.<\/p>\n<div class=\"footnoteVidey\">V. 3. a. \u00de. e. Esras.  V. 9. b. \u00de. e. desember, \u00fe\u00e1 er regnve\u00f0ur vanalegt \u00ed Gy\u00f0ingalandi.  V. 16. a. \u00de. e. jan\u00faar.  V. 17. b. \u00de. e. apr\u00edl.<\/div>\n","protected":false},"excerpt":{"rendered":"<p>Gy\u00f0ingarnir skilja sig vi\u00f0 \u00fe\u00e6r \u00fatlendu konur og b\u00f6rn \u00feau er \u00feeir h\u00f6f\u00f0u vi\u00f0 \u00feeim \u00e1tt. 1Og sem n\u00fa Esra ba\u00f0 og j\u00e1ta\u00f0i sig gr\u00e1tandi og framfallandi fyrir framan Drottins h\u00fas, \u00fe\u00e1 safna\u00f0ist til hans mikill skari \u00cdsraelsmanna, karlar og konur og b\u00f6rn og gr\u00e9t (\u00fe\u00e1) f\u00f3lki\u00f0 mikillega.2En Sehania Jehielsson af Elams afkomendum, svara\u00f0i og sag\u00f0i vi\u00f0 Esra: v\u00e9r h\u00f6fum syndga\u00f0 m\u00f3ti Drottni, a\u00f0 v\u00e9r t\u00f3kum oss \u00fatlendar konur af \u00feessa lands \u00fej\u00f3\u00f0um; n\u00fa er \u00feess vegna von um \u00cdsrael (a\u00f0 hann b\u00e6ti sig).3Og n\u00fa skulum v\u00e9r gj\u00f6ra s\u00e1ttm\u00e1la vi\u00f0 Drottin vorn, a\u00f0 reka burtu allar kvinnur og b\u00f6rnin vi\u00f0 <a href=\"https:\/\/biblian.is\/videy\/esrabok-10-kafli\/\"> [&#8230;]<\/a><\/p>\n","protected":false},"author":1,"featured_media":0,"parent":0,"menu_order":0,"comment_status":"open","ping_status":"open","template":"bibliukaflar.php","meta":{"footnotes":""},"class_list":["post-21262","page","type-page","status-publish","hentry"],"_links":{"self":[{"href":"https:\/\/biblian.is\/videy\/wp-json\/wp\/v2\/pages\/21262","targetHints":{"allow":["GET"]}}],"collection":[{"href":"https:\/\/biblian.is\/videy\/wp-json\/wp\/v2\/pages"}],"about":[{"href":"https:\/\/biblian.is\/videy\/wp-json\/wp\/v2\/types\/page"}],"author":[{"embeddable":true,"href":"https:\/\/biblian.is\/videy\/wp-json\/wp\/v2\/users\/1"}],"replies":[{"embeddable":true,"href":"https:\/\/biblian.is\/videy\/wp-json\/wp\/v2\/comments?post=21262"}],"version-history":[{"count":0,"href":"https:\/\/biblian.is\/videy\/wp-json\/wp\/v2\/pages\/21262\/revisions"}],"wp:attachment":[{"href":"https:\/\/biblian.is\/videy\/wp-json\/wp\/v2\/media?parent=21262"}],"curies":[{"name":"wp","href":"https:\/\/api.w.org\/{rel}","templated":true}]}}