{"id":21257,"date":"2018-01-02T01:01:05","date_gmt":"2018-01-02T01:01:05","guid":{"rendered":"http:\/\/biblian.is\/videy\/esrabok-5-kafli\/"},"modified":"2018-01-02T01:01:05","modified_gmt":"2018-01-02T01:01:05","slug":"esrabok-5-kafli","status":"publish","type":"page","link":"https:\/\/biblian.is\/videy\/esrabok-5-kafli\/","title":{"rendered":"Esrab\u00f3k 5. kafli"},"content":{"rendered":"<div class=\"fyrirsognVidey\">Sp\u00e1mennirnir Hagga\u00ed og Sakkar\u00edas hvetja til a\u00f0 halda \u00e1fram byggingu musterisins og er Dariusi skrifa\u00f0 \u00fear um.<\/div>\n<p><a name=\"1\"><span class=\"versanumer\">1<\/span><\/a>Og sp\u00e1ma\u00f0urinn Hagga\u00ed og sp\u00e1ma\u00f0urinn Sakkar\u00edas Iddoson t\u00f6lu\u00f0u \u00ed \u00cdsraels Gu\u00f0s nafni til Gy\u00f0inganna sem voru \u00ed J\u00fadeu og \u00ed Jer\u00fasalem.<a name=\"2\"><span class=\"versanumer\">2<\/span><\/a>Og strax bjuggu \u00feeir S\u00f3r\u00f3babel Salatielsson og Jes\u00faa J\u00f3sadaksson sig til og f\u00f3ru a\u00f0 byggja Drottins h\u00fas \u00ed Jer\u00fasalem og Gu\u00f0s \u00feessa sp\u00e1menn me\u00f0 \u00feeim, sem a\u00f0sto\u00f0u\u00f0u \u00fe\u00e1.<a name=\"3\"><span class=\"versanumer\">3<\/span><\/a>\u00c1 \u00feeim t\u00edma kom til \u00feeirra Tatna landsh\u00f6f\u00f0inginn hinumegin flj\u00f3tsins, Star-Bosnai og \u00feeirra emb\u00e6ttisbr\u00e6\u00f0ur og m\u00e6ltu svofelldum or\u00f0um vi\u00f0 \u00fe\u00e1: hv\u00f6r hefir skipa\u00f0 ykkur a\u00f0 byggja \u00feetta h\u00fas og fullgj\u00f6ra \u00feennan m\u00far?<a name=\"4\"><span class=\"versanumer\">4<\/span><\/a>S\u00ed\u00f0an s\u00f6g\u00f0um v\u00e9r \u00feeim enn framar hv\u00f6r v\u00e6ru n\u00f6fn \u00feeirra manna sem bygg\u00f0u \u00feessa byggingu.<a name=\"5\"><span class=\"versanumer\">5<\/span><\/a>En auga Drottins var yfir \u00f6ldungum Gy\u00f0inganna og ekki hindru\u00f0u \u00feeir \u00fe\u00e1, \u00feanga\u00f0 til \u00farskur\u00f0ur Dariusar kom, \u00fe\u00e1 br\u00e9f kom aftur til \u00feeirra.<a name=\"6\"><span class=\"versanumer\">6<\/span><\/a>\u00deannig hlj\u00f3\u00f0ar br\u00e9fi\u00f0 sem a\u00f0 Tatnai landsh\u00f6f\u00f0ingi hinumegin flj\u00f3tsins og Star-Bosnai og \u00feeirra f\u00e9lagar fr\u00e1 Afarsaka, sem er fyrir handan flj\u00f3ti\u00f0, sendu til Dariusar k\u00f3ngs.<a name=\"7\"><span class=\"versanumer\">7<\/span><\/a>Br\u00e9fi\u00f0 sendu \u00feeir til hans og var \u00feannig \u00ed \u00fev\u00ed skrifa\u00f0: hv\u00f6rs kyns heill Dariusi konungi!<a name=\"8\"><span class=\"versanumer\">8<\/span><\/a>\u00dea\u00f0 s\u00e9 konunginum h\u00e9r me\u00f0 gefi\u00f0 til vitundar: a\u00f0 v\u00e9r h\u00f6fum fer\u00f0ast til J\u00fadeu-skattlands, til h\u00fass ens mikla Gu\u00f0s og er \u00fea\u00f0 uppbyggt af st\u00f3rum steinum og bj\u00e1lkar veggjanna tilb\u00fanir og vinna menn kostg\u00e6filega a\u00f0 verkinu, og ver\u00f0ur \u00fev\u00ed vel framgengt.<a name=\"9\"><span class=\"versanumer\">9<\/span><\/a>Jafnframt spur\u00f0um v\u00e9r \u00f6ldungana og m\u00e6ltum \u00feannig vi\u00f0 \u00fe\u00e1: hv\u00f6r hefir gefi\u00f0 y\u00f0ur \u00fe\u00e1 skipan a\u00f0 byggja \u00feetta h\u00fas og a\u00f0 fullgj\u00f6ra \u00feessa m\u00fara?<a name=\"10\"><span class=\"versanumer\">10<\/span><\/a>L\u00edka spur\u00f0um v\u00e9r \u00fe\u00e1 um n\u00f6fn s\u00edn til a\u00f0 kunngj\u00f6ra \u00fe\u00e9r \u00feau, og svo a\u00f0 v\u00e9r g\u00e6tum skrifa\u00f0 n\u00f6fn \u00feeirra sem eru \u00ed t\u00f6lu \u00feeirra fyrirli\u00f0a,<a name=\"11\"><span class=\"versanumer\">11<\/span><\/a>og var meining svars \u00feess er \u00feeir g\u00e1fu \u00e1 \u00feennan h\u00e1tt: v\u00e9r erum d\u00fdrkendur Gu\u00f0s himinsins og jar\u00f0arinnar og byggjum \u00fea\u00f0 h\u00fas sem fyrri hefur byggt veri\u00f0, fyrir m\u00f6rgum \u00e1rum, og bygg\u00f0i \u00fea\u00f0 voldugur \u00cdsraelskonungur og umgirti \u00fea\u00f0.<a name=\"12\"><span class=\"versanumer\">12<\/span><\/a>En eftir a\u00f0 forfe\u00f0ur vorir h\u00f6f\u00f0u egnt Drottin himinsins til rei\u00f0i, ofurgaf hann \u00fe\u00e1 \u00ed hendur Neb\u00fakadnesars k\u00f3ngs \u00ed Babel, ens kaldeiska, hv\u00f6r e\u00f0 ni\u00f0urbraut \u00feetta musteri og flutti f\u00f3lki\u00f0 til Babylonar.<a name=\"13\"><span class=\"versanumer\">13<\/span><\/a>En \u00e1 fyrsta \u00e1ri S\u00fdrusar k\u00f3ngs \u00ed Babylon \u00fatgaf S\u00fdrus k\u00f3ngur \u00fe\u00e1 skipan a\u00f0 byggja \u00feetta Gu\u00f0s musteri.<a name=\"14\"><span class=\"versanumer\">14<\/span><\/a>Og svo kerin sem tilheyr\u00f0u Gu\u00f0s h\u00fasi, sem voru \u00far gulli og silfri, sem Neb\u00fakadnesar haf\u00f0i teki\u00f0 \u00far musterinu sem var \u00ed Jer\u00fasalem og flutt til musterisins \u00ed Babylon, \u00feau l\u00e9t S\u00fdrus k\u00f3ngur taka \u00fat \u00far musterinu \u00ed Babylon og voru \u00feau afhent Sesbasar <span class='VideyAth'>a)<\/span> a\u00f0 heiti, sem hann setti \u00fear til landsh\u00f6f\u00f0ingja.<a name=\"15\"><span class=\"versanumer\">15<\/span><\/a>Og hann sag\u00f0i honum: tak \u00feessi ker, far \u00fe\u00fa upp \u00feanga\u00f0 og flyttu \u00feau \u00ed musteri\u00f0, \u00ed Jer\u00fasalem, og bygg\u00f0u Gu\u00f0s h\u00fas \u00e1 s\u00ednum sta\u00f0.<a name=\"16\"><span class=\"versanumer\">16<\/span><\/a>Og jafnsnart f\u00f3r \u00feessi Sesbasar og lag\u00f0i grundv\u00f6ll til \u00feessa Gu\u00f0s h\u00fass \u00ed Jer\u00fasalem og upp fr\u00e1 \u00feeim t\u00edma og allt hinga\u00f0 til h\u00f6fum v\u00e9r veri\u00f0 a\u00f0 byggja, en h\u00f6fum enn n\u00fa ekki loki\u00f0 \u00fev\u00ed.<a name=\"17\"><span class=\"versanumer\">17<\/span><\/a>Og n\u00fa, ef k\u00f3nginum svo \u00fe\u00f3knast, \u00fe\u00e1 l\u00e1ti hann leita \u00ed fj\u00e1rhirslu k\u00f3ngsins sem er \u00ed Babylon, hv\u00f6rt ekki er svo, a\u00f0 bo\u00f0or\u00f0 s\u00e9 \u00fatgengi\u00f0 fr\u00e1 S\u00fdrusi k\u00f3ngi, a\u00f0 byggja \u00feetta Gu\u00f0s h\u00fas \u00ed Jer\u00fasalem, og l\u00e1ti k\u00f3ngurinn oss svo vita vild s\u00edna.<\/p>\n<div class=\"footnoteVidey\">V. 14. a. Svolei\u00f0is meina menn a\u00f0 S\u00f3r\u00f3babel hafi veri\u00f0 kalla\u00f0ur \u00ed Persiu.<\/div>\n","protected":false},"excerpt":{"rendered":"<p>Sp\u00e1mennirnir Hagga\u00ed og Sakkar\u00edas hvetja til a\u00f0 halda \u00e1fram byggingu musterisins og er Dariusi skrifa\u00f0 \u00fear um. 1Og sp\u00e1ma\u00f0urinn Hagga\u00ed og sp\u00e1ma\u00f0urinn Sakkar\u00edas Iddoson t\u00f6lu\u00f0u \u00ed \u00cdsraels Gu\u00f0s nafni til Gy\u00f0inganna sem voru \u00ed J\u00fadeu og \u00ed Jer\u00fasalem.2Og strax bjuggu \u00feeir S\u00f3r\u00f3babel Salatielsson og Jes\u00faa J\u00f3sadaksson sig til og f\u00f3ru a\u00f0 byggja Drottins h\u00fas \u00ed Jer\u00fasalem og Gu\u00f0s \u00feessa sp\u00e1menn me\u00f0 \u00feeim, sem a\u00f0sto\u00f0u\u00f0u \u00fe\u00e1.3\u00c1 \u00feeim t\u00edma kom til \u00feeirra Tatna landsh\u00f6f\u00f0inginn hinumegin flj\u00f3tsins, Star-Bosnai og \u00feeirra emb\u00e6ttisbr\u00e6\u00f0ur og m\u00e6ltu svofelldum or\u00f0um vi\u00f0 \u00fe\u00e1: hv\u00f6r hefir skipa\u00f0 ykkur a\u00f0 byggja \u00feetta h\u00fas og fullgj\u00f6ra \u00feennan m\u00far?4S\u00ed\u00f0an s\u00f6g\u00f0um v\u00e9r \u00feeim enn <a href=\"https:\/\/biblian.is\/videy\/esrabok-5-kafli\/\"> [&#8230;]<\/a><\/p>\n","protected":false},"author":1,"featured_media":0,"parent":0,"menu_order":0,"comment_status":"open","ping_status":"open","template":"bibliukaflar.php","meta":{"footnotes":""},"class_list":["post-21257","page","type-page","status-publish","hentry"],"_links":{"self":[{"href":"https:\/\/biblian.is\/videy\/wp-json\/wp\/v2\/pages\/21257","targetHints":{"allow":["GET"]}}],"collection":[{"href":"https:\/\/biblian.is\/videy\/wp-json\/wp\/v2\/pages"}],"about":[{"href":"https:\/\/biblian.is\/videy\/wp-json\/wp\/v2\/types\/page"}],"author":[{"embeddable":true,"href":"https:\/\/biblian.is\/videy\/wp-json\/wp\/v2\/users\/1"}],"replies":[{"embeddable":true,"href":"https:\/\/biblian.is\/videy\/wp-json\/wp\/v2\/comments?post=21257"}],"version-history":[{"count":0,"href":"https:\/\/biblian.is\/videy\/wp-json\/wp\/v2\/pages\/21257\/revisions"}],"wp:attachment":[{"href":"https:\/\/biblian.is\/videy\/wp-json\/wp\/v2\/media?parent=21257"}],"curies":[{"name":"wp","href":"https:\/\/api.w.org\/{rel}","templated":true}]}}