{"id":21255,"date":"2018-01-02T01:01:05","date_gmt":"2018-01-02T01:01:05","guid":{"rendered":"http:\/\/biblian.is\/videy\/esrabok-3-kafli\/"},"modified":"2018-01-02T01:01:05","modified_gmt":"2018-01-02T01:01:05","slug":"esrabok-3-kafli","status":"publish","type":"page","link":"https:\/\/biblian.is\/videy\/esrabok-3-kafli\/","title":{"rendered":"Esrab\u00f3k 3. kafli"},"content":{"rendered":"<div class=\"fyrirsognVidey\">\u00c1 laufsk\u00e1lah\u00e1t\u00ed\u00f0inni fyrsta \u00e1ri\u00f0 var altari\u00f0 byggt og \u00e1ri\u00f0 eftir grundv\u00f6llurinn til musterisins lag\u00f0ur.<\/div>\n<p><a name=\"1\"><span class=\"versanumer\">1<\/span><\/a>Sem n\u00fa sj\u00f6undi m\u00e1nu\u00f0urinn <span class='VideyAth'>d)<\/span> n\u00e1lga\u00f0ist og \u00cdsraelsmenn voru hv\u00f6r \u00ed sinni borg, \u00fe\u00e1 samansafna\u00f0ist f\u00f3lki\u00f0 l\u00edka sem einn ma\u00f0ur til Jer\u00fasalem.<a name=\"2\"><span class=\"versanumer\">2<\/span><\/a>En Jes\u00faa J\u00f3sadaksson og br\u00e6\u00f0ur hans prestarnir og S\u00f3r\u00f3babel Sealtielsson og br\u00e6\u00f0ur hans bygg\u00f0u \u00cdsraels Gu\u00f0i altari, svo a\u00f0 honum \u00fear \u00e1 yr\u00f0u f\u00e6r\u00f0ar brennif\u00f3rnir eftir \u00fev\u00ed sem fyrirskrifa\u00f0 var \u00ed l\u00f6gm\u00e1li M\u00f3sis, \u00feess gu\u00f0smanns,<a name=\"3\"><span class=\"versanumer\">3<\/span><\/a>og settu \u00fea\u00f0 \u00fear sem \u00fea\u00f0 \u00e1\u00f0ur haf\u00f0i sta\u00f0i\u00f0, <span class='VideyAth'>(\u00fev\u00ed \u00feeir h\u00f6f\u00f0u felmtur fyrir \u00fej\u00f3\u00f0um (hei\u00f0nu) landanna)<\/span>, og menn framb\u00e1ru \u00fear Drottni brennif\u00f3rnir, morgun- og kv\u00f6ldf\u00f3rnir.<a name=\"4\"><span class=\"versanumer\">4<\/span><\/a>\u00deeir h\u00e9ldu og laufsk\u00e1lah\u00e1t\u00ed\u00f0ina eftir \u00fev\u00ed sem fyrirskrifa\u00f0 var og framb\u00e1ru daglegar f\u00f3rnir eftir r\u00e9ttri r\u00f6\u00f0, \u00e1 hv\u00f6rjum degi h\u00e1t\u00ed\u00f0arinnar eins og fyrirskrifa\u00f0 var,<a name=\"5\"><span class=\"versanumer\">5<\/span><\/a>s\u00ed\u00f0an einnig \u00fe\u00e6r daglegu brennif\u00f3rnir og f\u00f3rnir tunglkomuh\u00e1t\u00ed\u00f0anna og allra \u00feeirra h\u00e1t\u00ed\u00f0a sem Drottni voru helga\u00f0ar og af \u00f6llu \u00fev\u00ed sem menn fr\u00edviljuglega g\u00e1fu Drottni.<a name=\"6\"><span class=\"versanumer\">6<\/span><\/a>Fr\u00e1 fyrsta deginum \u00ed sj\u00f6unda m\u00e1nu\u00f0inum byrju\u00f0u \u00feeir a\u00f0 f\u00e6ra Drottni brennif\u00f3rnir, en ekki var enn \u00fe\u00e1 b\u00fai\u00f0 a\u00f0 leggja grundv\u00f6ll musterisins.<a name=\"7\"><span class=\"versanumer\">7<\/span><\/a>N\u00fa g\u00e1fu \u00feeir sem tr\u00e9n \u00e1ttu a\u00f0 h\u00f6ggva og smi\u00f0unum peninga og vistir og drykk og vi\u00f0smj\u00f6r, en \u00feeim \u00ed S\u00eddon og T\u00fdrus <span class='VideyAth'>e)<\/span> fyrir a\u00f0 flytja sedrustr\u00e9 fr\u00e1 Libanonsfjallgar\u00f0i sj\u00f3lei\u00f0is til Jaffa <span class='VideyAth'>f)<\/span> samkv\u00e6mt S\u00fdrusar Persak\u00f3ngs leyfi \u00feeim til handa.<a name=\"8\"><span class=\"versanumer\">8<\/span><\/a>En \u00e1 \u00f6\u00f0ru \u00e1rinu fr\u00e1 \u00fev\u00ed \u00feeir komu til Drottins h\u00fass \u00ed Jer\u00fasalem, \u00ed \u00f6\u00f0rum m\u00e1nu\u00f0inum, \u00fe\u00e1 byrju\u00f0u \u00feeir S\u00f3r\u00f3babel Sealtielsson og Jes\u00faa sonur J\u00f3sadaks og hinir a\u00f0rir af br\u00e6\u00f0rum \u00feeirra, prestarnir og Lev\u00edtarnir og allir \u00feeir er komnir voru \u00far \u00fatleg\u00f0inni til Jer\u00fasalem, \u00e1 \u00fev\u00ed a\u00f0 tilsetja Lev\u00edta, tv\u00edtuga og \u00fear yfir, til a\u00f0 standa fyrir byggingu Drottins h\u00fass.<a name=\"9\"><span class=\"versanumer\">9<\/span><\/a>Og Jes\u00faa, synir hans og br\u00e6\u00f0ur hans, Kadmiel og synir hans og J\u00fad\u00e6synir, t\u00f3ku sig saman til a\u00f0 hafa umsj\u00f3n yfir \u00feeim sem unnu a\u00f0 byggingu Gu\u00f0s musteris; Henadads\u00e6tt, synir hans og br\u00e6\u00f0ur og Lev\u00edtarnir,<a name=\"10\"><span class=\"versanumer\">10<\/span><\/a>og n\u00fa l\u00f6g\u00f0u uppbyggendurnir grundv\u00f6llinn til Jeh\u00f3va musteris og l\u00e9tu prestana stranda \u00fear \u00ed emb\u00e6ttisskr\u00fa\u00f0a me\u00f0 b\u00e1s\u00fanum, og Lev\u00edtana, Asafsafkomendur, me\u00f0 bj\u00f6llum, til a\u00f0 vegsama Drottin eftir fyrirs\u00f6gn Dav\u00ed\u00f0s \u00cdsraelskonungs.<a name=\"11\"><span class=\"versanumer\">11<\/span><\/a>Og \u00feeir skiptust til a\u00f0 lofa og vegsama Drottin, af \u00fev\u00ed hann er g\u00f3\u00f0ur og hans miskunn vi\u00f0 \u00cdsrael er endalaus, og allt f\u00f3lki\u00f0 \u00e6pti miki\u00f0 gle\u00f0i\u00f3p til a\u00f0 vegsama Drottin, \u00feegar grundv\u00f6llurinn a\u00f0 Drottins h\u00fasi var lag\u00f0ur.<a name=\"12\"><span class=\"versanumer\">12<\/span><\/a>En margir af prestunum og Lev\u00edtunum og \u00e6ttfe\u00f0runum g\u00f6mlu, sem h\u00f6f\u00f0u s\u00e9\u00f0 hi\u00f0 fyrra Gu\u00f0s h\u00fas, gr\u00e9tu h\u00e1st\u00f6fum \u00feegar grundv\u00f6llur \u00feessa h\u00fass var lag\u00f0ur fyrir augum \u00feeirra, en margir \u00e6ptu l\u00edka fagna\u00f0ar\u00f3pi fyrir gle\u00f0i sakir,<a name=\"13\"><span class=\"versanumer\">13<\/span><\/a>og g\u00e1tu menn ekki a\u00f0greint fagna\u00f0ar- og gle\u00f0i\u00f3pi\u00f0 fr\u00e1 r\u00f6dd enna gr\u00e1tandi, \u00fev\u00ed f\u00f3lki\u00f0 \u00e6pti miki\u00f0 h\u00e1tt fagna\u00f0ar\u00f3pi\u00f0, svo a\u00f0 hlj\u00f3murinn heyr\u00f0ist langt \u00ed burtu.<\/p>\n<div class=\"footnoteVidey\">V. 1. d. Er sama sem okt\u00f3ber hj\u00e1 okkur. Laufsk\u00e1lah\u00e1t\u00ed\u00f0in \u00ed honum mi\u00f0jum.  V. 7. e. \u00cd \u00feessum st\u00f6\u00f0um engin akuryrkja og keyptu \u00fev\u00ed korn og \u00feessh\u00e1ttar hj\u00e1 Gy\u00f0ingum fyrir sedrustr\u00e9. f. Jaffa l\u00edklega sama sem Joppe, sta\u00f0ur vi\u00f0 sj\u00f3inn vestur undan Jer\u00fasalem.<\/div>\n","protected":false},"excerpt":{"rendered":"<p>\u00c1 laufsk\u00e1lah\u00e1t\u00ed\u00f0inni fyrsta \u00e1ri\u00f0 var altari\u00f0 byggt og \u00e1ri\u00f0 eftir grundv\u00f6llurinn til musterisins lag\u00f0ur. 1Sem n\u00fa sj\u00f6undi m\u00e1nu\u00f0urinn d) n\u00e1lga\u00f0ist og \u00cdsraelsmenn voru hv\u00f6r \u00ed sinni borg, \u00fe\u00e1 samansafna\u00f0ist f\u00f3lki\u00f0 l\u00edka sem einn ma\u00f0ur til Jer\u00fasalem.2En Jes\u00faa J\u00f3sadaksson og br\u00e6\u00f0ur hans prestarnir og S\u00f3r\u00f3babel Sealtielsson og br\u00e6\u00f0ur hans bygg\u00f0u \u00cdsraels Gu\u00f0i altari, svo a\u00f0 honum \u00fear \u00e1 yr\u00f0u f\u00e6r\u00f0ar brennif\u00f3rnir eftir \u00fev\u00ed sem fyrirskrifa\u00f0 var \u00ed l\u00f6gm\u00e1li M\u00f3sis, \u00feess gu\u00f0smanns,3og settu \u00fea\u00f0 \u00fear sem \u00fea\u00f0 \u00e1\u00f0ur haf\u00f0i sta\u00f0i\u00f0, (\u00fev\u00ed \u00feeir h\u00f6f\u00f0u felmtur fyrir \u00fej\u00f3\u00f0um (hei\u00f0nu) landanna), og menn framb\u00e1ru \u00fear Drottni brennif\u00f3rnir, morgun- og kv\u00f6ldf\u00f3rnir.4\u00deeir h\u00e9ldu og laufsk\u00e1lah\u00e1t\u00ed\u00f0ina eftir \u00fev\u00ed <a href=\"https:\/\/biblian.is\/videy\/esrabok-3-kafli\/\"> [&#8230;]<\/a><\/p>\n","protected":false},"author":1,"featured_media":0,"parent":0,"menu_order":0,"comment_status":"open","ping_status":"open","template":"bibliukaflar.php","meta":{"footnotes":""},"class_list":["post-21255","page","type-page","status-publish","hentry"],"_links":{"self":[{"href":"https:\/\/biblian.is\/videy\/wp-json\/wp\/v2\/pages\/21255","targetHints":{"allow":["GET"]}}],"collection":[{"href":"https:\/\/biblian.is\/videy\/wp-json\/wp\/v2\/pages"}],"about":[{"href":"https:\/\/biblian.is\/videy\/wp-json\/wp\/v2\/types\/page"}],"author":[{"embeddable":true,"href":"https:\/\/biblian.is\/videy\/wp-json\/wp\/v2\/users\/1"}],"replies":[{"embeddable":true,"href":"https:\/\/biblian.is\/videy\/wp-json\/wp\/v2\/comments?post=21255"}],"version-history":[{"count":0,"href":"https:\/\/biblian.is\/videy\/wp-json\/wp\/v2\/pages\/21255\/revisions"}],"wp:attachment":[{"href":"https:\/\/biblian.is\/videy\/wp-json\/wp\/v2\/media?parent=21255"}],"curies":[{"name":"wp","href":"https:\/\/api.w.org\/{rel}","templated":true}]}}