{"id":21248,"date":"2018-01-02T01:00:59","date_gmt":"2018-01-02T01:00:59","guid":{"rendered":"http:\/\/biblian.is\/videy\/sidari-kronikubok-32-kafli\/"},"modified":"2018-01-02T01:00:59","modified_gmt":"2018-01-02T01:00:59","slug":"sidari-kronikubok-32-kafli","status":"publish","type":"page","link":"https:\/\/biblian.is\/videy\/sidari-kronikubok-32-kafli\/","title":{"rendered":"S\u00ed\u00f0ari kron\u00edkub\u00f3k 32. kafli"},"content":{"rendered":"<div class=\"fyrirsognVidey\">Senakeribs herf\u00f6r. Esek\u00eda r\u00edkisstj\u00f3rn og andl\u00e1t. (2 Kgb. 18,13\u201320.)<\/div>\n<p><a name=\"1\"><span class=\"versanumer\">1<\/span><\/a>Eftir \u00feessi verk og einl\u00e6gni kom Senakerib, Ass\u00fdr\u00eduk\u00f3ngur, og kom \u00ed J\u00fadaland, og settist um \u00fe\u00e6r v\u00edggirtu borgir, og \u00e6tla\u00f0i s\u00e9r a\u00f0 vinna \u00fe\u00e6r.<a name=\"2\"><span class=\"versanumer\">2<\/span><\/a>Og \u00fe\u00e1 Esek\u00edas s\u00e1, a\u00f0 Senakerib kom og haf\u00f0i \u00fe\u00e1 \u00e6tlun a\u00f0 herja \u00e1 Jer\u00fasalem,<a name=\"3\"><span class=\"versanumer\">3<\/span><\/a>t\u00f3k hann \u00fea\u00f0 til brag\u00f0s me\u00f0 s\u00ednum herforingjum og k\u00f6ppum, a\u00f0 st\u00edfla vatnsrennurnar, fyrir utan borgina, og \u00feeir styrktu hann.<a name=\"4\"><span class=\"versanumer\">4<\/span><\/a>Og margt f\u00f3lk samansafna\u00f0ist og st\u00edfla\u00f0i lindirnar og l\u00e6kinn, sem rennur mitt um landi\u00f0 og sag\u00f0i: hvar fyrir skal k\u00f3ngurinn af Ass\u00fdr\u00edu koma og finna miki\u00f0 vatn?<a name=\"5\"><span class=\"versanumer\">5<\/span><\/a>Og hann hressti upp hugann, og bygg\u00f0i upp aftur alla ni\u00f0urrifna borgaveggi og turna \u00e1 \u00feeim, og utan yfir <span class='VideyAth'>(bygg\u00f0i hann)<\/span> a\u00f0ra veggi, og v\u00edggirti Millo \u00ed Dav\u00ed\u00f0sborg, og gj\u00f6r\u00f0i m\u00f6rg vopn og skildi.<a name=\"6\"><span class=\"versanumer\">6<\/span><\/a>Og hann setti herforingja yfir f\u00f3lki\u00f0, og safna\u00f0i \u00fev\u00ed a\u00f0 s\u00e9r \u00e1 \u00fea\u00f0 brei\u00f0a str\u00e6ti vi\u00f0 borgarhli\u00f0i\u00f0, tala\u00f0i vinsamlega vi\u00f0 \u00fea\u00f0 og m\u00e6lti:<a name=\"7\"><span class=\"versanumer\">7<\/span><\/a>veri\u00f0 fastir fyrir og \u00f6flugir, \u00f3ttist ekki og hr\u00e6\u00f0ist ekki Ass\u00fdr\u00eduk\u00f3ng og allan \u00feann li\u00f0sgr\u00faa, sem me\u00f0 honum er; \u00fev\u00ed fleiri eru me\u00f0 oss en honum.<a name=\"8\"><span class=\"versanumer\">8<\/span><\/a>Me\u00f0 honum er holdlegur armur, en me\u00f0 oss Drottinn vor Gu\u00f0, til a\u00f0 hj\u00e1lpa oss og str\u00ed\u00f0a vort str\u00ed\u00f0. Og f\u00f3lki\u00f0 reiddi sig \u00e1 or\u00f0 Esek\u00eda, J\u00fadak\u00f3ngs. <br \/><a name=\"9\"><span class=\"versanumer\">9<\/span><\/a>Eftir \u00feetta sendi Senakerib, Ass\u00fdr\u00eduk\u00f3ngur, s\u00edna \u00fe\u00e9nara, til Jer\u00fasalem, <span class='VideyAth'>(en hann sat um Lakis, og allur hans her me\u00f0 honum)<\/span> til Esek\u00eda J\u00fadak\u00f3ngs, og til alls J\u00fada, sem var \u00ed Jer\u00fasalem, \u00feessa or\u00f0sending:<a name=\"10\"><span class=\"versanumer\">10<\/span><\/a>svo segir Senakerib Ass\u00fdr\u00eduk\u00f3ngur: \u00e1 hva\u00f0 rei\u00f0i\u00f0 \u00fe\u00e9r y\u00f0ur, a\u00f0 \u00fe\u00e9r eru\u00f0 <span class='VideyAth'>(kyrrir)<\/span> \u00ed Jer\u00fasalemskastala?<a name=\"11\"><span class=\"versanumer\">11<\/span><\/a>T\u00e6lir y\u00f0ur ekki Esek\u00edas, og kemur \u00fev\u00ed til lei\u00f0ar a\u00f0 \u00fe\u00e9r deyi\u00f0 af hungri og \u00feorsta, \u00fe\u00e1 hann segir: Drottinn vor Gu\u00f0 mun frelsa oss af hendi Ass\u00fdr\u00eduk\u00f3ngs?<a name=\"12\"><span class=\"versanumer\">12<\/span><\/a>Er \u00fea\u00f0 ekki Esek\u00edas sem hefir aflagt hans h\u00e6\u00f0ir og \u00f6lturu, og bo\u00f0i\u00f0 J\u00fada og Jer\u00fasalem, og m\u00e6lt: frammi fyrir einu altari skulu\u00f0 \u00fe\u00e9r tilbi\u00f0ja og \u00e1 \u00fev\u00ed reyk gj\u00f6ra?<a name=\"13\"><span class=\"versanumer\">13<\/span><\/a>Viti\u00f0 \u00fe\u00e9r ekki hva\u00f0 eg og m\u00ednir fe\u00f0ur hafa gj\u00f6rt \u00f6llum landanna \u00fej\u00f3\u00f0um? Hafa gu\u00f0ir \u00fej\u00f3\u00f0anna landa, megna\u00f0 a\u00f0 frelsa \u00feeirra land af minni hendi?<a name=\"14\"><span class=\"versanumer\">14<\/span><\/a>Hv\u00f6r er s\u00e1 me\u00f0al gu\u00f0a \u00feessara \u00fej\u00f3\u00f0a er m\u00ednir fe\u00f0ur hafa afm\u00e1\u00f0, sem megna\u00f0 hafi a\u00f0 frelsa sitt land af minni hendi, a\u00f0 y\u00f0ar Gu\u00f0 skyldi megna a\u00f0 frelsa y\u00f0ur af minni hendi?<a name=\"15\"><span class=\"versanumer\">15<\/span><\/a>Og l\u00e1ti\u00f0 n\u00fa ekki Esek\u00edas t\u00e6la y\u00f0ur, og l\u00e1ti\u00f0 y\u00f0ur ei afvegalei\u00f0a \u00e1 \u00feann h\u00e1tt, og tr\u00fai\u00f0 honum ekki! \u00fev\u00ed enginn gu\u00f0 allra \u00fej\u00f3\u00f0a og k\u00f3ngsr\u00edkja orka\u00f0i \u00fev\u00ed, a\u00f0 frelsa af minni hendi, og af hendi minna fe\u00f0ra, hv\u00f6rsu miklu s\u00ed\u00f0ur mun y\u00f0ar Gu\u00f0 frelsa y\u00f0ur af minni hendi! <br \/><a name=\"16\"><span class=\"versanumer\">16<\/span><\/a>Og enn framar t\u00f6lu\u00f0u hans \u00fe\u00e9narar m\u00f3ti Gu\u00f0i, Drottni, og m\u00f3ti Esek\u00edas, hans \u00fej\u00f3n.<a name=\"17\"><span class=\"versanumer\">17<\/span><\/a>Og br\u00e9f skrifa\u00f0i hann til h\u00e1\u00f0ungar Drottni, \u00cdsraels Gu\u00f0i, og honum til m\u00f3t\u00fer\u00f3a og kva\u00f0 svo a\u00f0 or\u00f0i: eins og gu\u00f0ir landanna \u00fej\u00f3\u00f0a g\u00e1tu ei frelsa\u00f0 sitt f\u00f3lk af minni hendi, svo mun ei Gu\u00f0 Esek\u00eda frelsa sitt f\u00f3lk af minni hendi.<a name=\"18\"><span class=\"versanumer\">18<\/span><\/a>Og \u00feeir k\u00f6llu\u00f0u me\u00f0 h\u00e1rri r\u00f6dd \u00e1 gy\u00f0ingam\u00e1li, Jer\u00fasalems f\u00f3lk, sem st\u00f3\u00f0 \u00e1 m\u00farnum, til \u00feess a\u00f0 hr\u00e6\u00f0a \u00fea\u00f0 og gj\u00f6ra forvi\u00f0a, a\u00f0 \u00feeir g\u00e6tu n\u00e1\u00f0 borginni.<a name=\"19\"><span class=\"versanumer\">19<\/span><\/a>Og \u00feeir t\u00f6lu\u00f0u um Jer\u00fasalems Gu\u00f0, eins og um gu\u00f0i jar\u00f0arinnar \u00fej\u00f3\u00f0a, sem eru <span class='VideyAth'>(gj\u00f6r\u00f0ir)<\/span> af manna h\u00f6ndum.<a name=\"20\"><span class=\"versanumer\">20<\/span><\/a>Og Esek\u00edas k\u00f3ngur og Esa\u00edas sp\u00e1ma\u00f0ur Amosson, gj\u00f6r\u00f0u b\u00e6n s\u00edna \u00feessa vegna, og hr\u00f3pu\u00f0u til himins.<a name=\"21\"><span class=\"versanumer\">21<\/span><\/a>\u00de\u00e1 sendi Drottinn engil, sem tort\u00edndi k\u00f6ppunum, furstunum og fyrirli\u00f0unum \u00ed her Ass\u00fdr\u00eduk\u00f3ngs, og hann f\u00f3r me\u00f0 sneypu til baka \u00ed sitt land. En sem hann gekk \u00ed h\u00fas s\u00edns Gu\u00f0s, felldu hann me\u00f0 sver\u00f0i, \u00feeir sem af honum <span class='VideyAth'>(hans lendum)<\/span> voru komnir.<a name=\"22\"><span class=\"versanumer\">22<\/span><\/a>Og Drottinn hj\u00e1lpa\u00f0i Esek\u00edas og Jer\u00fasalems innb\u00faum af hendi Senakeribs Ass\u00fdr\u00eduk\u00f3ngs og af hendi allra, og vernda\u00f0i \u00fe\u00e1 \u00e1 alla vegu.<a name=\"23\"><span class=\"versanumer\">23<\/span><\/a>Og margir f\u00e6r\u00f0u Drottni g\u00e1fur til Jer\u00fasalem, og Esek\u00edas k\u00f3ngi \u00ed J\u00fada d\u00fdrgripi, og eftir \u00fea\u00f0 f\u00f3r miki\u00f0 or\u00f0 af honum me\u00f0al allra \u00fej\u00f3\u00f0a. <br \/><a name=\"24\"><span class=\"versanumer\">24<\/span><\/a>Um sama leyti var\u00f0 Esek\u00edas dau\u00f0sj\u00fakur og hann ba\u00f0 til Drottins og hann <span class='VideyAth'>(Drottinn)<\/span> sag\u00f0i til hans, og gaf honum teikn.<a name=\"25\"><span class=\"versanumer\">25<\/span><\/a>En Esek\u00edas endurgalt ekki velgj\u00f6r\u00f0ina vi\u00f0 hann, heldur metna\u00f0ist hans hjarta, og yfir hann kom rei\u00f0i og yfir J\u00fada og Jer\u00fasalem.<a name=\"26\"><span class=\"versanumer\">26<\/span><\/a>\u00de\u00e1 au\u00f0m\u00fdkti Esek\u00edas sig fyrir \u00fea\u00f0, a\u00f0 hans hjarta haf\u00f0i metnast, hann og Jer\u00fasalems innb\u00faar, og rei\u00f0i Drottins kom ekki yfir \u00fe\u00e1 me\u00f0an Esek\u00edas lif\u00f0i.<a name=\"27\"><span class=\"versanumer\">27<\/span><\/a>Og Esek\u00edas \u00e1tti mikinn au\u00f0 og n\u00e6gtir, og hann gj\u00f6r\u00f0i s\u00e9r f\u00e9hirslur fyrir silfur og fyrir gull og fyrir d\u00fdra steina og fyrir ilmjurtir og fyrir skildi og fyrir allsh\u00e1ttar d\u00fdr \u00e1h\u00f6ld,<a name=\"28\"><span class=\"versanumer\">28<\/span><\/a>og hl\u00f6\u00f0ur fyrir korn og v\u00edn og vi\u00f0smj\u00f6r, og heyhl\u00f6\u00f0ur fyrir alls lags f\u00e9na\u00f0 og fj\u00e1rh\u00fas fyrir hjar\u00f0irnar.<a name=\"29\"><span class=\"versanumer\">29<\/span><\/a>Sta\u00f0i \u00fatvega\u00f0i hann s\u00e9r, og sau\u00f0f\u00e9na\u00f0 og nautf\u00e9na\u00f0 mikinn; \u00fev\u00ed Gu\u00f0 gaf honum mikil au\u00f0\u00e6fi.<a name=\"30\"><span class=\"versanumer\">30<\/span><\/a>Og hann, Esek\u00edas, st\u00edfla\u00f0i \u00fe\u00e1 efri r\u00e1s vatnsins G\u00edhon, og leiddi hana undir <span class='VideyAth'>(j\u00f6r\u00f0)<\/span> vestur \u00e1 vi\u00f0 a\u00f0 Dav\u00ed\u00f0sborg. Og Esek\u00edas var l\u00e1nsamur \u00ed \u00f6llum s\u00ednum verkum.<a name=\"31\"><span class=\"versanumer\">31<\/span><\/a>Og samt yfirgaf Gu\u00f0 hann, svo a\u00f0 hann freista\u00f0i hans, svo a\u00f0 hann fengi a\u00f0 vita allt sem bj\u00f3 \u00ed hans hjarta, \u00feegar sendibo\u00f0arnir fr\u00e1 Babelsfurstum komu, er sendu til hans, til a\u00f0 forvitnast um \u00feau undur sem ske\u00f0 voru \u00ed landinu. <br \/><a name=\"32\"><span class=\"versanumer\">32<\/span><\/a>En hin \u00f6nnur Esek\u00edas saga og um hans gu\u00f0legu verk, sj\u00e1, \u00fea\u00f0 er skrifa\u00f0 \u00ed s\u00f6gu Esaia sp\u00e1manns Amossonar, \u00ed b\u00f3k J\u00fada- og \u00cdsraelsk\u00f3nga.<a name=\"33\"><span class=\"versanumer\">33<\/span><\/a>Og Esek\u00edas lag\u00f0ist hj\u00e1 s\u00ednum fe\u00f0rum, og menn gr\u00f3fu hann \u00e1 h\u00e6\u00f0inni fyrir ofan grafir Dav\u00ed\u00f0ssona, og allur J\u00fadal\u00fd\u00f0ur og Jer\u00fasalems innb\u00faar gj\u00f6r\u00f0u honum s\u00e6md \u00fe\u00e1 hann d\u00f3. Og Manasse hans son var\u00f0 k\u00f3ngur \u00ed hans sta\u00f0.<\/p>\n<div class=\"footnoteVidey\"><\/div>\n","protected":false},"excerpt":{"rendered":"<p>Senakeribs herf\u00f6r. Esek\u00eda r\u00edkisstj\u00f3rn og andl\u00e1t. (2 Kgb. 18,13\u201320.) 1Eftir \u00feessi verk og einl\u00e6gni kom Senakerib, Ass\u00fdr\u00eduk\u00f3ngur, og kom \u00ed J\u00fadaland, og settist um \u00fe\u00e6r v\u00edggirtu borgir, og \u00e6tla\u00f0i s\u00e9r a\u00f0 vinna \u00fe\u00e6r.2Og \u00fe\u00e1 Esek\u00edas s\u00e1, a\u00f0 Senakerib kom og haf\u00f0i \u00fe\u00e1 \u00e6tlun a\u00f0 herja \u00e1 Jer\u00fasalem,3t\u00f3k hann \u00fea\u00f0 til brag\u00f0s me\u00f0 s\u00ednum herforingjum og k\u00f6ppum, a\u00f0 st\u00edfla vatnsrennurnar, fyrir utan borgina, og \u00feeir styrktu hann.4Og margt f\u00f3lk samansafna\u00f0ist og st\u00edfla\u00f0i lindirnar og l\u00e6kinn, sem rennur mitt um landi\u00f0 og sag\u00f0i: hvar fyrir skal k\u00f3ngurinn af Ass\u00fdr\u00edu koma og finna miki\u00f0 vatn?5Og hann hressti upp hugann, og bygg\u00f0i upp aftur <a href=\"https:\/\/biblian.is\/videy\/sidari-kronikubok-32-kafli\/\"> [&#8230;]<\/a><\/p>\n","protected":false},"author":1,"featured_media":0,"parent":0,"menu_order":0,"comment_status":"open","ping_status":"open","template":"bibliukaflar.php","meta":{"footnotes":""},"class_list":["post-21248","page","type-page","status-publish","hentry"],"_links":{"self":[{"href":"https:\/\/biblian.is\/videy\/wp-json\/wp\/v2\/pages\/21248","targetHints":{"allow":["GET"]}}],"collection":[{"href":"https:\/\/biblian.is\/videy\/wp-json\/wp\/v2\/pages"}],"about":[{"href":"https:\/\/biblian.is\/videy\/wp-json\/wp\/v2\/types\/page"}],"author":[{"embeddable":true,"href":"https:\/\/biblian.is\/videy\/wp-json\/wp\/v2\/users\/1"}],"replies":[{"embeddable":true,"href":"https:\/\/biblian.is\/videy\/wp-json\/wp\/v2\/comments?post=21248"}],"version-history":[{"count":0,"href":"https:\/\/biblian.is\/videy\/wp-json\/wp\/v2\/pages\/21248\/revisions"}],"wp:attachment":[{"href":"https:\/\/biblian.is\/videy\/wp-json\/wp\/v2\/media?parent=21248"}],"curies":[{"name":"wp","href":"https:\/\/api.w.org\/{rel}","templated":true}]}}