{"id":21247,"date":"2018-01-02T01:00:59","date_gmt":"2018-01-02T01:00:59","guid":{"rendered":"http:\/\/biblian.is\/videy\/sidari-kronikubok-31-kafli\/"},"modified":"2018-01-02T01:00:59","modified_gmt":"2018-01-02T01:00:59","slug":"sidari-kronikubok-31-kafli","status":"publish","type":"page","link":"https:\/\/biblian.is\/videy\/sidari-kronikubok-31-kafli\/","title":{"rendered":"S\u00ed\u00f0ari kron\u00edkub\u00f3k 31. kafli"},"content":{"rendered":"<div class=\"fyrirsognVidey\">Enn n\u00fa um Esek\u00edas.<\/div>\n<p><a name=\"1\"><span class=\"versanumer\">1<\/span><\/a>Og sem \u00f6llu \u00feessu var loki\u00f0, f\u00f3r allur \u00cdsrael, sem \u00fear var, burt til J\u00fada sta\u00f0a, og \u00feeir sundurbrutu myndast\u00f3lpana og hjuggu upp offurlundana, og rifu ni\u00f0ur h\u00e6\u00f0irnar og \u00f6lturin \u00ed \u00f6llu J\u00fada<span class='VideyAth'>(landi)<\/span> og Benjam\u00edns og Efraims og Manassis, \u00feanga\u00f0 til allt var afm\u00e1\u00f0, og s\u00ed\u00f0an f\u00f3ru allir \u00cdsraels synir til baka, hv\u00f6r til sinnar eignar, til sinna sta\u00f0a. <br \/><a name=\"2\"><span class=\"versanumer\">2<\/span><\/a>Og Esek\u00edas setti presta og Lev\u00edta flokkana eftir \u00feeirra ni\u00f0urskipan, hv\u00f6rn og einn eftir hans \u00fej\u00f3nustu, prestana og Lev\u00edtana, til <span class='VideyAth'>(a\u00f0 annast)<\/span> brennif\u00f3rnirnar og \u00feakkarf\u00f3rnirnar, til \u00fej\u00f3nustu, lofs\u00f6ngs og \u00feakkargj\u00f6r\u00f0ar \u00ed dyrum Drottins herb\u00fa\u00f0a.<a name=\"3\"><span class=\"versanumer\">3<\/span><\/a>Og konungurinn \u00e1nafna\u00f0i part af s\u00ednum eigum til brennif\u00f3rna, til morgun- og kv\u00f6ldsbrennif\u00f3rna, og til brennif\u00f3rna hv\u00edldardagana og tunglkomudaganna og h\u00e1t\u00ed\u00f0anna, eins og skrifa\u00f0 stendur \u00ed Drottins l\u00f6gm\u00e1li.<a name=\"4\"><span class=\"versanumer\">4<\/span><\/a>Og hann bau\u00f0 f\u00f3lkinu, Jer\u00fasalems innb\u00faum, a\u00f0 gefa prestunum og Lev\u00edtunum \u00feeirra part, svo \u00feeir h\u00e9ldu vi\u00f0 Drottins l\u00f6gm\u00e1l.<a name=\"5\"><span class=\"versanumer\">5<\/span><\/a>Og sem \u00feetta bo\u00f0 kom \u00fat, f\u00e6r\u00f0u \u00cdsraelssynir <span class='VideyAth'>(\u00feeim)<\/span> r\u00edkuglega frumgr\u00f3\u00f0a kornsins, v\u00edn og vi\u00f0smj\u00f6r og hunang og allan afrakstur landsins; og t\u00edundir af \u00f6llu komu \u00feeir me\u00f0 yfirgn\u00e6fanlega.<a name=\"6\"><span class=\"versanumer\">6<\/span><\/a>Og \u00cdsraels- og J\u00fadasynir, sem bjuggu \u00ed J\u00fadast\u00f6\u00f0um, komu l\u00edka me\u00f0 t\u00edundir af nautum og sau\u00f0um, og t\u00edundir af \u00fev\u00ed helga\u00f0a, sem var helga\u00f0 Drottni \u00feeirra Gu\u00f0i, og l\u00f6g\u00f0u hr\u00fagu hj\u00e1 hr\u00fagu.<a name=\"7\"><span class=\"versanumer\">7<\/span><\/a>\u00cd \u00feri\u00f0ja m\u00e1nu\u00f0i byrju\u00f0u \u00feeir a\u00f0 bera saman hr\u00fagurnar og \u00ed sj\u00f6unda m\u00e1nu\u00f0i var \u00fev\u00ed loki\u00f0.<a name=\"8\"><span class=\"versanumer\">8<\/span><\/a>Og Esek\u00edas og h\u00f6f\u00f0ingjarnir komu, og s\u00e1u hr\u00fagurnar og lofu\u00f0u Gu\u00f0 og blessu\u00f0u hans f\u00f3lk \u00cdsrael.<a name=\"9\"><span class=\"versanumer\">9<\/span><\/a>Og Esek\u00edas spur\u00f0i prestana og Lev\u00edtana um \u00feessar hr\u00fagur.<a name=\"10\"><span class=\"versanumer\">10<\/span><\/a>\u00de\u00e1 svara\u00f0i honum Asaria, h\u00f6fu\u00f0presturinn af h\u00fasi Sadoks og m\u00e6lti: fr\u00e1 \u00fev\u00ed menn byrju\u00f0u a\u00f0 flytja g\u00e1fur \u00ed Drottins h\u00fas, h\u00f6fum v\u00e9r eti\u00f0 og erum or\u00f0nir mettir, og h\u00f6fum leyft miki\u00f0; \u00fev\u00ed Drottinn hefir blessa\u00f0 sitt f\u00f3lk, og \u00feessi mikla hr\u00faga er afgangurinn. <br \/><a name=\"11\"><span class=\"versanumer\">11<\/span><\/a>Og Esek\u00edas bau\u00f0 a\u00f0 gj\u00f6ra kistur \u00ed h\u00fasi Drottins. Og \u00feeir gj\u00f6r\u00f0u \u00fe\u00e6r,<a name=\"12\"><span class=\"versanumer\">12<\/span><\/a>og f\u00e6r\u00f0u r\u00e6kilega \u00feanga\u00f0 g\u00e1furnar, og t\u00edundirnar og \u00fea\u00f0 helga\u00f0a. Og yfir hinu sama var forst\u00f6\u00f0uma\u00f0urinn Kanar\u00eda, Lev\u00edti, og Sime\u00ed br\u00f3\u00f0ir hans, annar.<a name=\"13\"><span class=\"versanumer\">13<\/span><\/a>Og Jehiel og Ahasia og Nahat og Asahel og Jer\u00edmot og J\u00f3sabad og El\u00edel og Jesmak\u00eda og Mahat og Benaja voru umsj\u00f3narmenn, Kanan\u00eda vi\u00f0 h\u00f6nd og br\u00f3\u00f0ur hans Sime\u00ed, eftir r\u00e1\u00f0st\u00f6fun Esek\u00eda k\u00f3ngs og Asaria yfirforst\u00f6\u00f0umanns Gu\u00f0s h\u00fass.<a name=\"14\"><span class=\"versanumer\">14<\/span><\/a>Og K\u00f3re sonur Jimna, Lev\u00edtinn, dyrav\u00f6r\u00f0ur a\u00f0 austanver\u00f0u, var yfir Gu\u00f0s fr\u00edviljugu g\u00e1fum, til \u00feess a\u00f0 grei\u00f0a \u00fear af Drottins upplyftingu og hi\u00f0 h\u00e1heilaga.<a name=\"15\"><span class=\"versanumer\">15<\/span><\/a>Og undir hans umsj\u00f3n voru: Eden og Minjam\u00edn og Jes\u00faa og Semaja, Amar\u00eda, og Sakan\u00eda, \u00ed st\u00f6\u00f0um prestanna, sem eftir sanngirni sinni, skyldu \u00fatb\u00edta s\u00ednum br\u00e6\u00f0rum eftir \u00feeirra r\u00f6\u00f0, st\u00f3rum sem sm\u00e1um,<a name=\"16\"><span class=\"versanumer\">16<\/span><\/a>auk \u00feeirra sem uppskrifa\u00f0ir voru af karlkyni, \u00feriggja \u00e1ra og eldri, \u00f6llum, sem \u00ed h\u00fas Drottins komu dag eftir dag, til a\u00f0 \u00fe\u00e9na a\u00f0 sinni s\u00fdslan, eftir \u00feeirra ni\u00f0urskipun,<a name=\"17\"><span class=\"versanumer\">17<\/span><\/a>\u00e1samt \u00feeim uppskrifu\u00f0u prestum, eftir \u00feeirra \u00e6ttum, og Lev\u00edtunum, tv\u00edtugum og eldri, eftir \u00feeirra s\u00fdslun og eftir \u00feeirra ni\u00f0urskipun,<a name=\"18\"><span class=\"versanumer\">18<\/span><\/a>og \u00feeim uppskrifu\u00f0u af \u00f6llum \u00feeirra b\u00f6rnum, \u00feeirra konum, \u00feeirra sonum og \u00feeirra d\u00e6trum, \u00f6llum fj\u00f6ldanum; \u00fev\u00ed r\u00e6kilega helgu\u00f0u \u00feeir sig til \u00fej\u00f3nustunnar.<a name=\"19\"><span class=\"versanumer\">19<\/span><\/a>Og hva\u00f0 Aronssyni \u00e1hr\u00e6r\u00f0i, prestana, voru menn tilsettir \u00e1 landi forsta\u00f0anna, hj\u00e1 s\u00e9rhv\u00f6rjum sta\u00f0, sem nefndir voru nafni, er gefa skyldu s\u00edna hlutdeild, \u00f6llum \u00feeim af karlkyni uppskrifu\u00f0u me\u00f0al prestanna og Lev\u00edtanna.<a name=\"20\"><span class=\"versanumer\">20<\/span><\/a>\u00deannig f\u00f3r Esek\u00edas a\u00f0 \u00ed \u00f6llu J\u00fadalandi, og gj\u00f6r\u00f0i \u00fea\u00f0 sem gott var og r\u00e9tt og hreinskili\u00f0 fyrir Drottni s\u00ednum Gu\u00f0i,<a name=\"21\"><span class=\"versanumer\">21<\/span><\/a>og \u00f6ll s\u00edn verk, er hann byrja\u00f0i vi\u00f0v\u00edkjandi \u00fej\u00f3nustu Gu\u00f0s h\u00fass og l\u00f6gunum og bo\u00f0or\u00f0unum, til \u00feess <span class='VideyAth'>(mi\u00f0andi)<\/span> a\u00f0 leita Gu\u00f0s, \u00fea\u00f0 gj\u00f6r\u00f0i hann me\u00f0 heilu hjarta, og hann var l\u00e1nsamur.<\/p>\n<div class=\"footnoteVidey\"><\/div>\n","protected":false},"excerpt":{"rendered":"<p>Enn n\u00fa um Esek\u00edas. 1Og sem \u00f6llu \u00feessu var loki\u00f0, f\u00f3r allur \u00cdsrael, sem \u00fear var, burt til J\u00fada sta\u00f0a, og \u00feeir sundurbrutu myndast\u00f3lpana og hjuggu upp offurlundana, og rifu ni\u00f0ur h\u00e6\u00f0irnar og \u00f6lturin \u00ed \u00f6llu J\u00fada(landi) og Benjam\u00edns og Efraims og Manassis, \u00feanga\u00f0 til allt var afm\u00e1\u00f0, og s\u00ed\u00f0an f\u00f3ru allir \u00cdsraels synir til baka, hv\u00f6r til sinnar eignar, til sinna sta\u00f0a. 2Og Esek\u00edas setti presta og Lev\u00edta flokkana eftir \u00feeirra ni\u00f0urskipan, hv\u00f6rn og einn eftir hans \u00fej\u00f3nustu, prestana og Lev\u00edtana, til (a\u00f0 annast) brennif\u00f3rnirnar og \u00feakkarf\u00f3rnirnar, til \u00fej\u00f3nustu, lofs\u00f6ngs og \u00feakkargj\u00f6r\u00f0ar \u00ed dyrum Drottins herb\u00fa\u00f0a.3Og konungurinn \u00e1nafna\u00f0i part <a href=\"https:\/\/biblian.is\/videy\/sidari-kronikubok-31-kafli\/\"> [&#8230;]<\/a><\/p>\n","protected":false},"author":1,"featured_media":0,"parent":0,"menu_order":0,"comment_status":"open","ping_status":"open","template":"bibliukaflar.php","meta":{"footnotes":""},"class_list":["post-21247","page","type-page","status-publish","hentry"],"_links":{"self":[{"href":"https:\/\/biblian.is\/videy\/wp-json\/wp\/v2\/pages\/21247","targetHints":{"allow":["GET"]}}],"collection":[{"href":"https:\/\/biblian.is\/videy\/wp-json\/wp\/v2\/pages"}],"about":[{"href":"https:\/\/biblian.is\/videy\/wp-json\/wp\/v2\/types\/page"}],"author":[{"embeddable":true,"href":"https:\/\/biblian.is\/videy\/wp-json\/wp\/v2\/users\/1"}],"replies":[{"embeddable":true,"href":"https:\/\/biblian.is\/videy\/wp-json\/wp\/v2\/comments?post=21247"}],"version-history":[{"count":0,"href":"https:\/\/biblian.is\/videy\/wp-json\/wp\/v2\/pages\/21247\/revisions"}],"wp:attachment":[{"href":"https:\/\/biblian.is\/videy\/wp-json\/wp\/v2\/media?parent=21247"}],"curies":[{"name":"wp","href":"https:\/\/api.w.org\/{rel}","templated":true}]}}