{"id":21243,"date":"2018-01-02T01:00:59","date_gmt":"2018-01-02T01:00:59","guid":{"rendered":"http:\/\/biblian.is\/videy\/sidari-kronikubok-27-kafli\/"},"modified":"2018-01-02T01:00:59","modified_gmt":"2018-01-02T01:00:59","slug":"sidari-kronikubok-27-kafli","status":"publish","type":"page","link":"https:\/\/biblian.is\/videy\/sidari-kronikubok-27-kafli\/","title":{"rendered":"S\u00ed\u00f0ari kron\u00edkub\u00f3k 27. kafli"},"content":{"rendered":"<div class=\"fyrirsognVidey\">J\u00f3tams r\u00edkisstj\u00f3rn. (2 Kgb. 15,32\u201338).<\/div>\n<p><a name=\"1\"><span class=\"versanumer\">1<\/span><\/a>J\u00f3tam haf\u00f0i 5 um tv\u00edtugt \u00fe\u00e1 hann var\u00f0 k\u00f3ngur og r\u00edkti 16 \u00e1r \u00ed Jer\u00fasalem. En m\u00f3\u00f0ir hans h\u00e9t Jer\u00fasa, d\u00f3ttir Sadoks.<a name=\"2\"><span class=\"versanumer\">2<\/span><\/a>Hann gj\u00f6r\u00f0i \u00fea\u00f0 sem r\u00e9tt var \u00ed augs\u00fdn Drottins, algj\u00f6rlega, eins og Us\u00eda, fa\u00f0ir hans haf\u00f0i gj\u00f6rt; einungis gekk hann ekki \u00ed musteri Drottins, og enn a\u00f0haf\u00f0ist f\u00f3lki\u00f0 illt.<a name=\"3\"><span class=\"versanumer\">3<\/span><\/a>Og hann bygg\u00f0i \u00fea\u00f0 h\u00e1a port \u00e1 Drottins h\u00fasi og vann miki\u00f0 a\u00f0 \u00fev\u00ed a\u00f0 byggja m\u00farinn \u00e1 h\u00e6\u00f0inni.<a name=\"4\"><span class=\"versanumer\">4<\/span><\/a>Og borgir bygg\u00f0i hann \u00e1 J\u00fadafj\u00f6llum, og \u00ed sk\u00f3gunum bygg\u00f0i hann kastala og turna.<a name=\"5\"><span class=\"versanumer\">5<\/span><\/a>Og hann \u00e1tti str\u00ed\u00f0 vi\u00f0 k\u00f3nga Ammonssona, og sigra\u00f0i \u00fe\u00e1, og Ammonssynir g\u00e1fu honum \u00e1 sama \u00e1ri 100 v\u00e6ttir silfurs og 10 \u00fe\u00fasund kor af hveiti og bygg 10 \u00fe\u00fasund. \u00deetta tollu\u00f0u honum l\u00edka Ammonssynir \u00e1 \u00f6\u00f0ru \u00e1ri og \u00e1 \u00feri\u00f0ja.<a name=\"6\"><span class=\"versanumer\">6<\/span><\/a>Og J\u00f3tam var\u00f0 voldugur, \u00fev\u00ed hann gekk \u00fe\u00e1 r\u00e9ttu lei\u00f0 fyrir Drottni s\u00ednum Gu\u00f0i. <br \/><a name=\"7\"><span class=\"versanumer\">7<\/span><\/a>En hin \u00f6nnur saga J\u00f3tams og \u00f6ll hans str\u00ed\u00f0 og hans verk, sj\u00e1! \u00fea\u00f0 er skrifa\u00f0 \u00ed b\u00f3k \u00cdsraels- og J\u00fadakonunga.<a name=\"8\"><span class=\"versanumer\">8<\/span><\/a>Fimm um tv\u00edtugt haf\u00f0i hann \u00fe\u00e1 hann var\u00f0 k\u00f3ngur og 16 \u00e1r r\u00edkti hann \u00ed Jer\u00fasalem.<a name=\"9\"><span class=\"versanumer\">9<\/span><\/a>Og J\u00f3tam lag\u00f0ist hj\u00e1 s\u00ednum fe\u00f0rum, og menn gr\u00f3fu hann \u00ed Dav\u00ed\u00f0sborg. Og Akas sonur hans var\u00f0 k\u00f3ngur \u00ed hans sta\u00f0.<\/p>\n<div class=\"footnoteVidey\">V. 3. M\u00farinn \u00e1 h\u00e6\u00f0inni \u00fe. e. austan til \u00e1 S\u00edon.<\/div>\n","protected":false},"excerpt":{"rendered":"<p>J\u00f3tams r\u00edkisstj\u00f3rn. (2 Kgb. 15,32\u201338). 1J\u00f3tam haf\u00f0i 5 um tv\u00edtugt \u00fe\u00e1 hann var\u00f0 k\u00f3ngur og r\u00edkti 16 \u00e1r \u00ed Jer\u00fasalem. En m\u00f3\u00f0ir hans h\u00e9t Jer\u00fasa, d\u00f3ttir Sadoks.2Hann gj\u00f6r\u00f0i \u00fea\u00f0 sem r\u00e9tt var \u00ed augs\u00fdn Drottins, algj\u00f6rlega, eins og Us\u00eda, fa\u00f0ir hans haf\u00f0i gj\u00f6rt; einungis gekk hann ekki \u00ed musteri Drottins, og enn a\u00f0haf\u00f0ist f\u00f3lki\u00f0 illt.3Og hann bygg\u00f0i \u00fea\u00f0 h\u00e1a port \u00e1 Drottins h\u00fasi og vann miki\u00f0 a\u00f0 \u00fev\u00ed a\u00f0 byggja m\u00farinn \u00e1 h\u00e6\u00f0inni.4Og borgir bygg\u00f0i hann \u00e1 J\u00fadafj\u00f6llum, og \u00ed sk\u00f3gunum bygg\u00f0i hann kastala og turna.5Og hann \u00e1tti str\u00ed\u00f0 vi\u00f0 k\u00f3nga Ammonssona, og sigra\u00f0i \u00fe\u00e1, og Ammonssynir g\u00e1fu honum \u00e1 <a href=\"https:\/\/biblian.is\/videy\/sidari-kronikubok-27-kafli\/\"> [&#8230;]<\/a><\/p>\n","protected":false},"author":1,"featured_media":0,"parent":0,"menu_order":0,"comment_status":"open","ping_status":"open","template":"bibliukaflar.php","meta":{"footnotes":""},"class_list":["post-21243","page","type-page","status-publish","hentry"],"_links":{"self":[{"href":"https:\/\/biblian.is\/videy\/wp-json\/wp\/v2\/pages\/21243","targetHints":{"allow":["GET"]}}],"collection":[{"href":"https:\/\/biblian.is\/videy\/wp-json\/wp\/v2\/pages"}],"about":[{"href":"https:\/\/biblian.is\/videy\/wp-json\/wp\/v2\/types\/page"}],"author":[{"embeddable":true,"href":"https:\/\/biblian.is\/videy\/wp-json\/wp\/v2\/users\/1"}],"replies":[{"embeddable":true,"href":"https:\/\/biblian.is\/videy\/wp-json\/wp\/v2\/comments?post=21243"}],"version-history":[{"count":0,"href":"https:\/\/biblian.is\/videy\/wp-json\/wp\/v2\/pages\/21243\/revisions"}],"wp:attachment":[{"href":"https:\/\/biblian.is\/videy\/wp-json\/wp\/v2\/media?parent=21243"}],"curies":[{"name":"wp","href":"https:\/\/api.w.org\/{rel}","templated":true}]}}