{"id":21241,"date":"2018-01-02T01:00:59","date_gmt":"2018-01-02T01:00:59","guid":{"rendered":"http:\/\/biblian.is\/videy\/sidari-kronikubok-25-kafli\/"},"modified":"2018-01-02T01:00:59","modified_gmt":"2018-01-02T01:00:59","slug":"sidari-kronikubok-25-kafli","status":"publish","type":"page","link":"https:\/\/biblian.is\/videy\/sidari-kronikubok-25-kafli\/","title":{"rendered":"S\u00ed\u00f0ari kron\u00edkub\u00f3k 25. kafli"},"content":{"rendered":"<div class=\"fyrirsognVidey\">R\u00edkisstj\u00f3rn Amasia. (2 Kgb. 14,1\u201322)<\/div>\n<p><a name=\"1\"><span class=\"versanumer\">1<\/span><\/a>Tuttugu og fimm \u00e1ra gamall var\u00f0 Amasia k\u00f3ngur, og r\u00edkti 29 \u00e1r \u00ed Jer\u00fasalem. En m\u00f3\u00f0ir hans h\u00e9t J\u00f3adan fr\u00e1 Jer\u00fasalem.<a name=\"2\"><span class=\"versanumer\">2<\/span><\/a>Hann gj\u00f6r\u00f0i \u00fea\u00f0 sem r\u00e9tt var \u00ed Drottins augs\u00fdn, samt ekki me\u00f0 algj\u00f6rlega einl\u00e6gu hjarta.<a name=\"3\"><span class=\"versanumer\">3<\/span><\/a>En sem hann var or\u00f0inn fastur \u00ed konungd\u00f3mnum, l\u00e9t hann drepa s\u00edna \u00fej\u00f3na, sem h\u00f6f\u00f0u unni\u00f0 \u00e1 k\u00f3nginum, f\u00f6\u00f0ur hans.<a name=\"4\"><span class=\"versanumer\">4<\/span><\/a>En syni \u00feeirra deyddi hann ekki, heldur <span class='VideyAth'>(f\u00f3r hann)<\/span> eftir \u00fev\u00ed sem skrifa\u00f0 stendur \u00ed M\u00f3sisb\u00f3k, eins og Drottinn bau\u00f0, \u00fe\u00e1 hann sag\u00f0i: fe\u00f0ur skulu ekki dey\u00f0ast fyrir syni, og synir skulu ekki dey\u00f0ast fyrir fe\u00f0ur, heldur skal s\u00e9rhv\u00f6r dey\u00f0ast fyrir s\u00ednar syndir.<br \/><a name=\"5\"><span class=\"versanumer\">5<\/span><\/a>Og Amasia samansafna\u00f0i J\u00fada, og l\u00e9t \u00fe\u00e1 fyrir sig koma eftir \u00e6ttum, eftir h\u00f6fu\u00f0sm\u00f6nnum yfir \u00fe\u00fasund, og eftir h\u00f6fu\u00f0sm\u00f6nnum yfir hundra\u00f0, \u00f6llum J\u00fada<span class='VideyAth'>(l\u00fd\u00f0)<\/span> og Benjam\u00edn, og taldi \u00fe\u00e1, fr\u00e1 tv\u00edtugu og \u00fear yfir, og fann \u00fe\u00e1 3 hundru\u00f0 \u00fe\u00fasund, einvala li\u00f0, f\u00e6ra til str\u00ed\u00f0s, berandi spj\u00f3t og skj\u00f6ld.<a name=\"6\"><span class=\"versanumer\">6<\/span><\/a>Og leig\u00f0i s\u00e9r af \u00cdsrael hundra\u00f0 \u00fe\u00fasundir, duglegra str\u00ed\u00f0smanna, fyrir hundra\u00f0 v\u00e6ttir silfurs.<a name=\"7\"><span class=\"versanumer\">7<\/span><\/a>En gu\u00f0sma\u00f0ur nokkur kom til hans og m\u00e6lti: konungur! l\u00e1t \u00fe\u00fa \u00cdsraelsher ekki me\u00f0 \u00fe\u00e9r fara, \u00fev\u00ed Drottinn er ekki me\u00f0 \u00cdsrael, \u00f6llum Efraimssonum.<a name=\"8\"><span class=\"versanumer\">8<\/span><\/a>Heldur far \u00fe\u00fa, gj\u00f6r \u00fea\u00f0, vertu fastur \u00ed bardaganum! Gu\u00f0 kynni a\u00f0 l\u00e1ta \u00feig falla fyrir \u00fe\u00ednum \u00f3vinum; \u00fev\u00ed hj\u00e1 Gu\u00f0i er vald til a\u00f0 hj\u00e1lpa, og til a\u00f0 l\u00e1ta <span class='VideyAth'>(menn)<\/span> falla.<a name=\"9\"><span class=\"versanumer\">9<\/span><\/a>Og Amasia sag\u00f0i vi\u00f0 gu\u00f0smanninn: hv\u00f6rnig \u00e1 \u00fe\u00e1 a\u00f0 fara me\u00f0 \u00fe\u00e6r hundra\u00f0 v\u00e6ttir, sem eg hefi gefi\u00f0 \u00cdsraelsher? Og gu\u00f0sma\u00f0ur svara\u00f0i: \u00fea\u00f0 er \u00ed Drottins valdi a\u00f0 gefa \u00fe\u00e9r enn meira en \u00feetta.<a name=\"10\"><span class=\"versanumer\">10<\/span><\/a>\u00de\u00e1 a\u00f0skildi Amasia fr\u00e1 s\u00e9r, \u00feann skara, sem til hans var kominn af Efraim, svo \u00feeir hvurfu heim aftur \u00e1 sinn sta\u00f0. En \u00feeirra rei\u00f0i upptendra\u00f0ist mikillega vi\u00f0 J\u00fada, og \u00feeir sneru aftur \u00e1 sinn sta\u00f0 me\u00f0 brennandi rei\u00f0i. <br \/><a name=\"11\"><span class=\"versanumer\">11<\/span><\/a>En Amasia hressti upp hugann, og lag\u00f0i af sta\u00f0 me\u00f0 sitt f\u00f3lk, og h\u00e9lt \u00ed Saltdalinn, og sigra\u00f0i \u00fear syni Seirs, 10 \u00fe\u00fasund manns.<a name=\"12\"><span class=\"versanumer\">12<\/span><\/a>Og 10 \u00fe\u00fasundir hert\u00f3ku J\u00fadasynir lifandi, og f\u00f3ru me\u00f0 \u00fe\u00e1 fram \u00e1 klettasn\u00f6s, og hrintu \u00feeim fram af klettssn\u00f6sinni, svo \u00feeir sundurbrustu allir.<a name=\"13\"><span class=\"versanumer\">13<\/span><\/a>En \u00feeir str\u00ed\u00f0smenn, sem Amasia haf\u00f0i sent til baka, svo \u00feeir f\u00f3ru ekki me\u00f0 honum \u00ed str\u00ed\u00f0i\u00f0, \u00feeir gj\u00f6r\u00f0u \u00e1hlaup \u00e1 J\u00fada sta\u00f0i, fr\u00e1 Samar\u00edu allt til Betoron og felldu \u00fear \u00ferj\u00e1r \u00fe\u00fasundir manns, og r\u00e6ndu miklu herfangi. <br \/><a name=\"14\"><span class=\"versanumer\">14<\/span><\/a>En sem Amasia var kominn heim aftur, og haf\u00f0i unni\u00f0 sigur \u00e1 Edom\u00edtum, haf\u00f0i hann me\u00f0 s\u00e9r gu\u00f0i Seirssona, og setti \u00fe\u00e1 upp hj\u00e1 s\u00e9r, fyrir Gu\u00f0i, og tilba\u00f0 \u00fe\u00e1 og brenndi fyrir \u00feeim reykelsi.<a name=\"15\"><span class=\"versanumer\">15<\/span><\/a>\u00de\u00e1 upptendra\u00f0ist rei\u00f0i Drottins yfir Amasia, og hann sendi til hans sp\u00e1mann, sem sag\u00f0i vi\u00f0 hann: \u00fev\u00ed leitar \u00fe\u00fa gu\u00f0a \u00feeirra \u00fej\u00f3\u00f0anna, sem ekki frelsu\u00f0u sitt f\u00f3lk fr\u00e1 \u00feinni hendi?<a name=\"16\"><span class=\"versanumer\">16<\/span><\/a>Og \u00fe\u00e1 hann tala\u00f0i vi\u00f0 hann, sag\u00f0i <span class='VideyAth'>(Amasia)<\/span> vi\u00f0 hann: hafa menn sett \u00feig konunginum fyrir r\u00e1\u00f0gjafa? h\u00e6ttu! hvar fyrir skyldu menn sl\u00e1 \u00feig \u00ed hel? \u00fe\u00e1 h\u00e6tti sp\u00e1ma\u00f0urinn og sag\u00f0i: eg s\u00e9 a\u00f0 Gu\u00f0 hefir \u00e1lykta\u00f0 \u00fe\u00e9r tj\u00f3n, \u00fear e\u00f0 \u00fe\u00fa gj\u00f6rir sl\u00edkt og hl\u00fd\u00f0ir ekki m\u00ednum r\u00e1\u00f0um.<br \/><a name=\"17\"><span class=\"versanumer\">17<\/span><\/a>Og Amasia, J\u00fadak\u00f3ngur, r\u00e1\u00f0f\u00e6r\u00f0i sig, og sendi til J\u00f3as, J\u00f3akassonar, Jeh\u00fasonar, k\u00f3ngs \u00ed \u00cdsrael, og m\u00e6lti: kom, l\u00e1tum oss sj\u00e1 hv\u00f6r annan!<a name=\"18\"><span class=\"versanumer\">18<\/span><\/a>\u00de\u00e1 sendi J\u00f3as \u00cdsraelsk\u00f3ngur, til Amasia J\u00fadak\u00f3ngs og m\u00e6lti: \u00feyrnib\u00faskurinn \u00e1 Libanon sendi til sedrusvi\u00f0arins \u00e1 Libanon og sag\u00f0i: gef d\u00f3ttur \u00fe\u00edna syni m\u00ednum fyrir konu! \u00fe\u00e1 hlupu merkurinnar villud\u00fdr upp \u00e1 Libanon og sundurtr\u00f3\u00f0u \u00feyrnib\u00faskinn.<a name=\"19\"><span class=\"versanumer\">19<\/span><\/a>\u00de\u00fa hugsar: sj\u00e1! \u00fe\u00fa hefir sigra\u00f0 Edom\u00edtana, svo er \u00fe\u00e9r vaxinn hugur, a\u00f0 afla \u00fe\u00e9r fr\u00e6g\u00f0ar; vertu n\u00fa heima! hvar fyrir viltu steypa \u00fe\u00e9r \u00ed \u00f3g\u00e6funa, svo a\u00f0 \u00fe\u00fa fallir og J\u00fada me\u00f0 \u00fe\u00e9r.<br \/><a name=\"20\"><span class=\"versanumer\">20<\/span><\/a>En Amasia gegndi \u00fev\u00ed ekki; \u00fev\u00ed \u00fea\u00f0 ske\u00f0i af Gu\u00f0i, til \u00feess hann ofurseldi \u00fe\u00e1, af \u00fev\u00ed \u00feeir h\u00f6f\u00f0u leita\u00f0 Edoms Gu\u00f0a.<a name=\"21\"><span class=\"versanumer\">21<\/span><\/a>\u00de\u00e1 f\u00f3r J\u00f3as \u00cdsraelsk\u00f3ngur af sta\u00f0, og \u00feeir s\u00e1u hv\u00f6r annan, hann og Amasia, J\u00fadak\u00f3ngur, \u00ed Betsemes \u00ed J\u00fada.<a name=\"22\"><span class=\"versanumer\">22<\/span><\/a>En J\u00fada bei\u00f0 \u00f3sigur fyrir \u00cdsrael, og \u00feeir fl\u00fd\u00f0u, hv\u00f6r \u00ed sitt tjald.<a name=\"23\"><span class=\"versanumer\">23<\/span><\/a>En J\u00f3as \u00cdsraelsk\u00f3ngur hert\u00f3k Amasia J\u00fadak\u00f3ng J\u00f3asson, Ahasiasonar, \u00ed Bet-Semes, og flutti hann til Jer\u00fasalem, og reif ni\u00f0ur Jer\u00fasalems m\u00farvegg fr\u00e1 Efraimshli\u00f0i allt a\u00f0 Hornhli\u00f0inu, 4 hundru\u00f0 \u00e1lnir \u00e1 lengd,<a name=\"24\"><span class=\"versanumer\">24<\/span><\/a>og t\u00f3k allt gull og silfur og \u00f6ll \u00e1h\u00f6ld sem voru \u00ed Gu\u00f0s h\u00fasi, hj\u00e1 \u00d3be\u00f0-Edom, og fj\u00e1rsj\u00f3\u00f0u k\u00f3ngsins h\u00fass, og g\u00edsla, og f\u00f3r til baka til Samar\u00edu.<br \/><a name=\"25\"><span class=\"versanumer\">25<\/span><\/a>Og Amasia, sonur J\u00f3as, J\u00fadak\u00f3ngur, lif\u00f0i 15 \u00e1r eftir andl\u00e1t J\u00f3as J\u00f3akassonar, \u00cdsraelsk\u00f3ngs.<a name=\"26\"><span class=\"versanumer\">26<\/span><\/a>En hin \u00f6nnur saga Amas\u00edu, hin fyrri og s\u00ed\u00f0ari, h\u00fan stendur skrifu\u00f0 \u00ed J\u00fada- og \u00cdsraelsk\u00f3ngab\u00f3k.<a name=\"27\"><span class=\"versanumer\">27<\/span><\/a>Og \u00ed fr\u00e1 \u00feeim t\u00edma a\u00f0 Amasia veik fr\u00e1 Drottni, gj\u00f6r\u00f0u menn \u00ed Jer\u00fasalem sambl\u00e1stur m\u00f3ti honum, og hann fl\u00fa\u00f0i til Lakis, og \u00feeir sendu eftir honum til Lakis og dr\u00e1pu hann \u00fear.<a name=\"28\"><span class=\"versanumer\">28<\/span><\/a>Og \u00feeir fluttu hann \u00e1 hestum og gr\u00f3fu hann hj\u00e1 hans fe\u00f0rum \u00ed J\u00fada sta\u00f0.<\/p>\n<div class=\"footnoteVidey\"><\/div>\n","protected":false},"excerpt":{"rendered":"<p>R\u00edkisstj\u00f3rn Amasia. (2 Kgb. 14,1\u201322) 1Tuttugu og fimm \u00e1ra gamall var\u00f0 Amasia k\u00f3ngur, og r\u00edkti 29 \u00e1r \u00ed Jer\u00fasalem. En m\u00f3\u00f0ir hans h\u00e9t J\u00f3adan fr\u00e1 Jer\u00fasalem.2Hann gj\u00f6r\u00f0i \u00fea\u00f0 sem r\u00e9tt var \u00ed Drottins augs\u00fdn, samt ekki me\u00f0 algj\u00f6rlega einl\u00e6gu hjarta.3En sem hann var or\u00f0inn fastur \u00ed konungd\u00f3mnum, l\u00e9t hann drepa s\u00edna \u00fej\u00f3na, sem h\u00f6f\u00f0u unni\u00f0 \u00e1 k\u00f3nginum, f\u00f6\u00f0ur hans.4En syni \u00feeirra deyddi hann ekki, heldur (f\u00f3r hann) eftir \u00fev\u00ed sem skrifa\u00f0 stendur \u00ed M\u00f3sisb\u00f3k, eins og Drottinn bau\u00f0, \u00fe\u00e1 hann sag\u00f0i: fe\u00f0ur skulu ekki dey\u00f0ast fyrir syni, og synir skulu ekki dey\u00f0ast fyrir fe\u00f0ur, heldur skal s\u00e9rhv\u00f6r dey\u00f0ast fyrir s\u00ednar <a href=\"https:\/\/biblian.is\/videy\/sidari-kronikubok-25-kafli\/\"> [&#8230;]<\/a><\/p>\n","protected":false},"author":1,"featured_media":0,"parent":0,"menu_order":0,"comment_status":"open","ping_status":"open","template":"bibliukaflar.php","meta":{"footnotes":""},"class_list":["post-21241","page","type-page","status-publish","hentry"],"_links":{"self":[{"href":"https:\/\/biblian.is\/videy\/wp-json\/wp\/v2\/pages\/21241","targetHints":{"allow":["GET"]}}],"collection":[{"href":"https:\/\/biblian.is\/videy\/wp-json\/wp\/v2\/pages"}],"about":[{"href":"https:\/\/biblian.is\/videy\/wp-json\/wp\/v2\/types\/page"}],"author":[{"embeddable":true,"href":"https:\/\/biblian.is\/videy\/wp-json\/wp\/v2\/users\/1"}],"replies":[{"embeddable":true,"href":"https:\/\/biblian.is\/videy\/wp-json\/wp\/v2\/comments?post=21241"}],"version-history":[{"count":0,"href":"https:\/\/biblian.is\/videy\/wp-json\/wp\/v2\/pages\/21241\/revisions"}],"wp:attachment":[{"href":"https:\/\/biblian.is\/videy\/wp-json\/wp\/v2\/media?parent=21241"}],"curies":[{"name":"wp","href":"https:\/\/api.w.org\/{rel}","templated":true}]}}