{"id":21235,"date":"2018-01-02T01:00:59","date_gmt":"2018-01-02T01:00:59","guid":{"rendered":"http:\/\/biblian.is\/videy\/sidari-kronikubok-19-kafli\/"},"modified":"2018-01-02T01:00:59","modified_gmt":"2018-01-02T01:00:59","slug":"sidari-kronikubok-19-kafli","status":"publish","type":"page","link":"https:\/\/biblian.is\/videy\/sidari-kronikubok-19-kafli\/","title":{"rendered":"S\u00ed\u00f0ari kron\u00edkub\u00f3k 19. kafli"},"content":{"rendered":"<div class=\"fyrirsognVidey\">Sama efni.<\/div>\n<p><a name=\"1\"><span class=\"versanumer\">1<\/span><\/a>Og J\u00f3safat J\u00fadak\u00f3ngur kom lukkulega heim \u00ed sitt h\u00fas \u00ed Jer\u00fasalem.<a name=\"2\"><span class=\"versanumer\">2<\/span><\/a>\u00de\u00e1 gekk Jeh\u00fa sonur Hanani, sj\u00e1andinn, \u00e1 m\u00f3ti honum og sag\u00f0i vi\u00f0 J\u00f3safat konung: \u00e1 ma\u00f0ur a\u00f0 hj\u00e1lpa \u00feeim \u00f3gu\u00f0lega, og \u00fe\u00fa elskar Drottins \u00f3vini? Og fyrir \u00fe\u00e1 skuld kemur rei\u00f0i yfir \u00feig fr\u00e1 Drottni;<a name=\"3\"><span class=\"versanumer\">3<\/span><\/a>\u00fe\u00f3 er eitthva\u00f0 gott hj\u00e1 \u00fe\u00e9r fundi\u00f0, a\u00f0 \u00fe\u00fa hefir  komi\u00f0 burt offurlundunum \u00far landinu, og hneigt \u00feitt hjarta til a\u00f0 leita Gu\u00f0s.<br \/><a name=\"4\"><span class=\"versanumer\">4<\/span><\/a>Og J\u00f3safat sta\u00f0n\u00e6mdist \u00ed Jer\u00fasalem. Og hann f\u00f3r \u00ed anna\u00f0 sinn \u00fat me\u00f0al f\u00f3lksins, fr\u00e1 Berseba allt til Efraimsfjalls, og leiddi \u00fe\u00e1 aftur til Drottins, \u00feeirra fe\u00f0ra Gu\u00f0s.<a name=\"5\"><span class=\"versanumer\">5<\/span><\/a>Og hann setti d\u00f3mara \u00ed landinu, \u00ed \u00f6llum st\u00f6\u00f0um J\u00fada \u00feeim v\u00edggirtu, \u00ed hv\u00f6rri borg.<a name=\"6\"><span class=\"versanumer\">6<\/span><\/a>Og hann sag\u00f0i vi\u00f0 d\u00f3marana: g\u00e1i\u00f0 a\u00f0 hva\u00f0 \u00fe\u00e9r gj\u00f6ri\u00f0, \u00fev\u00ed ekki d\u00e6mi\u00f0 \u00fe\u00e9r fyrir m\u00f6nnum heldur fyrir Gu\u00f0i; og hann er hj\u00e1 y\u00f0ur \u00ed y\u00f0ar d\u00f3mara verkum.<a name=\"7\"><span class=\"versanumer\">7<\/span><\/a>Og n\u00fa s\u00e9 Drottins \u00f3tti yfir y\u00f0ur, g\u00e1i\u00f0 a\u00f0 hva\u00f0 \u00fe\u00e9r gj\u00f6ri\u00f0, \u00fev\u00ed hj\u00e1 Drottni vorum Gu\u00f0i er ekkert rangl\u00e6ti og ekkert manngreinar \u00e1lit og hann \u00feiggur engar m\u00fatur. <br \/><a name=\"8\"><span class=\"versanumer\">8<\/span><\/a>Og l\u00edka setti J\u00f3safat \u00ed Jer\u00fasalem Lev\u00edta og presta og \u00e6ttfe\u00f0ur af \u00cdsrael til a\u00f0 d\u00e6ma Drottins d\u00f3ma, og til a\u00f0 gegna m\u00e1lum, \u00fe\u00e1 \u00feeir voru komnir til Jer\u00fasalem.<a name=\"9\"><span class=\"versanumer\">9<\/span><\/a>Og hann bau\u00f0 \u00feeim og sag\u00f0i: svo skulu\u00f0 \u00fe\u00e9r breyta \u00ed \u00f3tta Drottins me\u00f0 tr\u00famennsku og hreinskilnu hjarta;<a name=\"10\"><span class=\"versanumer\">10<\/span><\/a>og hva\u00f0a m\u00e1l sem fyrir y\u00f0ur kemur fr\u00e1 y\u00f0ar br\u00e6\u00f0rum, sem b\u00faa \u00ed s\u00ednum st\u00f6\u00f0um, hv\u00f6rt sem \u00fea\u00f0 er milli bl\u00f3\u00f0s og bl\u00f3\u00f0s, e\u00f0a <span class='VideyAth'>(vi\u00f0v\u00edkur)<\/span> l\u00f6gum og bo\u00f0or\u00f0i og setningum og r\u00e9ttindum, svo undirv\u00edsi\u00f0 \u00feeim, a\u00f0 \u00feeir ekki gj\u00f6ri sig seka vi\u00f0 Drottin, og a\u00f0 engin rei\u00f0i komi yfir \u00fe\u00e1 og \u00feeirra br\u00e6\u00f0ur; svo skulu\u00f0 \u00fe\u00e9r breyta, og gj\u00f6ra y\u00f0ur ekki seka.<a name=\"11\"><span class=\"versanumer\">11<\/span><\/a>Og sj\u00e1! Amar\u00eda, prestah\u00f6f\u00f0ingi, er yfir y\u00f0ur, \u00ed \u00f6llum Drottins m\u00e1lefnum; og Sebad\u00eda sonur \u00cdsmaels, h\u00f6f\u00f0ingi yfir J\u00fada h\u00fasi, \u00ed m\u00e1lefnum k\u00f3ngsins; og \u00fe\u00e9r hafi\u00f0 fyrir y\u00f0ur forst\u00f6\u00f0u menn Lev\u00edtanna. Veri\u00f0 fastir \u00ed y\u00f0ar st\u00f6rfum! og Drottinn s\u00e9 me\u00f0 \u00feeim g\u00f3\u00f0u.<\/p>\n<div class=\"footnoteVidey\"><\/div>\n","protected":false},"excerpt":{"rendered":"<p>Sama efni. 1Og J\u00f3safat J\u00fadak\u00f3ngur kom lukkulega heim \u00ed sitt h\u00fas \u00ed Jer\u00fasalem.2\u00de\u00e1 gekk Jeh\u00fa sonur Hanani, sj\u00e1andinn, \u00e1 m\u00f3ti honum og sag\u00f0i vi\u00f0 J\u00f3safat konung: \u00e1 ma\u00f0ur a\u00f0 hj\u00e1lpa \u00feeim \u00f3gu\u00f0lega, og \u00fe\u00fa elskar Drottins \u00f3vini? Og fyrir \u00fe\u00e1 skuld kemur rei\u00f0i yfir \u00feig fr\u00e1 Drottni;3\u00fe\u00f3 er eitthva\u00f0 gott hj\u00e1 \u00fe\u00e9r fundi\u00f0, a\u00f0 \u00fe\u00fa hefir komi\u00f0 burt offurlundunum \u00far landinu, og hneigt \u00feitt hjarta til a\u00f0 leita Gu\u00f0s.4Og J\u00f3safat sta\u00f0n\u00e6mdist \u00ed Jer\u00fasalem. Og hann f\u00f3r \u00ed anna\u00f0 sinn \u00fat me\u00f0al f\u00f3lksins, fr\u00e1 Berseba allt til Efraimsfjalls, og leiddi \u00fe\u00e1 aftur til Drottins, \u00feeirra fe\u00f0ra Gu\u00f0s.5Og hann setti d\u00f3mara \u00ed <a href=\"https:\/\/biblian.is\/videy\/sidari-kronikubok-19-kafli\/\"> [&#8230;]<\/a><\/p>\n","protected":false},"author":1,"featured_media":0,"parent":0,"menu_order":0,"comment_status":"open","ping_status":"open","template":"bibliukaflar.php","meta":{"footnotes":""},"class_list":["post-21235","page","type-page","status-publish","hentry"],"_links":{"self":[{"href":"https:\/\/biblian.is\/videy\/wp-json\/wp\/v2\/pages\/21235","targetHints":{"allow":["GET"]}}],"collection":[{"href":"https:\/\/biblian.is\/videy\/wp-json\/wp\/v2\/pages"}],"about":[{"href":"https:\/\/biblian.is\/videy\/wp-json\/wp\/v2\/types\/page"}],"author":[{"embeddable":true,"href":"https:\/\/biblian.is\/videy\/wp-json\/wp\/v2\/users\/1"}],"replies":[{"embeddable":true,"href":"https:\/\/biblian.is\/videy\/wp-json\/wp\/v2\/comments?post=21235"}],"version-history":[{"count":0,"href":"https:\/\/biblian.is\/videy\/wp-json\/wp\/v2\/pages\/21235\/revisions"}],"wp:attachment":[{"href":"https:\/\/biblian.is\/videy\/wp-json\/wp\/v2\/media?parent=21235"}],"curies":[{"name":"wp","href":"https:\/\/api.w.org\/{rel}","templated":true}]}}