{"id":21234,"date":"2018-01-02T01:00:59","date_gmt":"2018-01-02T01:00:59","guid":{"rendered":"http:\/\/biblian.is\/videy\/sidari-kronikubok-18-kafli\/"},"modified":"2018-01-02T01:00:59","modified_gmt":"2018-01-02T01:00:59","slug":"sidari-kronikubok-18-kafli","status":"publish","type":"page","link":"https:\/\/biblian.is\/videy\/sidari-kronikubok-18-kafli\/","title":{"rendered":"S\u00ed\u00f0ari kron\u00edkub\u00f3k 18. kafli"},"content":{"rendered":"<div class=\"fyrirsognVidey\">Sama efni.<\/div>\n<p><a name=\"1\"><span class=\"versanumer\">1<\/span><\/a>Og J\u00f3safat haf\u00f0i mikinn au\u00f0 og n\u00e6gtir. Og hann m\u00e6g\u00f0ist vi\u00f0 Akab,<a name=\"2\"><span class=\"versanumer\">2<\/span><\/a>og a\u00f0 2 \u00e1rum li\u00f0num f\u00f3r hann til Akabs \u00ed Samar\u00edu, og Akab sl\u00e1tra\u00f0i \u00e1 m\u00f3ti honum og \u00fev\u00ed f\u00f3lki sem me\u00f0 honum var, fj\u00f6lda sau\u00f0a og nauta, og neyddi hann til a\u00f0 fara m\u00f3ti Ramot \u00ed G\u00edlea\u00f0.<a name=\"3\"><span class=\"versanumer\">3<\/span><\/a>Og Akab, \u00cdsraelsk\u00f3ngur, sag\u00f0i vi\u00f0 J\u00f3safat, J\u00fadak\u00f3ng: vilt \u00fe\u00fa fara me\u00f0 m\u00e9r m\u00f3ti Ramot \u00ed G\u00edlea\u00f0? Og hann svara\u00f0i honum: eg sem \u00fe\u00fa, og mitt f\u00f3lk sem \u00feitt f\u00f3lk, og <span class='VideyAth'>(eg fer)<\/span> me\u00f0 \u00fe\u00e9r \u00ed lei\u00f0angurinn.<a name=\"4\"><span class=\"versanumer\">4<\/span><\/a>Og J\u00f3safat sag\u00f0i vi\u00f0 \u00cdsraelskonung: spyr \u00fe\u00f3 \u00ed dag Drottins or\u00f0!<a name=\"5\"><span class=\"versanumer\">5<\/span><\/a>\u00de\u00e1 samankalla\u00f0i \u00cdsraelsk\u00f3ngur sp\u00e1mennina, 4 hundru\u00f0 manns, og m\u00e6lti til \u00feeirra: eigum v\u00e9r a\u00f0 fara herf\u00f6rina til G\u00edlea\u00f0? e\u00f0a \u00e1 eg a\u00f0 l\u00e1ta vera svo b\u00fai\u00f0? og \u00feeir s\u00f6g\u00f0u: far \u00fe\u00fa og Gu\u00f0 mun gefa \u00fea\u00f0 <span class='VideyAth'>(landi\u00f0)<\/span> \u00ed k\u00f3ngsins h\u00f6nd.<a name=\"6\"><span class=\"versanumer\">6<\/span><\/a>Og J\u00f3safat m\u00e6lti: er h\u00e9r ekki enn einhv\u00f6r sp\u00e1ma\u00f0ur Drottins, a\u00f0 v\u00e9r g\u00e6tum, fyrir hans millig\u00f6ngu, a\u00f0spurt?<a name=\"7\"><span class=\"versanumer\">7<\/span><\/a>Og \u00cdsraelsk\u00f3ngur sag\u00f0i vi\u00f0 J\u00f3safat: enn er einn ma\u00f0ur er v\u00e9r g\u00e6tum l\u00e1ti\u00f0 a\u00f0spyrja Drottin; en eg hata hann, \u00fev\u00ed hann sp\u00e1ir m\u00e9r aldrei g\u00f3\u00f0u, heldur \u00e6t\u00ed\u00f0 illu einu; \u00fea\u00f0 er Mika sonur Jimla. Og J\u00f3safat m\u00e6lti: konungurinn tali ei svo! <br \/><a name=\"8\"><span class=\"versanumer\">8<\/span><\/a>\u00de\u00e1 kalla\u00f0i \u00cdsraelsk\u00f3ngur einn af hir\u00f0m\u00f6nnunum og m\u00e6lti: s\u00e6k \u00fe\u00fa skj\u00f3tt Mika, son Jimla.<a name=\"9\"><span class=\"versanumer\">9<\/span><\/a>En \u00cdsraelsk\u00f3ngur og J\u00f3safat J\u00fadak\u00f3ngur \u00feeir s\u00e1tu sin \u00ed hv\u00f6rju h\u00e1s\u00e6ti, kl\u00e6ddir <span class='VideyAth'>(k\u00f3nglegum)<\/span> skr\u00fa\u00f0a, og \u00feeir s\u00e1tu \u00e1 fl\u00f6t vi\u00f0 innganginn \u00ed Samar\u00edu borgarhli\u00f0, og allir sp\u00e1mennirnir sp\u00e1\u00f0u frammi fyrir \u00feeim.<a name=\"10\"><span class=\"versanumer\">10<\/span><\/a>Og Sedekia sonur Knaana gj\u00f6r\u00f0i s\u00e9r horn af j\u00e1rni, og m\u00e6lti: svo segir Drottinn: h\u00e9r me\u00f0 muntu stanga s\u00fdrlenska, \u00feanga\u00f0 til \u00fe\u00fa gj\u00f6rir \u00fat af vi\u00f0 \u00fe\u00e1.<a name=\"11\"><span class=\"versanumer\">11<\/span><\/a>Og allir sp\u00e1mennirnir sp\u00e1\u00f0u eins, og m\u00e6ltu: far \u00fe\u00fa m\u00f3ti Ramot \u00ed G\u00edlea\u00f0, \u00fe\u00e9r mun \u00fea\u00f0 lukkast, og Drottinn mun gefa hana \u00ed k\u00f3ngsins h\u00f6nd. <br \/><a name=\"12\"><span class=\"versanumer\">12<\/span><\/a>En s\u00e1 sendisveinn, er f\u00f3r a\u00f0 kalla Mika, tala\u00f0i vi\u00f0 hann og m\u00e6lti: sj\u00e1! tal sp\u00e1mannanna \u00ed einu hlj\u00f3\u00f0i ge\u00f0jast k\u00f3nginum, l\u00e1ttu n\u00fa \u00feitt tal vera sem eins \u00feeirra, og tala \u00fe\u00fa gott!<a name=\"13\"><span class=\"versanumer\">13<\/span><\/a>Og Mika sag\u00f0i: svo sannarlega sem Drottinn lifir! \u00fea\u00f0 sem minn Gu\u00f0 segir m\u00e9r, \u00fea\u00f0 mun eg tala.<a name=\"14\"><span class=\"versanumer\">14<\/span><\/a>Og sem hann kom fyrir konunginn m\u00e6lti konungurinn til hans: Mika! eigum vi\u00f0 a\u00f0 fara og herja \u00e1 Ramot \u00ed G\u00edlea\u00f0, e\u00f0a \u00e1 eg a\u00f0 sleppa \u00fev\u00ed? og hann svara\u00f0i: fari\u00f0! y\u00f0ur mun \u00fea\u00f0 lukkast, og h\u00fan <span class='VideyAth'>(borgin)<\/span> mun ver\u00f0a gefin \u00ed y\u00f0ar h\u00f6nd.<a name=\"15\"><span class=\"versanumer\">15<\/span><\/a>Og k\u00f3ngurinn m\u00e6lti vi\u00f0 hann: hv\u00f6rsu oft skal eg l\u00e1ta \u00feig sverja, a\u00f0 \u00fe\u00fa segir m\u00e9r ekki anna\u00f0 en sannleika, \u00ed nafni Drottins?<a name=\"16\"><span class=\"versanumer\">16<\/span><\/a>Og hann m\u00e6lti: eg s\u00e1 allan \u00cdsrael tv\u00edstra\u00f0an um fj\u00f6llin, eins og hj\u00f6r\u00f0, sem hefir engan hir\u00f0ir. Og Drottinn sag\u00f0i: \u00feessir hafa engan hir\u00f0ir, fari hv\u00f6r heim til s\u00edn \u00ed fri\u00f0i.<a name=\"17\"><span class=\"versanumer\">17<\/span><\/a>\u00de\u00e1 sag\u00f0i \u00cdsraelsk\u00f3ngur vi\u00f0 J\u00f3safat: hefi eg ekki sagt \u00fe\u00e9r \u00fea\u00f0? hann sp\u00e1ir m\u00e9r engu g\u00f3\u00f0u, heldur illu.<br \/><a name=\"18\"><span class=\"versanumer\">18<\/span><\/a>Og hann <span class='VideyAth'>(Mika)<\/span> m\u00e6lti: heyri\u00f0 \u00fe\u00e1 Drottins or\u00f0: eg s\u00e1 Drottin sitja \u00ed s\u00ednu h\u00e1s\u00e6ti, og allan himinsins her standa honum til h\u00e6gri og vinstri handar.<a name=\"19\"><span class=\"versanumer\">19<\/span><\/a>Og Drottinn sag\u00f0i: hv\u00f6r vill yfirtala Akab, \u00cdsraelsk\u00f3ng, a\u00f0 hann fari og falli hj\u00e1 Ramot \u00ed G\u00edlea\u00f0? og sitt sag\u00f0i hv\u00f6r.<a name=\"20\"><span class=\"versanumer\">20<\/span><\/a>\u00de\u00e1 kom fram andi og gekk fyrir Drottin og m\u00e6lti: eg skal yfirtala hann. Og Drottinn sag\u00f0i til hans: hv\u00f6rnig?<a name=\"21\"><span class=\"versanumer\">21<\/span><\/a>Og hann svara\u00f0i: eg \u00e6tla a\u00f0 fara og vera lygaandi \u00ed munni allra hans sp\u00e1manna. Og hann <span class='VideyAth'>(Drottinn)<\/span> sag\u00f0i: \u00fe\u00fa skalt yfirtala hann og \u00fe\u00fa munt l\u00edka geta \u00fea\u00f0, far \u00fe\u00fa og gj\u00f6r svo.<a name=\"22\"><span class=\"versanumer\">22<\/span><\/a>Og sj\u00e1! Drottinn hefir n\u00fa lagt lygaanda \u00ed munn \u00feessara \u00feinna sp\u00e1manna, og Drottinn hefir illt tala\u00f0 \u00fe\u00e9r til handa. <br \/><a name=\"23\"><span class=\"versanumer\">23<\/span><\/a>\u00de\u00e1 gekk \u00fear a\u00f0 Sedekia sonur Knaana og rak Mika utan undir og m\u00e6lti: um hv\u00f6rn veg skyldi Andi Gu\u00f0s hafa fari\u00f0 fr\u00e1 m\u00e9r til a\u00f0 tala vi\u00f0 \u00feig?<a name=\"24\"><span class=\"versanumer\">24<\/span><\/a>Og Mika sag\u00f0i: sj\u00e1! \u00fe\u00fa munt \u00fea\u00f0 sj\u00e1 \u00e1 \u00feeim sama degi, \u00feegar \u00fe\u00fa rennur h\u00fas \u00far h\u00fasi til a\u00f0 fela \u00feig.<a name=\"25\"><span class=\"versanumer\">25<\/span><\/a>Og \u00cdsraelskonungur m\u00e6lti: taki\u00f0 Mika og f\u00e6ri\u00f0 hann Amon borgmeistara og J\u00f3as k\u00f3ngssyni<a name=\"26\"><span class=\"versanumer\">26<\/span><\/a>og segi\u00f0: svo segir k\u00f3ngurinn: l\u00e1ti\u00f0 \u00feennan \u00ed myrkvastofu og veiti\u00f0 honum ves\u00e6ldarbrau\u00f0 og -vatn, \u00feanga\u00f0 til eg kem lukkulega heim aftur.<a name=\"27\"><span class=\"versanumer\">27<\/span><\/a>Og Mika sag\u00f0i: ef \u00fe\u00fa kemur lukkulega heim aftur, svo hefir Drottinn ekki tala\u00f0 \u00ed m\u00ednum munni. Og hann m\u00e6lti: heyri \u00fea\u00f0 allur l\u00fd\u00f0ur! <br \/><a name=\"28\"><span class=\"versanumer\">28<\/span><\/a>Og svo f\u00f3ru \u00feeir, \u00cdsraelsk\u00f3ngur, og J\u00f3safat J\u00fadak\u00f3ngur, til Ramot \u00ed G\u00edlea\u00f0.<a name=\"29\"><span class=\"versanumer\">29<\/span><\/a>Og \u00cdsraelsk\u00f3ngur sag\u00f0i vi\u00f0 J\u00f3safat: \u00ed dularb\u00faningi vil eg ganga \u00ed orrustuna, en far \u00fe\u00fa \u00ed \u00fe\u00edn kl\u00e6\u00f0i. Og svo kl\u00e6ddi \u00cdsraelskonungur sig \u00ed dularb\u00faning, og \u00feeir komu \u00ed orrustuna.<a name=\"30\"><span class=\"versanumer\">30<\/span><\/a>En S\u00fdrlandskonungur haf\u00f0i bo\u00f0i\u00f0 og sagt fyrirli\u00f0um sinna vagn: berjist vi\u00f0 engan mann, hv\u00f6rki sm\u00e1ann n\u00e9 st\u00f3rann, nema \u00cdsraelskonung einann.<a name=\"31\"><span class=\"versanumer\">31<\/span><\/a>Og \u00fea\u00f0 ske\u00f0i, \u00fe\u00e1 vagnli\u00f0s foringjarnir s\u00e1u J\u00f3safat, \u00fev\u00ed \u00feeir hugsu\u00f0u: \u00feetta er \u00cdsraelsk\u00f3ngur, \u00fe\u00e1 l\u00f6g\u00f0u \u00feeir \u00e1 m\u00f3ti honum til \u00feess a\u00f0 berjast vi\u00f0 hann. \u00de\u00e1 kalla\u00f0i J\u00f3safat, og Drottinn hj\u00e1lpa\u00f0i honum, og Gu\u00f0 rak \u00fe\u00e1 fr\u00e1 honum;<a name=\"32\"><span class=\"versanumer\">32<\/span><\/a>og sem foringjar vagnli\u00f0sins s\u00e1u, a\u00f0 \u00feetta var ekki \u00cdsraelsk\u00f3ngur, hvurfu \u00feeir fr\u00e1 honum. <br \/><a name=\"33\"><span class=\"versanumer\">33<\/span><\/a>En ma\u00f0ur nokkur dr\u00f3 upp sinn boga \u00ed meinleysi s\u00ednu, og skaut \u00cdsraelsk\u00f3ng \u00ed gegnum hringabrynjuna. Og hann sag\u00f0i vi\u00f0 \u00feann sem st\u00fdr\u00f0i hans vagni: far \u00fe\u00fa me\u00f0 mig \u00far bardaganum \u00fev\u00ed eg er s\u00e1r.<a name=\"34\"><span class=\"versanumer\">34<\/span><\/a>Og bardaginn var\u00f0 mikill \u00e1 \u00feeim sama degi, og \u00cdsraelskonungur st\u00f3\u00f0 \u00ed vagninum gagnvart \u00feeim s\u00fdrlensku allt til kv\u00f6lds, og d\u00f3 um s\u00f3larlag.<\/p>\n<div class=\"footnoteVidey\">V. 33. Hringabr: a\u00f0rir: milli brynjunnar og beltisins.<\/div>\n","protected":false},"excerpt":{"rendered":"<p>Sama efni. 1Og J\u00f3safat haf\u00f0i mikinn au\u00f0 og n\u00e6gtir. Og hann m\u00e6g\u00f0ist vi\u00f0 Akab,2og a\u00f0 2 \u00e1rum li\u00f0num f\u00f3r hann til Akabs \u00ed Samar\u00edu, og Akab sl\u00e1tra\u00f0i \u00e1 m\u00f3ti honum og \u00fev\u00ed f\u00f3lki sem me\u00f0 honum var, fj\u00f6lda sau\u00f0a og nauta, og neyddi hann til a\u00f0 fara m\u00f3ti Ramot \u00ed G\u00edlea\u00f0.3Og Akab, \u00cdsraelsk\u00f3ngur, sag\u00f0i vi\u00f0 J\u00f3safat, J\u00fadak\u00f3ng: vilt \u00fe\u00fa fara me\u00f0 m\u00e9r m\u00f3ti Ramot \u00ed G\u00edlea\u00f0? Og hann svara\u00f0i honum: eg sem \u00fe\u00fa, og mitt f\u00f3lk sem \u00feitt f\u00f3lk, og (eg fer) me\u00f0 \u00fe\u00e9r \u00ed lei\u00f0angurinn.4Og J\u00f3safat sag\u00f0i vi\u00f0 \u00cdsraelskonung: spyr \u00fe\u00f3 \u00ed dag Drottins or\u00f0!5\u00de\u00e1 samankalla\u00f0i \u00cdsraelsk\u00f3ngur sp\u00e1mennina, 4 <a href=\"https:\/\/biblian.is\/videy\/sidari-kronikubok-18-kafli\/\"> [&#8230;]<\/a><\/p>\n","protected":false},"author":1,"featured_media":0,"parent":0,"menu_order":0,"comment_status":"open","ping_status":"open","template":"bibliukaflar.php","meta":{"footnotes":""},"class_list":["post-21234","page","type-page","status-publish","hentry"],"_links":{"self":[{"href":"https:\/\/biblian.is\/videy\/wp-json\/wp\/v2\/pages\/21234","targetHints":{"allow":["GET"]}}],"collection":[{"href":"https:\/\/biblian.is\/videy\/wp-json\/wp\/v2\/pages"}],"about":[{"href":"https:\/\/biblian.is\/videy\/wp-json\/wp\/v2\/types\/page"}],"author":[{"embeddable":true,"href":"https:\/\/biblian.is\/videy\/wp-json\/wp\/v2\/users\/1"}],"replies":[{"embeddable":true,"href":"https:\/\/biblian.is\/videy\/wp-json\/wp\/v2\/comments?post=21234"}],"version-history":[{"count":0,"href":"https:\/\/biblian.is\/videy\/wp-json\/wp\/v2\/pages\/21234\/revisions"}],"wp:attachment":[{"href":"https:\/\/biblian.is\/videy\/wp-json\/wp\/v2\/media?parent=21234"}],"curies":[{"name":"wp","href":"https:\/\/api.w.org\/{rel}","templated":true}]}}