{"id":21233,"date":"2018-01-02T01:00:59","date_gmt":"2018-01-02T01:00:59","guid":{"rendered":"http:\/\/biblian.is\/videy\/sidari-kronikubok-17-kafli\/"},"modified":"2018-01-02T01:00:59","modified_gmt":"2018-01-02T01:00:59","slug":"sidari-kronikubok-17-kafli","status":"publish","type":"page","link":"https:\/\/biblian.is\/videy\/sidari-kronikubok-17-kafli\/","title":{"rendered":"S\u00ed\u00f0ari kron\u00edkub\u00f3k 17. kafli"},"content":{"rendered":"<div class=\"fyrirsognVidey\">J\u00f3safats r\u00edkisstj\u00f3rn. (1 Kgb. 22.)<\/div>\n<p><a name=\"1\"><span class=\"versanumer\">1<\/span><\/a>Og J\u00f3safat sonur hans var\u00f0 k\u00f3ngur \u00ed hans sta\u00f0, og var\u00f0 mektugur m\u00f3ti \u00cdsrael.<a name=\"2\"><span class=\"versanumer\">2<\/span><\/a>Og hann setti str\u00ed\u00f0smenn \u00ed allar rambyggilegar borgir \u00ed J\u00fada, og setuli\u00f0 \u00ed J\u00fadaland og Efraims sta\u00f0i, sem Assa fa\u00f0ir hans haf\u00f0i unni\u00f0.<a name=\"3\"><span class=\"versanumer\">3<\/span><\/a>Og Drottinn var me\u00f0 J\u00f3safat; \u00fev\u00ed hann gekk \u00e1 Dav\u00ed\u00f0s vegum, f\u00f6\u00f0ur s\u00edns, \u00feeim fyrri, og leita\u00f0i ekki afgu\u00f0anna <span class='VideyAth'>(Baalim)<\/span>,<a name=\"4\"><span class=\"versanumer\">4<\/span><\/a>heldur leita\u00f0i hann Gu\u00f0s sinna fe\u00f0ra, og \u00ed hans bo\u00f0or\u00f0um gekk hann, og gekk eftir \u00cdsraels h\u00e1ttalagi.<a name=\"5\"><span class=\"versanumer\">5<\/span><\/a>Og Drottinn festi k\u00f3ngsr\u00edki\u00f0 \u00ed hans hendi, og allur \u00cdsrael f\u00e6r\u00f0i J\u00f3safat g\u00e1fur, og hann haf\u00f0i mikinn au\u00f0 og n\u00e6gtir.<a name=\"6\"><span class=\"versanumer\">6<\/span><\/a>Og honum \u00f3x hugur \u00e1 Drottins vegum, og hann afm\u00e1\u00f0i h\u00e6\u00f0irnar og offurlundana \u00ed J\u00fada.<a name=\"7\"><span class=\"versanumer\">7<\/span><\/a>Og \u00e1 \u00feri\u00f0ja \u00e1ri sinnar r\u00edkisstj\u00f3rnar sendi hann s\u00edna h\u00f6f\u00f0ingja, Benhail og \u00d3bad\u00edn og Sakar\u00eda, og Netaneel og Mikaja, a\u00f0 \u00feeir skyldu kenna \u00ed J\u00fada st\u00f6\u00f0um,<a name=\"8\"><span class=\"versanumer\">8<\/span><\/a>og me\u00f0 \u00feeim Lev\u00edtana: Semaja og Nethania og Sebadia og Asahel og Semiramot og J\u00f3natan og Adonia og Tobia og Tob-Adon\u00eda, Lev\u00edtana, og me\u00f0 \u00feeim Elisama og J\u00f3ram prestana.<a name=\"9\"><span class=\"versanumer\">9<\/span><\/a>Og \u00feeir kenndu \u00ed J\u00fada og h\u00f6f\u00f0u me\u00f0 s\u00e9r Gu\u00f0s l\u00f6gb\u00f3k, og f\u00f3ru um alla J\u00fada sta\u00f0i, og kenndu me\u00f0al f\u00f3lksins.<a name=\"10\"><span class=\"versanumer\">10<\/span><\/a>Og Gu\u00f0s \u00f3tti kom yfir allra landa k\u00f3ngsr\u00edki, sem voru \u00ed kringum J\u00fada, svo \u00feau herju\u00f0u ekki \u00e1 J\u00f3safat.<a name=\"11\"><span class=\"versanumer\">11<\/span><\/a>Og nokkrir af Filisteunum f\u00e6r\u00f0u J\u00f3safat g\u00e1fur og silfur og skatt; l\u00edka f\u00e6r\u00f0u arabiskir honum sau\u00f0f\u00e9, 7 \u00fe\u00fasund og 7 hundru\u00f0 hr\u00fata, og 7 \u00fe\u00fasund og 7 hundru\u00f0 hafra.<a name=\"12\"><span class=\"versanumer\">12<\/span><\/a>Og J\u00f3safat efldist meir og meir, og var\u00f0 mikill, og bygg\u00f0i \u00ed J\u00fada, kastala og borgir me\u00f0 vista h\u00fasum,<a name=\"13\"><span class=\"versanumer\">13<\/span><\/a>og haf\u00f0i miklar vistir \u00ed J\u00fada st\u00f6\u00f0um, og str\u00ed\u00f0sf\u00f3lk, miklar hetjur \u00ed Jer\u00fasalem.<a name=\"14\"><span class=\"versanumer\">14<\/span><\/a>Og \u00feessi er \u00feeirra tala eftir \u00feeirra \u00e6ttum. \u00cd J\u00fada var h\u00f6fu\u00f0sma\u00f0ur yfir \u00fe\u00fasund manns: Adna, h\u00f6f\u00f0ingi, og me\u00f0 honum r\u00f6skir menn, 3 hundru\u00f0 \u00fe\u00fasund;<a name=\"15\"><span class=\"versanumer\">15<\/span><\/a>Og \u00e1samt honum J\u00f3hanan, h\u00f6f\u00f0ingi, og me\u00f0 honum 2 hundru\u00f0 og 80 \u00fe\u00fasund.<a name=\"16\"><span class=\"versanumer\">16<\/span><\/a>Og \u00e1samt honum Amasia, sonur Sikr\u00ed, sem \u00fej\u00f3na\u00f0i Drottni sj\u00e1lfviljuglega, og me\u00f0 honum 2 hundru\u00f0 \u00fe\u00fasund duglegra str\u00ed\u00f0smanna.<a name=\"17\"><span class=\"versanumer\">17<\/span><\/a>Og af Benjam\u00edn: str\u00ed\u00f0shetjan El\u00edada, og me\u00f0 honum, vopna\u00f0ir me\u00f0 boga og skildi, 2 hundru\u00f0 \u00fe\u00fasund;<a name=\"18\"><span class=\"versanumer\">18<\/span><\/a>og \u00e1samt honum J\u00f3sabad, og me\u00f0 honum hundra\u00f0 og \u00e1ttat\u00edu \u00fe\u00fasund manns, hertygja\u00f0ir til str\u00ed\u00f0s.<a name=\"19\"><span class=\"versanumer\">19<\/span><\/a>\u00deessir voru \u00feeir, sem \u00fej\u00f3nu\u00f0u k\u00f3nginum, auk \u00feeirra, sem k\u00f3ngurinn setti \u00ed \u00fe\u00e6r rambyggilegu borgir, \u00ed \u00f6llu J\u00fadalandi.<\/p>\n<div class=\"footnoteVidey\"><\/div>\n","protected":false},"excerpt":{"rendered":"<p>J\u00f3safats r\u00edkisstj\u00f3rn. (1 Kgb. 22.) 1Og J\u00f3safat sonur hans var\u00f0 k\u00f3ngur \u00ed hans sta\u00f0, og var\u00f0 mektugur m\u00f3ti \u00cdsrael.2Og hann setti str\u00ed\u00f0smenn \u00ed allar rambyggilegar borgir \u00ed J\u00fada, og setuli\u00f0 \u00ed J\u00fadaland og Efraims sta\u00f0i, sem Assa fa\u00f0ir hans haf\u00f0i unni\u00f0.3Og Drottinn var me\u00f0 J\u00f3safat; \u00fev\u00ed hann gekk \u00e1 Dav\u00ed\u00f0s vegum, f\u00f6\u00f0ur s\u00edns, \u00feeim fyrri, og leita\u00f0i ekki afgu\u00f0anna (Baalim),4heldur leita\u00f0i hann Gu\u00f0s sinna fe\u00f0ra, og \u00ed hans bo\u00f0or\u00f0um gekk hann, og gekk eftir \u00cdsraels h\u00e1ttalagi.5Og Drottinn festi k\u00f3ngsr\u00edki\u00f0 \u00ed hans hendi, og allur \u00cdsrael f\u00e6r\u00f0i J\u00f3safat g\u00e1fur, og hann haf\u00f0i mikinn au\u00f0 og n\u00e6gtir.6Og honum \u00f3x hugur \u00e1 Drottins <a href=\"https:\/\/biblian.is\/videy\/sidari-kronikubok-17-kafli\/\"> [&#8230;]<\/a><\/p>\n","protected":false},"author":1,"featured_media":0,"parent":0,"menu_order":0,"comment_status":"open","ping_status":"open","template":"bibliukaflar.php","meta":{"footnotes":""},"class_list":["post-21233","page","type-page","status-publish","hentry"],"_links":{"self":[{"href":"https:\/\/biblian.is\/videy\/wp-json\/wp\/v2\/pages\/21233","targetHints":{"allow":["GET"]}}],"collection":[{"href":"https:\/\/biblian.is\/videy\/wp-json\/wp\/v2\/pages"}],"about":[{"href":"https:\/\/biblian.is\/videy\/wp-json\/wp\/v2\/types\/page"}],"author":[{"embeddable":true,"href":"https:\/\/biblian.is\/videy\/wp-json\/wp\/v2\/users\/1"}],"replies":[{"embeddable":true,"href":"https:\/\/biblian.is\/videy\/wp-json\/wp\/v2\/comments?post=21233"}],"version-history":[{"count":0,"href":"https:\/\/biblian.is\/videy\/wp-json\/wp\/v2\/pages\/21233\/revisions"}],"wp:attachment":[{"href":"https:\/\/biblian.is\/videy\/wp-json\/wp\/v2\/media?parent=21233"}],"curies":[{"name":"wp","href":"https:\/\/api.w.org\/{rel}","templated":true}]}}