{"id":21231,"date":"2018-01-02T01:00:59","date_gmt":"2018-01-02T01:00:59","guid":{"rendered":"http:\/\/biblian.is\/videy\/sidari-kronikubok-15-kafli\/"},"modified":"2018-01-02T01:00:59","modified_gmt":"2018-01-02T01:00:59","slug":"sidari-kronikubok-15-kafli","status":"publish","type":"page","link":"https:\/\/biblian.is\/videy\/sidari-kronikubok-15-kafli\/","title":{"rendered":"S\u00ed\u00f0ari kron\u00edkub\u00f3k 15. kafli"},"content":{"rendered":"<div class=\"fyrirsognVidey\">Sama efni.<\/div>\n<p><a name=\"1\"><span class=\"versanumer\">1<\/span><\/a>En Gu\u00f0s andi kom yfir Asar\u00eda Obedsson.<a name=\"2\"><span class=\"versanumer\">2<\/span><\/a>Og hann gekk \u00e1 m\u00f3ti Assa og sag\u00f0i vi\u00f0 hann: heyri\u00f0 mig, Assa og allur J\u00fada og Benjam\u00edn! Drottinn var me\u00f0 y\u00f0ur af \u00fev\u00ed \u00fe\u00e9r v\u00f3ru\u00f0 me\u00f0 honum; og \u00feegar \u00fe\u00e9r leiti\u00f0 hans, svo mun hann l\u00e1ta y\u00f0ur finna sig; en ef \u00fe\u00e9r yfirgefi\u00f0 hann, svo mun hann yfirgefa y\u00f0ur.<a name=\"3\"><span class=\"versanumer\">3<\/span><\/a>Langur t\u00edmi er li\u00f0inn yfir \u00cdsrael \u00e1n \u00feess sanna Gu\u00f0s, \u00e1n uppfr\u00e6\u00f0andi prests og \u00e1n l\u00f6gm\u00e1ls;<a name=\"4\"><span class=\"versanumer\">4<\/span><\/a>En \u00feegar \u00feeir \u00ed kr\u00f6ggunum sneru s\u00e9r til Drottins, \u00cdsraels Gu\u00f0s, og leitu\u00f0u hans, svo l\u00e9t hann sig af \u00feeim finna.<a name=\"5\"><span class=\"versanumer\">5<\/span><\/a>\u00c1 \u00feeim sama t\u00edma var hv\u00f6rki s\u00e1 inngangandi n\u00e9 \u00fatgangandi \u00f3hultur, heldur var mikill \u00f3r\u00f3i yfir \u00f6llum landsins innb\u00faum.<a name=\"6\"><span class=\"versanumer\">6<\/span><\/a>F\u00f3lk rak sig \u00e1 f\u00f3lk og sta\u00f0ur \u00e1 sta\u00f0; \u00fev\u00ed Drottins \u00f3spekti \u00fe\u00e1 me\u00f0 alls konar ney\u00f0.<a name=\"7\"><span class=\"versanumer\">7<\/span><\/a>En veri\u00f0 \u00fe\u00e9r \u00f6ruggir og l\u00e1ti\u00f0 ei y\u00f0ar hendur \u00fereytast, \u00fev\u00ed y\u00f0ar verk eiga laun \u00ed v\u00e6ndum.<a name=\"8\"><span class=\"versanumer\">8<\/span><\/a>Og sem Assa heyr\u00f0i \u00feessi or\u00f0 og sp\u00e1d\u00f3m Obe\u00f0s sp\u00e1manns, \u00f3x honum hugur, og hann t\u00f3k burt vi\u00f0urstygg\u00f0ina <span class='VideyAth'>(afgu\u00f0ina)<\/span> \u00far \u00f6llu J\u00fadalandi og Benjam\u00ednslandi, og \u00far st\u00f6\u00f0unum, sem hann haf\u00f0i unni\u00f0 \u00e1 Efraimsfj\u00f6llum, og endurb\u00e6tti Drottins altari, sem st\u00f3\u00f0 fyrir framan Drottins fordyri.<a name=\"9\"><span class=\"versanumer\">9<\/span><\/a>Og hann samansafna\u00f0i \u00f6llum J\u00fada og Benjam\u00edn, og \u00feeim \u00fatlendu me\u00f0 \u00feeim, af Efraim og Manasse og Simeon; \u00fev\u00ed margir af \u00cdsrael h\u00f6f\u00f0u til hans sn\u00faist, \u00fe\u00e1 \u00feeir s\u00e1u a\u00f0 Drottinn, hans Gu\u00f0, var me\u00f0 honum.<a name=\"10\"><span class=\"versanumer\">10<\/span><\/a>Og \u00feeir samans\u00f6fnu\u00f0ust \u00ed Jer\u00fasalem, \u00ed \u00feri\u00f0ja m\u00e1nu\u00f0i, \u00e1 fimmt\u00e1nda \u00e1ri Assa r\u00edkisstj\u00f3rnar.<a name=\"11\"><span class=\"versanumer\">11<\/span><\/a>Og f\u00e6r\u00f0u Drottni f\u00f3rnir \u00e1 \u00feeim sama degi af herfanginu, sem \u00feeir h\u00f6f\u00f0u komi\u00f0 me\u00f0, 7 hundru\u00f0 naut og 7 \u00fe\u00fasund sau\u00f0i,<a name=\"12\"><span class=\"versanumer\">12<\/span><\/a>og gj\u00f6r\u00f0u \u00feann s\u00e1ttm\u00e1la, a\u00f0 \u00feeir skyldu leita Drottins, \u00feeirra fe\u00f0ra Gu\u00f0s, af \u00f6llu hjarta og allri s\u00e1lu;<a name=\"13\"><span class=\"versanumer\">13<\/span><\/a>og hv\u00f6r sem ekki leita\u00f0i Drottins \u00cdsraels Gu\u00f0s, skyldi l\u00edfl\u00e1tast, eins sm\u00e1r sem st\u00f3r, kall sem kona.<a name=\"14\"><span class=\"versanumer\">14<\/span><\/a>Og \u00feeir s\u00f3ru Drottni me\u00f0 h\u00e1rri r\u00f6dd, og me\u00f0 gle\u00f0i\u00f3pi, og me\u00f0 trumbum og b\u00e1s\u00fanum.<a name=\"15\"><span class=\"versanumer\">15<\/span><\/a>Og allur \u00cdsrael gladdist af ei\u00f0num; \u00fev\u00ed af \u00f6llu hjarta s\u00f3ru \u00feeir, og me\u00f0 einl\u00e6gum vilja leitu\u00f0u \u00feeir hans; og hann l\u00e9t sig finna af \u00feeim, og Drottinn veitti \u00feeim fri\u00f0 umhverfis.<a name=\"16\"><span class=\"versanumer\">16<\/span><\/a>Af Maeka, m\u00f3\u00f0ur Assa k\u00f3ngs, t\u00f3k <span class='VideyAth'>(Assa)<\/span> l\u00edka drottningartignina, fyrir \u00fea\u00f0 a\u00f0 h\u00fan haf\u00f0i l\u00e1ti\u00f0 gj\u00f6ra \u00ed offurlundinum \u00f3ttalegt afgu\u00f0sb\u00edl\u00e6ti, og Assa t\u00f3k burt b\u00edl\u00e6ti\u00f0, og sundurmola\u00f0i \u00fea\u00f0, og brenndi \u00fea\u00f0 \u00ed Kedronsdal.<a name=\"17\"><span class=\"versanumer\">17<\/span><\/a>En h\u00e6\u00f0irnar v\u00f3ru ekki afteknar \u00ed \u00cdsrael, \u00fe\u00f3 hneig hjarta Assa algj\u00f6rlega a\u00f0 Drottni, me\u00f0an hann lif\u00f0i.<a name=\"18\"><span class=\"versanumer\">18<\/span><\/a>Og hann flutti \u00fea\u00f0 sem hans fa\u00f0ir haf\u00f0i helga\u00f0, og \u00fea\u00f0 sem hann sj\u00e1lfur haf\u00f0i helga\u00f0, \u00ed Drottins h\u00fas, silfur og gull og \u00e1h\u00f6ld.<a name=\"19\"><span class=\"versanumer\">19<\/span><\/a>En enginn \u00f3fri\u00f0ur var allt a\u00f0 35ta \u00e1ri Assa r\u00edkisstj\u00f3rnar.<\/p>\n<div class=\"footnoteVidey\"><\/div>\n","protected":false},"excerpt":{"rendered":"<p>Sama efni. 1En Gu\u00f0s andi kom yfir Asar\u00eda Obedsson.2Og hann gekk \u00e1 m\u00f3ti Assa og sag\u00f0i vi\u00f0 hann: heyri\u00f0 mig, Assa og allur J\u00fada og Benjam\u00edn! Drottinn var me\u00f0 y\u00f0ur af \u00fev\u00ed \u00fe\u00e9r v\u00f3ru\u00f0 me\u00f0 honum; og \u00feegar \u00fe\u00e9r leiti\u00f0 hans, svo mun hann l\u00e1ta y\u00f0ur finna sig; en ef \u00fe\u00e9r yfirgefi\u00f0 hann, svo mun hann yfirgefa y\u00f0ur.3Langur t\u00edmi er li\u00f0inn yfir \u00cdsrael \u00e1n \u00feess sanna Gu\u00f0s, \u00e1n uppfr\u00e6\u00f0andi prests og \u00e1n l\u00f6gm\u00e1ls;4En \u00feegar \u00feeir \u00ed kr\u00f6ggunum sneru s\u00e9r til Drottins, \u00cdsraels Gu\u00f0s, og leitu\u00f0u hans, svo l\u00e9t hann sig af \u00feeim finna.5\u00c1 \u00feeim sama t\u00edma var hv\u00f6rki s\u00e1 inngangandi <a href=\"https:\/\/biblian.is\/videy\/sidari-kronikubok-15-kafli\/\"> [&#8230;]<\/a><\/p>\n","protected":false},"author":1,"featured_media":0,"parent":0,"menu_order":0,"comment_status":"open","ping_status":"open","template":"bibliukaflar.php","meta":{"footnotes":""},"class_list":["post-21231","page","type-page","status-publish","hentry"],"_links":{"self":[{"href":"https:\/\/biblian.is\/videy\/wp-json\/wp\/v2\/pages\/21231","targetHints":{"allow":["GET"]}}],"collection":[{"href":"https:\/\/biblian.is\/videy\/wp-json\/wp\/v2\/pages"}],"about":[{"href":"https:\/\/biblian.is\/videy\/wp-json\/wp\/v2\/types\/page"}],"author":[{"embeddable":true,"href":"https:\/\/biblian.is\/videy\/wp-json\/wp\/v2\/users\/1"}],"replies":[{"embeddable":true,"href":"https:\/\/biblian.is\/videy\/wp-json\/wp\/v2\/comments?post=21231"}],"version-history":[{"count":0,"href":"https:\/\/biblian.is\/videy\/wp-json\/wp\/v2\/pages\/21231\/revisions"}],"wp:attachment":[{"href":"https:\/\/biblian.is\/videy\/wp-json\/wp\/v2\/media?parent=21231"}],"curies":[{"name":"wp","href":"https:\/\/api.w.org\/{rel}","templated":true}]}}