{"id":21227,"date":"2018-01-02T01:00:53","date_gmt":"2018-01-02T01:00:53","guid":{"rendered":"http:\/\/biblian.is\/videy\/sidari-kronikubok-11-kafli\/"},"modified":"2018-01-02T01:00:53","modified_gmt":"2018-01-02T01:00:53","slug":"sidari-kronikubok-11-kafli","status":"publish","type":"page","link":"https:\/\/biblian.is\/videy\/sidari-kronikubok-11-kafli\/","title":{"rendered":"S\u00ed\u00f0ari kron\u00edkub\u00f3k 11. kafli"},"content":{"rendered":"<div class=\"fyrirsognVidey\">R\u00f3b\u00f3ams r\u00edkisstj\u00f3rn. (1Kgb. 14,2131.)<\/div>\n<p><a name=\"1\"><span class=\"versanumer\">1<\/span><\/a>Og sem R\u00f3b\u00f3am kom til Jer\u00fasalem, samansafna\u00f0i hann \u00f6llu h\u00fasi J\u00fada og Benjam\u00edns, hundra\u00f0 og 80 \u00fe\u00fasundum einvala str\u00ed\u00f0smanna, til a\u00f0 str\u00ed\u00f0a vi\u00f0 \u00cdsrael, til a\u00f0 koma r\u00edkinu aftur undir R\u00f3b\u00f3am.<a name=\"2\"><span class=\"versanumer\">2<\/span><\/a>\u00de\u00e1 kom or\u00f0 Drottins til Semaja, gu\u00f0smannsins, og sag\u00f0i:<a name=\"3\"><span class=\"versanumer\">3<\/span><\/a>seg \u00fe\u00fa R\u00f3b\u00f3am syni Sal\u00f3mons, J\u00fada konungi, og \u00f6llum \u00cdsrael \u00ed J\u00fada og Benjam\u00edn, og seg:<a name=\"4\"><span class=\"versanumer\">4<\/span><\/a>svo segir Drottinn: fari\u00f0 ekki, og str\u00ed\u00f0i\u00f0 ekki vi\u00f0 y\u00f0ar br\u00e6\u00f0ur, fari\u00f0 til baka, hv\u00f6r til s\u00edns heimilis, \u00fev\u00ed \u00feetta er ske\u00f0 eftir minni tilhlutan. Og \u00feeir hl\u00fdddu Drottins or\u00f0i, og hvurfu til baka fr\u00e1 lei\u00f0angrinum m\u00f3ti Jer\u00f3b\u00f3am. <br \/><a name=\"5\"><span class=\"versanumer\">5<\/span><\/a>Og R\u00f3b\u00f3am bj\u00f3 \u00ed Jer\u00fasalem, og bygg\u00f0i borgir \u00ed J\u00fada.<a name=\"6\"><span class=\"versanumer\">6<\/span><\/a>Hann bygg\u00f0i Betlehem og Etam og Tek\u00f3a,<a name=\"7\"><span class=\"versanumer\">7<\/span><\/a>og Betsur og Soko og Adullam,<a name=\"8\"><span class=\"versanumer\">8<\/span><\/a>og Gat og Maresa og S\u00edf,<a name=\"9\"><span class=\"versanumer\">9<\/span><\/a>og Adorim og Lakis og Aseka,<a name=\"10\"><span class=\"versanumer\">10<\/span><\/a>og Sarea og Ajalon og Hebron, sem eru \u00ed J\u00fada og Benjam\u00edn, fasta sta\u00f0i.<a name=\"11\"><span class=\"versanumer\">11<\/span><\/a>Og hann gj\u00f6r\u00f0i kastalana sterka, og setti \u00fear h\u00f6f\u00f0ingja, og <span class='VideyAth'>(l\u00e9t \u00feanga\u00f0)<\/span> vistir af mat og vi\u00f0smj\u00f6ri og v\u00edni,<a name=\"12\"><span class=\"versanumer\">12<\/span><\/a>og \u00ed hv\u00f6rn sta\u00f0 skildi og spj\u00f3t, og gj\u00f6r\u00f0i \u00fe\u00e1 mj\u00f6g sterka. Og honum hl\u00fdddi J\u00fada og Benjam\u00edn. <br \/><a name=\"13\"><span class=\"versanumer\">13<\/span><\/a>Og prestarnir og Lev\u00edtarnir, sem voru \u00ed \u00f6llum \u00cdsrael, gengu honum \u00e1 h\u00f6nd, \u00far \u00f6llum \u00feeirra lands\u00e1lfum.<a name=\"14\"><span class=\"versanumer\">14<\/span><\/a>\u00dev\u00ed Lev\u00edtarnir yfirg\u00e1fu s\u00edna forsta\u00f0i og s\u00edna eign, og f\u00f3ru \u00ed J\u00fada og til Jer\u00fasalem; \u00fev\u00ed Jer\u00f3b\u00f3am \u00fatsk\u00fafa\u00f0i \u00feeim og hans synir \u00far Drottins prests\u00fej\u00f3nustu,<a name=\"15\"><span class=\"versanumer\">15<\/span><\/a>og settu s\u00e9r presta fyrir h\u00e6\u00f0irnar, og fyrir \u00fe\u00e1 <span class='VideyAth'>*)<\/span> str\u00ed\u00f0h\u00e6r\u00f0u og k\u00e1lfana, sem hann haf\u00f0i tilb\u00fai\u00f0.<a name=\"16\"><span class=\"versanumer\">16<\/span><\/a>Og eftir \u00fe\u00e1 komu til Jer\u00fasalem af \u00f6llum \u00cdsraels \u00e6ttkv\u00edslum, \u00feeir sem g\u00e1fu Drottni \u00cdsraels Gu\u00f0i sitt hjarta, svo \u00feeir leitu\u00f0u hans, til a\u00f0 f\u00e6ra Drottni f\u00f3rnir, \u00feeirra fe\u00f0ra Gu\u00f0i.<a name=\"17\"><span class=\"versanumer\">17<\/span><\/a>Og \u00feeir styrktu r\u00edki J\u00fadak\u00f3ngs, og festu <span class='VideyAth'>(\u00ed tigninni)<\/span> R\u00f3b\u00f3am Sal\u00f3mons son, \u00ed \u00ferj\u00fa \u00e1r. \u00dev\u00ed \u00feeir gengu \u00e1 vegum Dav\u00ed\u00f0s og Sal\u00f3mons \u00ed \u00ferj\u00fa \u00e1r. <br \/><a name=\"18\"><span class=\"versanumer\">18<\/span><\/a>Og R\u00f3b\u00f3am t\u00f3k s\u00e9r fyrir konu, me\u00f0 Mahelat, d\u00f3ttur Jer\u00edmots, sonar Dav\u00ed\u00f0s, Ab\u00edhail, d\u00f3ttur El\u00edabs, sonar Isai.<a name=\"19\"><span class=\"versanumer\">19<\/span><\/a>Og h\u00fan f\u00e6ddi honum syni: Jeus og Semaria og Saham.<a name=\"20\"><span class=\"versanumer\">20<\/span><\/a>Og eftir hana t\u00f3k hann Maaka, d\u00f3ttur Absalons; og h\u00fan f\u00e6ddi honum Abia og Atai og S\u00edfa og Salomit.<a name=\"21\"><span class=\"versanumer\">21<\/span><\/a>Og R\u00f3b\u00f3am elska\u00f0i Maaka, d\u00f3ttur Absalons, meir en allar s\u00ednar konur og hj\u00e1konur; \u00fev\u00ed hann haf\u00f0i teki\u00f0 s\u00e9r 18 konur og 60 hj\u00e1konur, og \u00e1tti 20 syni og 60 d\u00e6tur.<a name=\"22\"><span class=\"versanumer\">22<\/span><\/a>Og R\u00f3b\u00f3am setti Ab\u00eda, Maaka son, h\u00f6fu\u00f0 og h\u00f6f\u00f0ingja me\u00f0al sinna br\u00e6\u00f0ra; \u00fev\u00ed hann \u00e6tla\u00f0i s\u00e9r a\u00f0 gj\u00f6ra hann a\u00f0 k\u00f3ngi, og hann breytti hyggilega og setti alla sonu s\u00edna \u00ed allar borgir \u00ed J\u00fada og Benjam\u00edn, \u00ed alla fasta sta\u00f0i, og f\u00e9kk \u00feeim n\u00f3gar vistir og \u00fatvega\u00f0i \u00feeim fj\u00f6lda af konum.<\/p>\n<div class=\"footnoteVidey\">V. 15. *) \u00de\u00e1 str\u00ed\u00f0h\u00e6r\u00f0u: sj\u00e1 3 Msb. 17,7.<\/div>\n","protected":false},"excerpt":{"rendered":"<p>R\u00f3b\u00f3ams r\u00edkisstj\u00f3rn. (1Kgb. 14,2131.) 1Og sem R\u00f3b\u00f3am kom til Jer\u00fasalem, samansafna\u00f0i hann \u00f6llu h\u00fasi J\u00fada og Benjam\u00edns, hundra\u00f0 og 80 \u00fe\u00fasundum einvala str\u00ed\u00f0smanna, til a\u00f0 str\u00ed\u00f0a vi\u00f0 \u00cdsrael, til a\u00f0 koma r\u00edkinu aftur undir R\u00f3b\u00f3am.2\u00de\u00e1 kom or\u00f0 Drottins til Semaja, gu\u00f0smannsins, og sag\u00f0i:3seg \u00fe\u00fa R\u00f3b\u00f3am syni Sal\u00f3mons, J\u00fada konungi, og \u00f6llum \u00cdsrael \u00ed J\u00fada og Benjam\u00edn, og seg:4svo segir Drottinn: fari\u00f0 ekki, og str\u00ed\u00f0i\u00f0 ekki vi\u00f0 y\u00f0ar br\u00e6\u00f0ur, fari\u00f0 til baka, hv\u00f6r til s\u00edns heimilis, \u00fev\u00ed \u00feetta er ske\u00f0 eftir minni tilhlutan. Og \u00feeir hl\u00fdddu Drottins or\u00f0i, og hvurfu til baka fr\u00e1 lei\u00f0angrinum m\u00f3ti Jer\u00f3b\u00f3am. 5Og R\u00f3b\u00f3am bj\u00f3 \u00ed Jer\u00fasalem, <a href=\"https:\/\/biblian.is\/videy\/sidari-kronikubok-11-kafli\/\"> [&#8230;]<\/a><\/p>\n","protected":false},"author":1,"featured_media":0,"parent":0,"menu_order":0,"comment_status":"open","ping_status":"open","template":"bibliukaflar.php","meta":{"footnotes":""},"class_list":["post-21227","page","type-page","status-publish","hentry"],"_links":{"self":[{"href":"https:\/\/biblian.is\/videy\/wp-json\/wp\/v2\/pages\/21227","targetHints":{"allow":["GET"]}}],"collection":[{"href":"https:\/\/biblian.is\/videy\/wp-json\/wp\/v2\/pages"}],"about":[{"href":"https:\/\/biblian.is\/videy\/wp-json\/wp\/v2\/types\/page"}],"author":[{"embeddable":true,"href":"https:\/\/biblian.is\/videy\/wp-json\/wp\/v2\/users\/1"}],"replies":[{"embeddable":true,"href":"https:\/\/biblian.is\/videy\/wp-json\/wp\/v2\/comments?post=21227"}],"version-history":[{"count":0,"href":"https:\/\/biblian.is\/videy\/wp-json\/wp\/v2\/pages\/21227\/revisions"}],"wp:attachment":[{"href":"https:\/\/biblian.is\/videy\/wp-json\/wp\/v2\/media?parent=21227"}],"curies":[{"name":"wp","href":"https:\/\/api.w.org\/{rel}","templated":true}]}}