{"id":21226,"date":"2018-01-02T01:00:53","date_gmt":"2018-01-02T01:00:53","guid":{"rendered":"http:\/\/biblian.is\/videy\/sidari-kronikubok-10-kafli\/"},"modified":"2018-01-02T01:00:53","modified_gmt":"2018-01-02T01:00:53","slug":"sidari-kronikubok-10-kafli","status":"publish","type":"page","link":"https:\/\/biblian.is\/videy\/sidari-kronikubok-10-kafli\/","title":{"rendered":"S\u00ed\u00f0ari kron\u00edkub\u00f3k 10. kafli"},"content":{"rendered":"<div class=\"fyrirsognVidey\">\u00de\u00e6r t\u00edu \u00e6ttkv\u00edslir falla fr\u00e1. (1 Kgb. 12).<\/div>\n<p><a name=\"1\"><span class=\"versanumer\">1<\/span><\/a>Og R\u00f3b\u00f3am f\u00f3r til Sikem, \u00fev\u00ed til Sikem kom allur \u00cdsrael a\u00f0 gj\u00f6ra hann a\u00f0 k\u00f3ngi.<a name=\"2\"><span class=\"versanumer\">2<\/span><\/a>En er Jer\u00f3b\u00f3am sonur Nebats heyr\u00f0i \u00fea\u00f0, <span class='VideyAth'>(hann var \u00ed Egyptalandi, og haf\u00f0i fl\u00fai\u00f0 \u00feanga\u00f0 fyrir Sal\u00f3mon k\u00f3ngi)<\/span>, \u00fe\u00e1 kom Jer\u00f3b\u00f3am \u00far Egyptalandi,<a name=\"3\"><span class=\"versanumer\">3<\/span><\/a>og \u00feeir sendu eftir honum og k\u00f6llu\u00f0u hann, \u00fe\u00e1 kom Jer\u00f3b\u00f3am og allur \u00cdsrael, og \u00feeir t\u00f6lu\u00f0u vi\u00f0 R\u00f3b\u00f3am og s\u00f6g\u00f0u:<a name=\"4\"><span class=\"versanumer\">4<\/span><\/a>fa\u00f0ir \u00feinn hefir gj\u00f6rt vort ok \u00feungt, og gj\u00f6r\u00f0u n\u00fa l\u00e9ttari \u00fe\u00e1 h\u00f6r\u00f0u \u00fej\u00f3nustu f\u00f6\u00f0ur \u00fe\u00edns og hans \u00feunga ok, sem hann lag\u00f0i \u00e1 oss, svo viljum v\u00e9r \u00fej\u00f3na \u00fe\u00e9r.<a name=\"5\"><span class=\"versanumer\">5<\/span><\/a>Og hann svara\u00f0i \u00feeim: komi\u00f0 til m\u00edn a\u00f0 \u00feremur d\u00f6gum li\u00f0num. Og f\u00f3lki\u00f0 f\u00f3r burt. <br \/><a name=\"6\"><span class=\"versanumer\">6<\/span><\/a>\u00de\u00e1 r\u00e1\u00f0ga\u00f0ist k\u00f3ngurinn R\u00f3b\u00f3am um vi\u00f0 \u00fe\u00e1 elstu, sem sta\u00f0i\u00f0 h\u00f6f\u00f0u frammi fyrir Sal\u00f3mon f\u00f6\u00f0ur hans, me\u00f0an hann enn n\u00fa lif\u00f0i, og sag\u00f0i: hva\u00f0a svar r\u00e1\u00f0i\u00f0 \u00fe\u00e9r m\u00e9r a\u00f0 gefa \u00feessu f\u00f3lki?<a name=\"7\"><span class=\"versanumer\">7<\/span><\/a>Og \u00feeir s\u00f6g\u00f0u til hans og s\u00f6g\u00f0u: viljir \u00fe\u00fa vera g\u00f3\u00f0l\u00e1tlegur vi\u00f0 \u00feetta f\u00f3lk og eftirl\u00e1tur, og gefa \u00feeim g\u00f3\u00f0 or\u00f0: svo munu \u00feeir \u00e1vallt \u00fej\u00f3na \u00fe\u00e9r.<a name=\"8\"><span class=\"versanumer\">8<\/span><\/a>En hann sleppti \u00fev\u00ed r\u00e1\u00f0i sem \u00f6ldungarnir r\u00e9\u00f0u honum og r\u00e1\u00f0f\u00e6r\u00f0i sig vi\u00f0 \u00fe\u00e1 ungu, sem alist h\u00f6f\u00f0u upp me\u00f0 honum, og frammi fyrir honum st\u00f3\u00f0u.<a name=\"9\"><span class=\"versanumer\">9<\/span><\/a>Og hann sag\u00f0i vi\u00f0 \u00fe\u00e1: hva\u00f0a svar r\u00e1\u00f0i\u00f0 \u00fe\u00e9r m\u00e9r a\u00f0 gefa \u00feessu f\u00f3lki, sem vi\u00f0 mig hefir tala\u00f0 og sagt: gj\u00f6r \u00fe\u00fa \u00fea\u00f0 ok l\u00e9ttara sem fa\u00f0ir \u00feinn hefir \u00e1 oss lagt?<a name=\"10\"><span class=\"versanumer\">10<\/span><\/a>Og \u00feeir ungu t\u00f6lu\u00f0u vi\u00f0 hann, \u00feeir sem me\u00f0 honum h\u00f6f\u00f0u uppalist, og s\u00f6g\u00f0u: \u00fe\u00fa ver\u00f0ur a\u00f0 segja f\u00f3lkinu, sem vi\u00f0 \u00feig hefir tala\u00f0 og sagt: fa\u00f0ir \u00feinn hefir gj\u00f6rt vort ok \u00feungt, gj\u00f6r \u00fe\u00fa oss \u00fea\u00f0 l\u00e9ttara; svona skaltu segja vi\u00f0 \u00fe\u00e1: minn litli fingur er \u00feykkari enn f\u00f6\u00f0ur m\u00edns lendar;<a name=\"11\"><span class=\"versanumer\">11<\/span><\/a>og fa\u00f0ir minn hefir lagt \u00e1 y\u00f0ur \u00feungt ok, en eg vil \u00fear a\u00f0 auki b\u00e6ta \u00e1 y\u00f0ar ok, fa\u00f0ir minn hefir aga\u00f0 y\u00f0ur me\u00f0 svipum, en eg <span class='VideyAth'>(mun refsa y\u00f0ur)<\/span> me\u00f0 skorp\u00ed\u00f3num.<br \/><a name=\"12\"><span class=\"versanumer\">12<\/span><\/a>Og er Jer\u00f3b\u00f3am og allt f\u00f3lki\u00f0 kom til R\u00f3b\u00f3ams \u00e1 \u00feri\u00f0ja degi, eins og k\u00f3ngurinn haf\u00f0i tala\u00f0, \u00fe\u00e1 hann m\u00e6lti: komi\u00f0 aftur til m\u00edn \u00e1 \u00feri\u00f0ja degi:<a name=\"13\"><span class=\"versanumer\">13<\/span><\/a>svo svara\u00f0i k\u00f3ngurinn \u00feeim har\u00f0lega, og R\u00f3b\u00f3am k\u00f3ngur sleppti r\u00e1\u00f0um \u00f6ldunganna.<a name=\"14\"><span class=\"versanumer\">14<\/span><\/a>Og tala\u00f0i til \u00feeirra eftir r\u00e1\u00f0um hinna ungu, og m\u00e6lti: fa\u00f0ir minn hefir gj\u00f6rt y\u00f0ar ok \u00feungt, en eg mun \u00e1 \u00fea\u00f0 b\u00e6ta; fa\u00f0ir minn hefir aga\u00f0 y\u00f0ur me\u00f0 svipum, en eg <span class='VideyAth'>(mun aga y\u00f0ur)<\/span> me\u00f0 skorp\u00ed\u00f3num.<a name=\"15\"><span class=\"versanumer\">15<\/span><\/a>Og k\u00f3ngurinn gegndi ekki f\u00f3lkinu, \u00fev\u00ed svo var til haga\u00f0 af Gu\u00f0i, a\u00f0 \u00fea\u00f0 or\u00f0 r\u00e6ttist, sem hann haf\u00f0i tala\u00f0, fyrir <span class='VideyAth'>(munn)<\/span> Ahia Silon\u00edta, til Jer\u00f3b\u00f3ams sonar Nebats.<a name=\"16\"><span class=\"versanumer\">16<\/span><\/a>Og sem allur \u00cdsrael s\u00e1, a\u00f0 k\u00f3ngur vildi ekki gegna \u00feeim, svo gaf f\u00f3lki\u00f0 konungi svar og m\u00e6lti: hva\u00f0 er oss vant vi\u00f0 Dav\u00ed\u00f0, og v\u00e9r h\u00f6fum enga hlutdeild \u00ed syni Isa\u00ed! hv\u00f6r heim \u00ed sitt tjald, \u00cdsrael! sj\u00e1 n\u00fa \u00feitt h\u00fas, Dav\u00ed\u00f0! og svo f\u00f3r \u00cdsrael \u00ed s\u00edn tj\u00f6ld.<a name=\"17\"><span class=\"versanumer\">17<\/span><\/a>En yfir \u00cdsraelssonum, sem bjuggu \u00ed J\u00fada st\u00f6\u00f0um yfir \u00feeim var\u00f0 R\u00f3b\u00f3am k\u00f3ngur.<a name=\"18\"><span class=\"versanumer\">18<\/span><\/a>\u00de\u00e1 sendi R\u00f3b\u00f3am k\u00f3ngur Hadoram, sem var rentumeistari, en \u00cdsraelssynir gr\u00fdttu hann, svo hann d\u00f3. En R\u00f3b\u00f3am k\u00f3ngur fl\u00fdtti s\u00e9r \u00ed sinn vagn og fl\u00fa\u00f0i til Jer\u00fasalem.<a name=\"19\"><span class=\"versanumer\">19<\/span><\/a>\u00deannig gekk \u00cdsrael undan h\u00fasi Dav\u00ed\u00f0s allt til \u00feessa dags.<\/p>\n<div class=\"footnoteVidey\"><\/div>\n","protected":false},"excerpt":{"rendered":"<p>\u00de\u00e6r t\u00edu \u00e6ttkv\u00edslir falla fr\u00e1. (1 Kgb. 12). 1Og R\u00f3b\u00f3am f\u00f3r til Sikem, \u00fev\u00ed til Sikem kom allur \u00cdsrael a\u00f0 gj\u00f6ra hann a\u00f0 k\u00f3ngi.2En er Jer\u00f3b\u00f3am sonur Nebats heyr\u00f0i \u00fea\u00f0, (hann var \u00ed Egyptalandi, og haf\u00f0i fl\u00fai\u00f0 \u00feanga\u00f0 fyrir Sal\u00f3mon k\u00f3ngi), \u00fe\u00e1 kom Jer\u00f3b\u00f3am \u00far Egyptalandi,3og \u00feeir sendu eftir honum og k\u00f6llu\u00f0u hann, \u00fe\u00e1 kom Jer\u00f3b\u00f3am og allur \u00cdsrael, og \u00feeir t\u00f6lu\u00f0u vi\u00f0 R\u00f3b\u00f3am og s\u00f6g\u00f0u:4fa\u00f0ir \u00feinn hefir gj\u00f6rt vort ok \u00feungt, og gj\u00f6r\u00f0u n\u00fa l\u00e9ttari \u00fe\u00e1 h\u00f6r\u00f0u \u00fej\u00f3nustu f\u00f6\u00f0ur \u00fe\u00edns og hans \u00feunga ok, sem hann lag\u00f0i \u00e1 oss, svo viljum v\u00e9r \u00fej\u00f3na \u00fe\u00e9r.5Og hann svara\u00f0i \u00feeim: komi\u00f0 til <a href=\"https:\/\/biblian.is\/videy\/sidari-kronikubok-10-kafli\/\"> [&#8230;]<\/a><\/p>\n","protected":false},"author":1,"featured_media":0,"parent":0,"menu_order":0,"comment_status":"open","ping_status":"open","template":"bibliukaflar.php","meta":{"footnotes":""},"class_list":["post-21226","page","type-page","status-publish","hentry"],"_links":{"self":[{"href":"https:\/\/biblian.is\/videy\/wp-json\/wp\/v2\/pages\/21226","targetHints":{"allow":["GET"]}}],"collection":[{"href":"https:\/\/biblian.is\/videy\/wp-json\/wp\/v2\/pages"}],"about":[{"href":"https:\/\/biblian.is\/videy\/wp-json\/wp\/v2\/types\/page"}],"author":[{"embeddable":true,"href":"https:\/\/biblian.is\/videy\/wp-json\/wp\/v2\/users\/1"}],"replies":[{"embeddable":true,"href":"https:\/\/biblian.is\/videy\/wp-json\/wp\/v2\/comments?post=21226"}],"version-history":[{"count":0,"href":"https:\/\/biblian.is\/videy\/wp-json\/wp\/v2\/pages\/21226\/revisions"}],"wp:attachment":[{"href":"https:\/\/biblian.is\/videy\/wp-json\/wp\/v2\/media?parent=21226"}],"curies":[{"name":"wp","href":"https:\/\/api.w.org\/{rel}","templated":true}]}}