{"id":21222,"date":"2018-01-02T01:00:53","date_gmt":"2018-01-02T01:00:53","guid":{"rendered":"http:\/\/biblian.is\/videy\/sidari-kronikubok-6-kafli\/"},"modified":"2018-01-02T01:00:53","modified_gmt":"2018-01-02T01:00:53","slug":"sidari-kronikubok-6-kafli","status":"publish","type":"page","link":"https:\/\/biblian.is\/videy\/sidari-kronikubok-6-kafli\/","title":{"rendered":"S\u00ed\u00f0ari kron\u00edkub\u00f3k 6. kafli"},"content":{"rendered":"<div class=\"fyrirsognVidey\">V\u00edgslur\u00e6\u00f0a Sal\u00f3mon k\u00f3ngs.<\/div>\n<p><a name=\"1\"><span class=\"versanumer\">1<\/span><\/a>\u00de\u00e1 m\u00e6lti Sal\u00f3mon: Drottinn hefir \u00e1sett s\u00e9r a\u00f0 b\u00faa \u00ed dimmunni.<a name=\"2\"><span class=\"versanumer\">2<\/span><\/a>En eg hefi byggt \u00fe\u00e9r h\u00fas til \u00edb\u00fa\u00f0ar og sta\u00f0 til a\u00f0seturs a\u00f0 eil\u00edfu.<a name=\"3\"><span class=\"versanumer\">3<\/span><\/a>Og konungurinn sneri s\u00ednu andliti og blessa\u00f0i allan \u00cdsraelss\u00f6fnu\u00f0, og allur \u00cdsraelss\u00f6fnu\u00f0ur st\u00f3\u00f0.<a name=\"4\"><span class=\"versanumer\">4<\/span><\/a>Og hann m\u00e6lti: lofa\u00f0ur s\u00e9 Drottinn \u00cdsraels Gu\u00f0, sem tala\u00f0i me\u00f0 s\u00ednum munni til Dav\u00ed\u00f0s f\u00f6\u00f0ur m\u00edns, og framkv\u00e6mdi \u00fea\u00f0 me\u00f0 sinni hendi, \u00fe\u00e1 hann sag\u00f0i:<a name=\"5\"><span class=\"versanumer\">5<\/span><\/a>fr\u00e1 \u00feeim degi, er eg flutti mitt f\u00f3lk \u00far Egyptalandi, hefi eg engan sta\u00f0 \u00fatvali\u00f0 me\u00f0al allra \u00cdsraels kynkv\u00edsla, til a\u00f0 byggja h\u00fas, a\u00f0 mitt nafn v\u00e6ri \u00fear, og hefi engan mann kosi\u00f0 h\u00f6f\u00f0ingja yfir mitt f\u00f3lk \u00cdsrael;<a name=\"6\"><span class=\"versanumer\">6<\/span><\/a>en eg valdi Jer\u00fasalem, a\u00f0 mitt nafn v\u00e6ri \u00fear, og kaus Dav\u00ed\u00f0, a\u00f0 hann v\u00e6ri yfir m\u00ednu f\u00f3lki.<a name=\"7\"><span class=\"versanumer\">7<\/span><\/a>Og f\u00f6\u00f0ur m\u00ednum Dav\u00ed\u00f0 var \u00ed hug a\u00f0 byggja h\u00fas nafni Drottins, \u00cdsraels Gu\u00f0s,<a name=\"8\"><span class=\"versanumer\">8<\/span><\/a>og Drottinn sag\u00f0i til Dav\u00ed\u00f0s, f\u00f6\u00f0ur m\u00edns: \u00fear e\u00f0 \u00fe\u00e9r hefir komi\u00f0 \u00ed hug a\u00f0 byggja h\u00fas nafni Drottins, svo hefir \u00fe\u00fa gj\u00f6rt vel a\u00f0 \u00fe\u00e9r var \u00fea\u00f0 \u00ed hug;<a name=\"9\"><span class=\"versanumer\">9<\/span><\/a>samt skalt \u00fe\u00fa ekki byggja h\u00fasi\u00f0, heldur sonur \u00feinn, sem kemur af \u00fe\u00ednum lendum, s\u00e1 hinn sami skal byggja m\u00ednu nafni h\u00fas.<a name=\"10\"><span class=\"versanumer\">10<\/span><\/a>Og Drottinn hefir haldi\u00f0 \u00fea\u00f0 or\u00f0, er hann tala\u00f0i, og eg kom \u00ed sta\u00f0 f\u00f6\u00f0ur m\u00edns Dav\u00ed\u00f0s, og settist \u00ed \u00cdsraels h\u00e1s\u00e6ti, eins og Drottinn hefir tala\u00f0, og bygg\u00f0i h\u00fas nafninu Drottins \u00cdsraels Gu\u00f0s.<a name=\"11\"><span class=\"versanumer\">11<\/span><\/a>Og eg setti \u00feanga\u00f0 inn \u00f6rkina, \u00ed hv\u00f6rri a\u00f0 er s\u00e1ttm\u00e1li Drottins sem hann gj\u00f6r\u00f0i vi\u00f0 \u00cdsraelssyni.<a name=\"12\"><span class=\"versanumer\">12<\/span><\/a>Og <span class='VideyAth'>(Sal\u00f3mon)<\/span> gekk fyrir altari Drottins, \u00ed n\u00e6rveru alls \u00cdsraelssafna\u00f0ar og r\u00e9tti \u00fat s\u00ednar hendur.<a name=\"13\"><span class=\"versanumer\">13<\/span><\/a>Sal\u00f3mon haf\u00f0i nefnilega gj\u00f6rt stall af eiri og sett hann mitt \u00ed forgar\u00f0inn, hann var 5 \u00e1lna langur, og 5 \u00e1lna brei\u00f0ur, og 3 \u00e1lnir \u00e1 h\u00e6\u00f0 og upp \u00e1 hann st\u00e9 hann, og lag\u00f0ist \u00e1 kn\u00e9 \u00ed augs\u00fdn alls \u00cdsraelssafna\u00f0ar, og h\u00f3f upp s\u00ednar hendur til himins,<a name=\"14\"><span class=\"versanumer\">14<\/span><\/a>og m\u00e6lti: Drottinn, \u00cdsraels Gu\u00f0, enginn Gu\u00f0 er sem \u00fe\u00fa \u00ed himni og \u00e1 j\u00f6r\u00f0u, \u00fe\u00fa sem heldur s\u00e1ttm\u00e1la <span class='VideyAth'>(og au\u00f0s\u00fdnir)<\/span> n\u00e1\u00f0 \u00fe\u00ednum \u00fej\u00f3num, er ganga fyrir \u00fe\u00e9r me\u00f0 einl\u00e6gu hjarta,<a name=\"15\"><span class=\"versanumer\">15<\/span><\/a>\u00fe\u00fa sem h\u00e9lst vi\u00f0 \u00feinn \u00fej\u00f3n f\u00f6\u00f0ur minn Dav\u00ed\u00f0 \u00fea\u00f0 sem \u00fe\u00fa vi\u00f0 hann tala\u00f0ir; \u00fe\u00fa hefir tala\u00f0 \u00fea\u00f0 me\u00f0 \u00fe\u00ednum munni, og framkv\u00e6mt me\u00f0 \u00feinni hendi, eins og n\u00fa <span class='VideyAth'>(er ske\u00f0)<\/span>.<a name=\"16\"><span class=\"versanumer\">16<\/span><\/a>Og n\u00fa, Drottinn \u00cdsraels Gu\u00f0! halt \u00fe\u00fa vi\u00f0 \u00feinn \u00fej\u00f3n Dav\u00ed\u00f0, f\u00f6\u00f0ur minn, \u00fea\u00f0 sem \u00fe\u00fa tala\u00f0ir vi\u00f0 hann, \u00fe\u00e1 \u00fe\u00fa sag\u00f0ir: \u00feig skal ekki vanta mann frammi fyrir m\u00e9r, sem sitji \u00ed \u00cdsraels h\u00e1s\u00e6ti, \u00feegar synir \u00fe\u00ednir a\u00f0eins gefa g\u00e6tur a\u00f0 s\u00ednum vegum, a\u00f0 ganga eftir m\u00ednu l\u00f6gm\u00e1li, eins og \u00fe\u00fa hefir gengi\u00f0 fyrir m\u00e9r.<a name=\"17\"><span class=\"versanumer\">17<\/span><\/a>Og n\u00fa, Drottinn \u00cdsraels Gu\u00f0! \u00feitt or\u00f0, sem \u00fe\u00fa tala\u00f0ir vi\u00f0 \u00feinn \u00fej\u00f3n Dav\u00ed\u00f0, s\u00e9 statt og st\u00f6\u00f0ugt. <br \/><a name=\"18\"><span class=\"versanumer\">18<\/span><\/a>Mundi Gu\u00f0 \u00ed raun r\u00e9ttri b\u00faa hj\u00e1 m\u00f6nnum \u00e1 j\u00f6r\u00f0unni? Sj\u00e1! himinninn og allir himnanna himnar taka \u00feig ekki, miklu mi\u00f0ur \u00fea\u00f0 h\u00fas sem eg hefi \u00fe\u00e9r byggt.<a name=\"19\"><span class=\"versanumer\">19<\/span><\/a>En sn\u00fa \u00fe\u00e9r til b\u00e6nar \u00fe\u00edns \u00fej\u00f3ns og til hans gr\u00e1tbei\u00f0ni, Drottinn, minn Gu\u00f0! a\u00f0 \u00fe\u00fa heyrir \u00e1kall og b\u00e6n \u00fe\u00e1, sem \u00feinn \u00fej\u00f3n \u00ed dag bi\u00f0ur frammi fyrir \u00fe\u00e9r,<a name=\"20\"><span class=\"versanumer\">20<\/span><\/a>a\u00f0 \u00fe\u00edn augu s\u00e9u opin yfir \u00feessu h\u00fasi dag og n\u00f3tt, yfir \u00feeim sta\u00f0, um hv\u00f6rn \u00fe\u00fa hefir sagt, a\u00f0 \u00fe\u00fa viljir l\u00e1ta \u00feitt nafn vera \u00fear; a\u00f0 \u00fe\u00fa heyrir \u00fe\u00e1 b\u00e6n, sem \u00feinn \u00fej\u00f3n mun bi\u00f0ja \u00e1 \u00feessum sta\u00f0.<a name=\"21\"><span class=\"versanumer\">21<\/span><\/a>Svo heyr \u00fe\u00e1 gr\u00e1tbei\u00f0ni \u00fe\u00edns \u00fe\u00e9nara og \u00fe\u00edns f\u00f3lks \u00cdsraels, sem \u00feeir munu bi\u00f0ja \u00e1 \u00feessum sta\u00f0; heyr hana \u00ed \u00fe\u00ednum a\u00f0seturssta\u00f0 himninum, heyr og fyrirgef <span class='VideyAth'>(synd)<\/span>.<a name=\"22\"><span class=\"versanumer\">22<\/span><\/a>\u00deegar einhv\u00f6r syndgar m\u00f3ti s\u00ednum n\u00e1unga, og menn leggja \u00e1 hann ei\u00f0, a\u00f0 hann sverji, og ei\u00f0urinn kemur fyrir \u00feitt altari, \u00ed \u00feessu h\u00fasi:<a name=\"23\"><span class=\"versanumer\">23<\/span><\/a>svo heyr \u00fe\u00fa \u00ed himninum og gj\u00f6r og d\u00e6m \u00feinn \u00fej\u00f3n, a\u00f0 \u00fe\u00fa gjaldir \u00feeim seka, og lei\u00f0ir hans breytni <span class='VideyAth'>(veg)<\/span> yfir hans h\u00f6fu\u00f0, og r\u00e9ttl\u00e6tir \u00feann, sem hefir r\u00e9tt m\u00e1lefni, me\u00f0 \u00fev\u00ed a\u00f0 endurgjalda honum eftir hans r\u00e9ttl\u00e6ti.<a name=\"24\"><span class=\"versanumer\">24<\/span><\/a>Og \u00feegar \u00feitt f\u00f3lk \u00cdsrael ver\u00f0ur sigra\u00f0 af s\u00ednum \u00f3vinum, af \u00fev\u00ed \u00fea\u00f0 syndgar m\u00f3ti \u00fe\u00e9r, og \u00fea\u00f0 umvendir s\u00e9r og vi\u00f0urkennir \u00feitt nafn, og bi\u00f0ur og gr\u00e1tb\u00e6nir \u00feig \u00ed \u00fe\u00ednu h\u00fasi:<a name=\"25\"><span class=\"versanumer\">25<\/span><\/a>svo heyr \u00fe\u00fa \u00ed himninum og fyrirgef syndirnar \u00fe\u00ednu f\u00f3lki \u00cdsrael, og lei\u00f0 \u00fe\u00e1 heim aftur \u00ed \u00fea\u00f0 land sem \u00fe\u00fa gafst \u00feeim og \u00feeirra fe\u00f0rum.<a name=\"26\"><span class=\"versanumer\">26<\/span><\/a>Ver\u00f0i himninum loka\u00f0 og ekkert regn komi, af \u00fev\u00ed \u00feeir syndga m\u00f3ti \u00fe\u00e9r, og \u00feeir bi\u00f0ja \u00e1 \u00feessum sta\u00f0, og vi\u00f0urkenna \u00feitt nafn, sn\u00faa s\u00e9r fr\u00e1 s\u00ednum syndum, af \u00fev\u00ed \u00fe\u00fa au\u00f0m\u00fdkir \u00fe\u00e1:<a name=\"27\"><span class=\"versanumer\">27<\/span><\/a>svo heyr \u00fe\u00fa \u00ed himninum og fyrirgef syndir \u00feinna \u00fej\u00f3na og \u00fe\u00edns f\u00f3lks \u00cdsraels, eftir a\u00f0 \u00fe\u00fa hefir s\u00fdnt \u00feeim \u00feann g\u00f3\u00f0a veg sem \u00feeir eiga a\u00f0 ganga \u00e1, og gef regn landinu, sem \u00fe\u00fa gafst \u00fe\u00ednu f\u00f3lki til eignar.<a name=\"28\"><span class=\"versanumer\">28<\/span><\/a>S\u00e9 d\u00fdrt\u00ed\u00f0 \u00ed landinu, s\u00e9 dreps\u00f3tt, s\u00e9 bruni og visnun <span class='VideyAth'>(kornsins)<\/span>, engisprettur, k\u00e1lormar; \u00ferengi \u00feeirra \u00f3vinir a\u00f0 borgarhli\u00f0unum \u00ed \u00feeirra landi, einhv\u00f6r pl\u00e1ga, einhv\u00f6r s\u00f3tt:<a name=\"29\"><span class=\"versanumer\">29<\/span><\/a>allar b\u00e6nir, alla gr\u00e1tbei\u00f0ni sem \u00fe\u00e1 mun gj\u00f6r\u00f0 ver\u00f0a, af hv\u00f6rjum sem helst manni og af \u00f6llu \u00fe\u00ednu f\u00f3lki \u00cdsrael, \u00feegar \u00feeir kenna til, hv\u00f6r sinnar pl\u00e1gu, og sinna meina, og \u00fatbrei\u00f0a s\u00ednar hendur til \u00feessa h\u00fass:<a name=\"30\"><span class=\"versanumer\">30<\/span><\/a>\u00fe\u00e1 heyr \u00fe\u00fa \u00fea\u00f0 \u00ed himninum, \u00e1 \u00fe\u00ednum a\u00f0seturssta\u00f0, og fyrirgef, og gj\u00f6r vi\u00f0 einn og s\u00e9rhv\u00f6rn eftir hans breytni, eftir \u00fev\u00ed sem \u00fe\u00fa \u00feekkir hans hjarta; \u00fev\u00ed \u00fe\u00fa einn \u00feekkir hjarta mannanna sona,<a name=\"31\"><span class=\"versanumer\">31<\/span><\/a>svo \u00feeir \u00f3ttist \u00feig og gangi \u00e1 \u00fe\u00ednum vegum allan \u00feann t\u00edma sem \u00feeir lifa \u00ed landinu er \u00fe\u00fa gafst \u00feeirra fe\u00f0rum.<a name=\"32\"><span class=\"versanumer\">32<\/span><\/a>L\u00edka \u00feann \u00fatlenda, sem ekki er af \u00fe\u00ednu f\u00f3lki \u00cdsrael, og kemur \u00far fjarl\u00e6gu landi, s\u00f6kum \u00fe\u00edns mikla nafns, og \u00feinnar styrku handar, og \u00fe\u00edns \u00fatr\u00e9tta arms, og kemur og bi\u00f0ur \u00ed \u00feessu h\u00fasi,<a name=\"33\"><span class=\"versanumer\">33<\/span><\/a>svo heyr \u00fe\u00fa \u00ed himninum, \u00e1 \u00fe\u00ednum a\u00f0seturssta\u00f0, og gj\u00f6r allt, sem s\u00e1 \u00fatlendi bi\u00f0ur \u00feig um, til \u00feess a\u00f0 allar \u00fej\u00f3\u00f0ir \u00e1 j\u00f6r\u00f0inni vi\u00f0urkenni \u00feitt nafn, og \u00f3ttist \u00feig, eins og \u00feitt f\u00f3lk, \u00cdsrael, og a\u00f0 \u00feeir viti, a\u00f0 \u00feetta h\u00fas, sem eg hefi byggt, er nefnt eftir \u00fe\u00ednu nafni.<a name=\"34\"><span class=\"versanumer\">34<\/span><\/a>\u00deegar \u00feitt f\u00f3lk fer \u00ed str\u00ed\u00f0 m\u00f3ti s\u00ednum \u00f3vinum, um \u00feann veg, sem \u00fe\u00fa sendir \u00fea\u00f0, og \u00feeir bi\u00f0ja \u00feig <span class='VideyAth'>(og sn\u00faa s\u00e9r)<\/span> til \u00feessa sta\u00f0ar, sem \u00fe\u00fa hefir \u00fatvali\u00f0, og til \u00feess h\u00fass, sem eg hefi byggt \u00fe\u00ednu nafni:<a name=\"35\"><span class=\"versanumer\">35<\/span><\/a>svo heyr \u00ed himninum \u00feeirra b\u00e6n og \u00feeirra gr\u00e1tbei\u00f0ni, og l\u00e1t \u00fe\u00e1 n\u00e1 s\u00ednum r\u00e9tti.<a name=\"36\"><span class=\"versanumer\">36<\/span><\/a>Ef a\u00f0 \u00feeir syndga \u00e1 m\u00f3ti \u00fe\u00e9r <span class='VideyAth'>(\u00fev\u00ed enginn ma\u00f0ur er s\u00e1 a\u00f0 hann ekki syndgi)<\/span> og \u00fe\u00fa rei\u00f0ist \u00feeim og ofurselur \u00fe\u00e1 \u00feeirra \u00f3vinum, og sigurvegarar \u00feeirra flytja \u00fe\u00e1 \u00ed fjarl\u00e6gt e\u00f0a n\u00e1l\u00e6gt land;<a name=\"37\"><span class=\"versanumer\">37<\/span><\/a>Og \u00feeim gengur \u00fea\u00f0 til hjarta, \u00ed \u00fev\u00ed landi, hv\u00f6rt \u00feeir eru fluttir herteknir, og umvenda s\u00e9r og gr\u00e1tb\u00e6na \u00feig, \u00ed landi sinna sigurvegara, og segja: v\u00e9r h\u00f6fum syndga\u00f0 og broti\u00f0 og veri\u00f0 \u00f3gu\u00f0legir;<a name=\"38\"><span class=\"versanumer\">38<\/span><\/a>og \u00feeir sn\u00faa s\u00e9r til \u00fe\u00edn af \u00f6llu hjarta og allri s\u00e1lu, \u00ed landi \u00feeirra herlei\u00f0ingar, hv\u00f6rt menn hafa flutt \u00fe\u00e1 hertekna, og bi\u00f0ja <span class='VideyAth'>(og sn\u00faa s\u00e9r)<\/span> til s\u00edns lands, sem \u00fe\u00fa gafst \u00feeirra fe\u00f0rum og til \u00feess sta\u00f0ar sem \u00fe\u00fa \u00fatvaldir, og til \u00feess h\u00fass sem eg bygg\u00f0i \u00fe\u00ednu nafni:<a name=\"39\"><span class=\"versanumer\">39<\/span><\/a>svo heyr \u00ed himninum, \u00fe\u00ednum a\u00f0seturssta\u00f0, \u00feeirra b\u00e6n og \u00feeirra gr\u00e1tbei\u00f0ni, og r\u00e9ttu hluta \u00feeirra, og fyrirgef \u00fe\u00ednu f\u00f3lki \u00fea\u00f0 sem \u00feeir syndgu\u00f0u m\u00f3ti \u00fe\u00e9r.<a name=\"40\"><span class=\"versanumer\">40<\/span><\/a>Svo l\u00e1t n\u00fa, minn Gu\u00f0! \u00fe\u00edn augu vera opin, og \u00fe\u00edn eyru gefa gaum b\u00e6num \u00feessa sta\u00f0ar.<a name=\"41\"><span class=\"versanumer\">41<\/span><\/a>Og tak \u00feig n\u00fa upp, Gu\u00f0 Drottinn! til \u00fe\u00edns hv\u00edldarsta\u00f0ar, \u00fe\u00fa og \u00f6rk \u00feinnar d\u00fdr\u00f0ar! \u00fe\u00ednir prestar, Gu\u00f0 Drottinn, s\u00e9u kl\u00e6ddir velfer\u00f0inni, og \u00fe\u00ednir gu\u00f0r\u00e6knu gle\u00f0ji sig vi\u00f0 hi\u00f0 g\u00f3\u00f0a.<a name=\"42\"><span class=\"versanumer\">42<\/span><\/a>Gu\u00f0 Drottinn! \u00fatsk\u00fafa ekki \u00fe\u00ednum smur\u00f0a, hugsa \u00fe\u00fa til \u00feinnar n\u00e1\u00f0ar vi\u00f0 Dav\u00ed\u00f0 \u00feinn \u00fe\u00e9nara!<\/p>\n<div class=\"footnoteVidey\"><\/div>\n","protected":false},"excerpt":{"rendered":"<p>V\u00edgslur\u00e6\u00f0a Sal\u00f3mon k\u00f3ngs. 1\u00de\u00e1 m\u00e6lti Sal\u00f3mon: Drottinn hefir \u00e1sett s\u00e9r a\u00f0 b\u00faa \u00ed dimmunni.2En eg hefi byggt \u00fe\u00e9r h\u00fas til \u00edb\u00fa\u00f0ar og sta\u00f0 til a\u00f0seturs a\u00f0 eil\u00edfu.3Og konungurinn sneri s\u00ednu andliti og blessa\u00f0i allan \u00cdsraelss\u00f6fnu\u00f0, og allur \u00cdsraelss\u00f6fnu\u00f0ur st\u00f3\u00f0.4Og hann m\u00e6lti: lofa\u00f0ur s\u00e9 Drottinn \u00cdsraels Gu\u00f0, sem tala\u00f0i me\u00f0 s\u00ednum munni til Dav\u00ed\u00f0s f\u00f6\u00f0ur m\u00edns, og framkv\u00e6mdi \u00fea\u00f0 me\u00f0 sinni hendi, \u00fe\u00e1 hann sag\u00f0i:5fr\u00e1 \u00feeim degi, er eg flutti mitt f\u00f3lk \u00far Egyptalandi, hefi eg engan sta\u00f0 \u00fatvali\u00f0 me\u00f0al allra \u00cdsraels kynkv\u00edsla, til a\u00f0 byggja h\u00fas, a\u00f0 mitt nafn v\u00e6ri \u00fear, og hefi engan mann kosi\u00f0 h\u00f6f\u00f0ingja yfir mitt f\u00f3lk <a href=\"https:\/\/biblian.is\/videy\/sidari-kronikubok-6-kafli\/\"> [&#8230;]<\/a><\/p>\n","protected":false},"author":1,"featured_media":0,"parent":0,"menu_order":0,"comment_status":"open","ping_status":"open","template":"bibliukaflar.php","meta":{"footnotes":""},"class_list":["post-21222","page","type-page","status-publish","hentry"],"_links":{"self":[{"href":"https:\/\/biblian.is\/videy\/wp-json\/wp\/v2\/pages\/21222","targetHints":{"allow":["GET"]}}],"collection":[{"href":"https:\/\/biblian.is\/videy\/wp-json\/wp\/v2\/pages"}],"about":[{"href":"https:\/\/biblian.is\/videy\/wp-json\/wp\/v2\/types\/page"}],"author":[{"embeddable":true,"href":"https:\/\/biblian.is\/videy\/wp-json\/wp\/v2\/users\/1"}],"replies":[{"embeddable":true,"href":"https:\/\/biblian.is\/videy\/wp-json\/wp\/v2\/comments?post=21222"}],"version-history":[{"count":0,"href":"https:\/\/biblian.is\/videy\/wp-json\/wp\/v2\/pages\/21222\/revisions"}],"wp:attachment":[{"href":"https:\/\/biblian.is\/videy\/wp-json\/wp\/v2\/media?parent=21222"}],"curies":[{"name":"wp","href":"https:\/\/api.w.org\/{rel}","templated":true}]}}