{"id":21207,"date":"2018-01-02T01:00:47","date_gmt":"2018-01-02T01:00:47","guid":{"rendered":"http:\/\/biblian.is\/videy\/fyrri-kronikubok-20-kafli\/"},"modified":"2018-01-13T21:28:41","modified_gmt":"2018-01-13T21:28:41","slug":"fyrri-kronikubok-21-kafli-2","status":"publish","type":"page","link":"https:\/\/biblian.is\/videy\/fyrri-kronikubok-21-kafli-2\/","title":{"rendered":"Fyrri kron\u00edkub\u00f3k 21. kafli"},"content":{"rendered":"<div class=\"fyrirsognVidey\">Dav\u00ed\u00f0 herjar \u00e1 Ammon\u00edta, og Filistea.<\/div>\n<p><a name=\"1\"><span class=\"versanumer\">1<\/span><\/a>Og \u00fea\u00f0 ske\u00f0i, a\u00f0 \u00e1ri li\u00f0nu, \u00e1 \u00feeirri t\u00ed\u00f0 sem k\u00f3ngarnir fara \u00fat <span class='VideyAth'>(\u00ed herna\u00f0)<\/span> \u00fe\u00e1 t\u00f3k J\u00f3ab me\u00f0 s\u00e9r meginherinn, og ey\u00f0ilag\u00f0i land Ammons sona, kom og settist um Rabba, en Dav\u00ed\u00f0 sat um kyrrt \u00ed Jer\u00fasalem og J\u00f3ab vann Rabba og braut hana ni\u00f0ur.<a name=\"2\"><span class=\"versanumer\">2<\/span><\/a>Og Dav\u00ed\u00f0 t\u00f3k k\u00f3r\u00f3nu \u00feeirra konungs af h\u00f6f\u00f0i honum, og fann a\u00f0 h\u00fan var \u00far gulli 100 pund me\u00f0 d\u00fdrum steinum \u00ed, og h\u00fan var sett \u00e1 Dav\u00ed\u00f0s h\u00f6fu\u00f0; og hann flutti miki\u00f0 herfang \u00far borginni.<a name=\"3\"><span class=\"versanumer\">3<\/span><\/a>Og f\u00f3lki\u00f0 sem \u00fear var inni leiddi hann \u00fat, og l\u00e9t saga me\u00f0 s\u00f6gum, og me\u00f0 \u00fereskingarj\u00e1rnsle\u00f0um, og me\u00f0 s\u00f6gum. Og svo gj\u00f6r\u00f0i Dav\u00ed\u00f0 vi\u00f0 allar borgir Ammonssona; og Dav\u00ed\u00f0 f\u00f3r og allt f\u00f3lki\u00f0 aftur til Jer\u00fasalem. <br \/><a name=\"4\"><span class=\"versanumer\">4<\/span><\/a>Eftir \u00feetta h\u00f3fst str\u00ed\u00f0 \u00ed Geser vi\u00f0 Filisteana. \u00de\u00e1 Sibbeki H\u00fasat\u00edti <span class='VideyAth'>a)<\/span> lag\u00f0i a\u00f0 velli Sippai, <span class='VideyAth'>(sem var)<\/span> af sonum Rafa, og \u00feeir ur\u00f0u au\u00f0m\u00fdktir <span class='VideyAth'>(sigra\u00f0ir b)<\/span>.<a name=\"5\"><span class=\"versanumer\">5<\/span><\/a>Enn n\u00fa \u00e1tti hann \u00ed str\u00ed\u00f0i vi\u00f0 Filistea; \u00fe\u00e1 lag\u00f0i Elhanan sonur Jairs, Laemi br\u00f3\u00f0ur Gol\u00edats Git\u00edta a\u00f0 velli, og var spj\u00f3tkast hans sem vefjarrifur;<a name=\"6\"><span class=\"versanumer\">6<\/span><\/a>enn aftur var str\u00ed\u00f0 \u00ed Gat, og \u00fear var st\u00e6r\u00f0arma\u00f0ur, hv\u00f6rs fingur <span class='VideyAth'>(\u00e1 hv\u00f6rri hendi)<\/span> 6, og t\u00e6r <span class='VideyAth'>(\u00e1 hv\u00f6rjum f\u00e6ti)<\/span> 6, voru <span class='VideyAth'>(til samans)<\/span> 24; hann var einnig sonur Rafa.<a name=\"7\"><span class=\"versanumer\">7<\/span><\/a>Hann gj\u00f6r\u00f0i gys a\u00f0 \u00cdsrael\u00edtum, en J\u00f3natan sonur S\u00edmea br\u00f3\u00f0ur Dav\u00ed\u00f0s vann \u00e1 honum.<a name=\"8\"><span class=\"versanumer\">8<\/span><\/a>\u00deessir voru synir Rafa \u00ed Gat, og \u00feeir f\u00e9llu fyrir hendi Dav\u00ed\u00f0s og fyrir hendi \u00fej\u00f3na hans.<\/p>\n<div class=\"footnoteVidey\">V. 15. fl. 2. Sam. 8,16. fl.  V. 13. a. 1 Sam. 3,18. Postgb. 21,14.<\/div>\n","protected":false},"excerpt":{"rendered":"<p>Dav\u00ed\u00f0 herjar \u00e1 Ammon\u00edta, og Filistea. 1Og \u00fea\u00f0 ske\u00f0i, a\u00f0 \u00e1ri li\u00f0nu, \u00e1 \u00feeirri t\u00ed\u00f0 sem k\u00f3ngarnir fara \u00fat (\u00ed herna\u00f0) \u00fe\u00e1 t\u00f3k J\u00f3ab me\u00f0 s\u00e9r meginherinn, og ey\u00f0ilag\u00f0i land Ammons sona, kom og settist um Rabba, en Dav\u00ed\u00f0 sat um kyrrt \u00ed Jer\u00fasalem og J\u00f3ab vann Rabba og braut hana ni\u00f0ur.2Og Dav\u00ed\u00f0 t\u00f3k k\u00f3r\u00f3nu \u00feeirra konungs af h\u00f6f\u00f0i honum, og fann a\u00f0 h\u00fan var \u00far gulli 100 pund me\u00f0 d\u00fdrum steinum \u00ed, og h\u00fan var sett \u00e1 Dav\u00ed\u00f0s h\u00f6fu\u00f0; og hann flutti miki\u00f0 herfang \u00far borginni.3Og f\u00f3lki\u00f0 sem \u00fear var inni leiddi hann \u00fat, og l\u00e9t saga me\u00f0 s\u00f6gum, <a href=\"https:\/\/biblian.is\/videy\/fyrri-kronikubok-21-kafli-2\/\"> [&#8230;]<\/a><\/p>\n","protected":false},"author":1,"featured_media":0,"parent":0,"menu_order":0,"comment_status":"open","ping_status":"closed","template":"bibliukaflar.php","meta":{"footnotes":""},"class_list":["post-21207","page","type-page","status-publish","hentry"],"_links":{"self":[{"href":"https:\/\/biblian.is\/videy\/wp-json\/wp\/v2\/pages\/21207","targetHints":{"allow":["GET"]}}],"collection":[{"href":"https:\/\/biblian.is\/videy\/wp-json\/wp\/v2\/pages"}],"about":[{"href":"https:\/\/biblian.is\/videy\/wp-json\/wp\/v2\/types\/page"}],"author":[{"embeddable":true,"href":"https:\/\/biblian.is\/videy\/wp-json\/wp\/v2\/users\/1"}],"replies":[{"embeddable":true,"href":"https:\/\/biblian.is\/videy\/wp-json\/wp\/v2\/comments?post=21207"}],"version-history":[{"count":0,"href":"https:\/\/biblian.is\/videy\/wp-json\/wp\/v2\/pages\/21207\/revisions"}],"wp:attachment":[{"href":"https:\/\/biblian.is\/videy\/wp-json\/wp\/v2\/media?parent=21207"}],"curies":[{"name":"wp","href":"https:\/\/api.w.org\/{rel}","templated":true}]}}