{"id":21200,"date":"2018-01-02T01:00:47","date_gmt":"2018-01-02T01:00:47","guid":{"rendered":"http:\/\/biblian.is\/videy\/fyrri-kronikubok-13-kafli\/"},"modified":"2018-01-13T21:27:16","modified_gmt":"2018-01-13T21:27:16","slug":"fyrri-kronikubok-14-kafli-2","status":"publish","type":"page","link":"https:\/\/biblian.is\/videy\/fyrri-kronikubok-14-kafli-2\/","title":{"rendered":"Fyrri kron\u00edkub\u00f3k 14. kafli"},"content":{"rendered":"<div class=\"fyrirsognVidey\">Dav\u00ed\u00f0 vill flytja \u00f6rkina til Jer\u00fasalem. (2 Sam. 6,1\u201311).<\/div>\n<p><a name=\"1\"><span class=\"versanumer\">1<\/span><\/a>Og Dav\u00ed\u00f0 r\u00e1\u00f0ga\u00f0ist um vi\u00f0 h\u00f6fu\u00f0smennina yfir \u00fe\u00fasund, og yfir hundra\u00f0, vi\u00f0 alla herforingjana.<a name=\"2\"><span class=\"versanumer\">2<\/span><\/a>Og Dav\u00ed\u00f0 m\u00e6lti vi\u00f0 allan \u00cdsraels s\u00f6fnu\u00f0: ef y\u00f0ur s\u00fdnist svo, og s\u00e9 \u00fea\u00f0 fr\u00e1 Drottni, vorum Gu\u00f0i, \u00fe\u00e1 l\u00e1tum oss senda til vorra annarra br\u00e6\u00f0ra, \u00ed \u00f6llu \u00cdsraelslandi, og me\u00f0 \u00feeim, til prestanna og Lev\u00edtanna, \u00ed \u00feeirra forsta\u00f0a st\u00f6\u00f0um, a\u00f0 \u00feeir komi \u00e1 fund vi\u00f0 oss;<a name=\"3\"><span class=\"versanumer\">3<\/span><\/a>og l\u00e1tum oss flytja \u00f6rk vors Gu\u00f0s til vor; \u00fev\u00ed v\u00e9r h\u00f6fum ekki um hana hirt s\u00ed\u00f0an \u00e1 d\u00f6gum S\u00e1ls.<a name=\"4\"><span class=\"versanumer\">4<\/span><\/a>Og allur s\u00f6fnu\u00f0urinn sag\u00f0i, a\u00f0 menn skyldu gj\u00f6ra svo; \u00fev\u00ed \u00f6llu f\u00f3lkinu l\u00edka\u00f0i \u00feetta vel.<a name=\"5\"><span class=\"versanumer\">5<\/span><\/a>Og svo safna\u00f0i Dav\u00ed\u00f0 saman \u00f6llum \u00cdsrael, fr\u00e1 Egyptalands N\u00edl, allt til Hemat, til a\u00f0 s\u00e6kja Gu\u00f0s \u00f6rk til Kirjat-Jearim.<a name=\"6\"><span class=\"versanumer\">6<\/span><\/a>Og Dav\u00ed\u00f0 og allur \u00cdsrael f\u00f3r til Baala \u0254: Kirjat-Jearim, \u00ed J\u00fadeu, til a\u00f0 flytja \u00fea\u00f0an Gu\u00f0s \u00f6rk, Drottins, sem situr yfir ker\u00fabunum, hvar nafni\u00f0 ver\u00f0ur \u00e1kalla\u00f0.<a name=\"7\"><span class=\"versanumer\">7<\/span><\/a>Og \u00feeir fluttu Gu\u00f0s \u00f6rk \u00e1 n\u00fdjan vagn \u00far h\u00fasi Ab\u00ednadabs; en Usa og Ah\u00ed\u00f3 \u00f3ku vagninum.<a name=\"8\"><span class=\"versanumer\">8<\/span><\/a>Og Dav\u00ed\u00f0 og allur \u00cdsrael l\u00e9k fyrir Gu\u00f0i af \u00f6llu megni, me\u00f0 s\u00f6ng og hlj\u00f3\u00f0p\u00edpum og h\u00f6rpum og trumbum, bj\u00f6llum og b\u00e1s\u00fanum.<a name=\"9\"><span class=\"versanumer\">9<\/span><\/a>En sem \u00feeir komu til K\u00eddons hl\u00f6\u00f0u, \u00fatr\u00e9tti Usa s\u00edna h\u00f6nd, til a\u00f0 gr\u00edpa til arkarinnar; \u00fev\u00ed akneytin h\u00f6f\u00f0u viki\u00f0 af lei\u00f0.<a name=\"10\"><span class=\"versanumer\">10<\/span><\/a>\u00de\u00e1 upptendra\u00f0ist Drottins rei\u00f0i gegn Usa, og hann sl\u00f3 hann fyrir \u00fea\u00f0, a\u00f0 hann \u00fatr\u00e9tti s\u00edna h\u00f6nd til arkarinnar, og hann d\u00f3 \u00fear fyrir Gu\u00f0i.<a name=\"11\"><span class=\"versanumer\">11<\/span><\/a>\u00de\u00e1 var\u00f0 Dav\u00ed\u00f0 hryggur, af \u00fev\u00ed Drottinn haf\u00f0i slegi\u00f0 Usa, og hann kalla\u00f0i \u00feann sama sta\u00f0 Peres-Usa; <span class='VideyAth'>(svo heitir sta\u00f0urinn)<\/span> til \u00feessa dags.<a name=\"12\"><span class=\"versanumer\">12<\/span><\/a>Og Dav\u00ed\u00f0 var\u00f0 hr\u00e6ddur vi\u00f0 Drottin \u00e1 \u00feeim sama degi og m\u00e6lti: hv\u00f6rnig skal eg flytja til m\u00edn Gu\u00f0s \u00f6rk?<a name=\"13\"><span class=\"versanumer\">13<\/span><\/a>Og Dav\u00ed\u00f0 flutti ekki \u00f6rkina til s\u00edn \u00ed Dav\u00ed\u00f0s borg, heldur setti hana \u00ed h\u00fas \u00d3be\u00f0-Edoms, Ga\u00f0\u00edtans.<a name=\"14\"><span class=\"versanumer\">14<\/span><\/a>Og svo var Gu\u00f0s \u00f6rk \u00ed h\u00fasi \u00d3be\u00f0-Edoms, \u00ed hans h\u00fasi, \u00ed \u00ferj\u00e1 m\u00e1nu\u00f0i. Og Drottinn blessa\u00f0i \u00d3be\u00f0-Edoms h\u00fas og allt hva\u00f0 hans var.<\/p>\n<div class=\"footnoteVidey\">V. 2. Vakta: eiginlega halda til haga.  V. 3. (Munn: eig: h\u00f6nd).<\/div>\n","protected":false},"excerpt":{"rendered":"<p>Dav\u00ed\u00f0 vill flytja \u00f6rkina til Jer\u00fasalem. (2 Sam. 6,1\u201311). 1Og Dav\u00ed\u00f0 r\u00e1\u00f0ga\u00f0ist um vi\u00f0 h\u00f6fu\u00f0smennina yfir \u00fe\u00fasund, og yfir hundra\u00f0, vi\u00f0 alla herforingjana.2Og Dav\u00ed\u00f0 m\u00e6lti vi\u00f0 allan \u00cdsraels s\u00f6fnu\u00f0: ef y\u00f0ur s\u00fdnist svo, og s\u00e9 \u00fea\u00f0 fr\u00e1 Drottni, vorum Gu\u00f0i, \u00fe\u00e1 l\u00e1tum oss senda til vorra annarra br\u00e6\u00f0ra, \u00ed \u00f6llu \u00cdsraelslandi, og me\u00f0 \u00feeim, til prestanna og Lev\u00edtanna, \u00ed \u00feeirra forsta\u00f0a st\u00f6\u00f0um, a\u00f0 \u00feeir komi \u00e1 fund vi\u00f0 oss;3og l\u00e1tum oss flytja \u00f6rk vors Gu\u00f0s til vor; \u00fev\u00ed v\u00e9r h\u00f6fum ekki um hana hirt s\u00ed\u00f0an \u00e1 d\u00f6gum S\u00e1ls.4Og allur s\u00f6fnu\u00f0urinn sag\u00f0i, a\u00f0 menn skyldu gj\u00f6ra svo; \u00fev\u00ed \u00f6llu f\u00f3lkinu l\u00edka\u00f0i <a href=\"https:\/\/biblian.is\/videy\/fyrri-kronikubok-14-kafli-2\/\"> [&#8230;]<\/a><\/p>\n","protected":false},"author":1,"featured_media":0,"parent":0,"menu_order":0,"comment_status":"open","ping_status":"closed","template":"bibliukaflar.php","meta":{"footnotes":""},"class_list":["post-21200","page","type-page","status-publish","hentry"],"_links":{"self":[{"href":"https:\/\/biblian.is\/videy\/wp-json\/wp\/v2\/pages\/21200","targetHints":{"allow":["GET"]}}],"collection":[{"href":"https:\/\/biblian.is\/videy\/wp-json\/wp\/v2\/pages"}],"about":[{"href":"https:\/\/biblian.is\/videy\/wp-json\/wp\/v2\/types\/page"}],"author":[{"embeddable":true,"href":"https:\/\/biblian.is\/videy\/wp-json\/wp\/v2\/users\/1"}],"replies":[{"embeddable":true,"href":"https:\/\/biblian.is\/videy\/wp-json\/wp\/v2\/comments?post=21200"}],"version-history":[{"count":0,"href":"https:\/\/biblian.is\/videy\/wp-json\/wp\/v2\/pages\/21200\/revisions"}],"wp:attachment":[{"href":"https:\/\/biblian.is\/videy\/wp-json\/wp\/v2\/media?parent=21200"}],"curies":[{"name":"wp","href":"https:\/\/api.w.org\/{rel}","templated":true}]}}