{"id":21192,"date":"2018-01-02T01:00:47","date_gmt":"2018-01-02T01:00:47","guid":{"rendered":"http:\/\/biblian.is\/videy\/fyrri-kronikubok-5-kafli\/"},"modified":"2018-01-13T21:31:10","modified_gmt":"2018-01-13T21:31:10","slug":"fyrri-kronikubok-6-kafli","status":"publish","type":"page","link":"https:\/\/biblian.is\/videy\/fyrri-kronikubok-6-kafli\/","title":{"rendered":"Fyrri kron\u00edkub\u00f3k 6. kafli"},"content":{"rendered":"<div class=\"fyrirsognVidey\">\u00c6ttartal R\u00fabens, Ga\u00f0s og Manassis. Saga um \u00feeirra str\u00ed\u00f0.<\/div>\n<p><a name=\"1\"><span class=\"versanumer\">1<\/span><\/a>Og R\u00fabens synir \u00cdsraels frumgetna <span class='VideyAth'>(\u00fev\u00ed hann var frumborinn, en s\u00f6kum \u00feess hann haf\u00f0i flekka\u00f0 s\u00e6ng f\u00f6\u00f0ur s\u00edns, var hans frumgetning gefin sonum J\u00f3seps, sonar \u00cdsraels, \u00fe\u00f3 \u00e1n \u00feess, a\u00f0 \u00feeir v\u00e6ru \u00ed \u00e6ttart\u00f6lunum taldir svo sem frumgetnir.<\/span><a name=\"2\"><span class=\"versanumer\">2<\/span><\/a><span class='VideyAth'>A\u00f0 s\u00f6nnu var J\u00fada voldugur me\u00f0al sinna br\u00e6\u00f0ra, og h\u00f6f\u00f0ingi var\u00f0 einn af hans \u00e6tt, en frumgetningin tilheyr\u00f0i J\u00f3sep)<\/span>.<a name=\"3\"><span class=\"versanumer\">3<\/span><\/a>Synir R\u00fabens \u00feess frumgetna \u00cdsraels eru: Hanok og Pallu og Hesron og Karmi.<a name=\"4\"><span class=\"versanumer\">4<\/span><\/a>Synir J\u00f3els: hans son Semaja, hans son Gog, hans son S\u00edmei,<a name=\"5\"><span class=\"versanumer\">5<\/span><\/a>hans son Mika, hans son Reaja, hans son Baal,<a name=\"6\"><span class=\"versanumer\">6<\/span><\/a>hans son Bera, sem Tiglat-Pileser, Ass\u00fdr\u00eduk\u00f3ngur flutti burt hertekinn; hann var R\u00faben\u00edta h\u00f6f\u00f0ingi.<a name=\"7\"><span class=\"versanumer\">7<\/span><\/a>Og hans br\u00e6\u00f0ur eftir \u00feeirra \u00e6ttum, \u00ed uppskrift \u00feeirra \u00e6ttart\u00f6lu, <span class='VideyAth'>(voru)<\/span>: h\u00f6f\u00f0inginn Je\u00edel og Sakar\u00eda,<a name=\"8\"><span class=\"versanumer\">8<\/span><\/a>og Bela, sonur Afas, sonar Sema, sonar J\u00f3els; hann hinn sami bj\u00f3 \u00ed Ar\u00f3er, allt til Nebo og Baal-Meon,<a name=\"9\"><span class=\"versanumer\">9<\/span><\/a>og austur eftir bj\u00f3 hann a\u00f0 ey\u00f0im\u00f6rkinni \u00e1vi\u00f0 allt a\u00f0 Efrat; \u00fev\u00ed hjar\u00f0ir \u00feeirra voru miklar \u00ed landinu Gilea\u00f0.<a name=\"10\"><span class=\"versanumer\">10<\/span><\/a>Og \u00e1 d\u00f6gum S\u00e1ls \u00e1ttu \u00feeir str\u00ed\u00f0 vi\u00f0 Hagar\u00edta, og \u00feeir f\u00e9llu fyrir \u00feeirra h\u00f6nd, og \u00feeir bjuggu \u00ed s\u00ednum tj\u00f6ldum me\u00f0 allri austurhli\u00f0inni \u00e1 Gilea\u00f0. <br \/><a name=\"11\"><span class=\"versanumer\">11<\/span><\/a>Og Ga\u00f0ssynir bjuggu gagnvart \u00feeim \u00ed landinu Basan, allt til Salka:<a name=\"12\"><span class=\"versanumer\">12<\/span><\/a>J\u00f3el, h\u00f6f\u00f0inginn, og Safan, s\u00e1 annar, og Jaena\u00ed og Safat \u00ed Basan.<a name=\"13\"><span class=\"versanumer\">13<\/span><\/a>Og \u00feeirra br\u00e6\u00f0ur eftir \u00feeirra \u00e6ttli\u00f0um eru: Mikael og Mesulam og Seba og J\u00f3rai og Jaekan og S\u00eda og Eber, sj\u00f6.<a name=\"14\"><span class=\"versanumer\">14<\/span><\/a>\u00deessir eru synir Ab\u00edhails, sonar Huri, sonar Jaroas, sonar Jad\u00f3s, sonar B\u00fas.<a name=\"15\"><span class=\"versanumer\">15<\/span><\/a>Ah\u00ed, sonur Abdiels, sonar G\u00fan\u00ed var \u00feeirra \u00e6ttfa\u00f0ir.<a name=\"16\"><span class=\"versanumer\">16<\/span><\/a>Og \u00feeir bjuggu \u00ed G\u00edlea\u00f0 og Basan og \u00ed \u00feeirra d\u00e6trum og \u00ed \u00f6llum Sarons beitil\u00f6ndum svo langt sem \u00feau n\u00e1.<a name=\"17\"><span class=\"versanumer\">17<\/span><\/a>\u00deeir voru allir eftir s\u00ednum \u00e6ttum uppskrifa\u00f0ir \u00e1 d\u00f6gum J\u00f3tams J\u00fadak\u00f3ngs og \u00e1 d\u00f6gum Jer\u00f3b\u00f3ams \u00cdsraelsk\u00f3ngs.<br \/><a name=\"18\"><span class=\"versanumer\">18<\/span><\/a>R\u00fabenssynir og Gat\u00edtar og h\u00e1lf Manassis \u00e6ttkv\u00edsl, \u00feeir sem voru r\u00f6skir menn, b\u00e1ru skj\u00f6ld og sver\u00f0 og spenntu boga, og kunnu til str\u00ed\u00f0s, reiknu\u00f0ust 44 \u00fe\u00fasund 700 hundru\u00f0 og 60, \u00feeir sem herf\u00e6rir voru,<a name=\"19\"><span class=\"versanumer\">19<\/span><\/a>\u00feeir \u00e1ttu str\u00ed\u00f0 vi\u00f0 Hagar\u00edata og vi\u00f0 Jet\u00far og Nafis og Nodab.<a name=\"20\"><span class=\"versanumer\">20<\/span><\/a>Og \u00feeim var hj\u00e1lpa\u00f0 \u00e1 m\u00f3ti \u00feeim og Hagar\u00edtar voru gefnir \u00ed \u00feeirra h\u00f6nd, og allir sem me\u00f0 \u00feeim voru, \u00fev\u00ed \u00feeir k\u00f6llu\u00f0u til Gu\u00f0s \u00ed bardaganum og hann heyr\u00f0i \u00fe\u00e1, \u00fev\u00ed \u00feeir treystu honum.<a name=\"21\"><span class=\"versanumer\">21<\/span><\/a>Og \u00feeir fluttu burt \u00feeirra f\u00e9, 50 \u00fe\u00fasund \u00falfalda, 250 \u00fe\u00fasund sau\u00f0i og 2 \u00fe\u00fasund asna og hundra\u00f0 \u00fe\u00fasund manna s\u00e1lir,<a name=\"22\"><span class=\"versanumer\">22<\/span><\/a>\u00fev\u00ed margir f\u00e9llu, af \u00fev\u00ed str\u00ed\u00f0i\u00f0 var af Gu\u00f0i. Og \u00feeir bjuggu <span class='VideyAth'>(\u00fear)<\/span> \u00ed \u00feeirra sta\u00f0 allt til herlei\u00f0ingarinnar.<a name=\"23\"><span class=\"versanumer\">23<\/span><\/a>Og synir h\u00e1lfrar Manasses \u00e6ttar bjuggu \u00ed landinu fr\u00e1 Basan allt til Baal-Hermon og Senir og fjallsins Hermon; \u00feeir voru margir a\u00f0 t\u00f6lu.<a name=\"24\"><span class=\"versanumer\">24<\/span><\/a>Og \u00feessir voru \u00feeirra \u00e6ttfe\u00f0ur: Efer og Jisei og Eliel og Asriel og Jeremia og H\u00f3davia og Jadiel, str\u00ed\u00f0skappar, nafnfr\u00e6gir menn, h\u00f6f\u00f0ingjar sinna \u00e6tta.<a name=\"25\"><span class=\"versanumer\">25<\/span><\/a>En \u00feeir f\u00e9llu fr\u00e1 Gu\u00f0i sinna fe\u00f0ra, og t\u00f3ku framhj\u00e1 me\u00f0 gu\u00f0um landsins \u00fej\u00f3\u00f0a, sem Gu\u00f0 haf\u00f0i afm\u00e1\u00f0 fr\u00e1 \u00feeim.<a name=\"26\"><span class=\"versanumer\">26<\/span><\/a>\u00de\u00e1 vakti Gu\u00f0 anda F\u00fals Ass\u00fdr\u00eduk\u00f3ngs, og anda Tiglat-Pilnesers, Ass\u00fdr\u00eduk\u00f3ngs, og flutti burt R\u00faben\u00edtana og Ga\u00f0\u00edtana og h\u00e1lfa Manassis \u00e6ttkv\u00edsl, og f\u00e6r\u00f0i \u00fe\u00e1 til Hala og Habor og Hara og til \u00e1rinnar <span class='VideyAth'>(\u00ed)<\/span> Gosan allt til \u00feessa dags.<\/p>\n<div class=\"footnoteVidey\"><\/div>\n","protected":false},"excerpt":{"rendered":"<p>\u00c6ttartal R\u00fabens, Ga\u00f0s og Manassis. Saga um \u00feeirra str\u00ed\u00f0. 1Og R\u00fabens synir \u00cdsraels frumgetna (\u00fev\u00ed hann var frumborinn, en s\u00f6kum \u00feess hann haf\u00f0i flekka\u00f0 s\u00e6ng f\u00f6\u00f0ur s\u00edns, var hans frumgetning gefin sonum J\u00f3seps, sonar \u00cdsraels, \u00fe\u00f3 \u00e1n \u00feess, a\u00f0 \u00feeir v\u00e6ru \u00ed \u00e6ttart\u00f6lunum taldir svo sem frumgetnir.2A\u00f0 s\u00f6nnu var J\u00fada voldugur me\u00f0al sinna br\u00e6\u00f0ra, og h\u00f6f\u00f0ingi var\u00f0 einn af hans \u00e6tt, en frumgetningin tilheyr\u00f0i J\u00f3sep).3Synir R\u00fabens \u00feess frumgetna \u00cdsraels eru: Hanok og Pallu og Hesron og Karmi.4Synir J\u00f3els: hans son Semaja, hans son Gog, hans son S\u00edmei,5hans son Mika, hans son Reaja, hans son Baal,6hans son Bera, sem Tiglat-Pileser, Ass\u00fdr\u00eduk\u00f3ngur <a href=\"https:\/\/biblian.is\/videy\/fyrri-kronikubok-6-kafli\/\"> [&#8230;]<\/a><\/p>\n","protected":false},"author":1,"featured_media":0,"parent":0,"menu_order":0,"comment_status":"open","ping_status":"closed","template":"bibliukaflar.php","meta":{"footnotes":""},"class_list":["post-21192","page","type-page","status-publish","hentry"],"_links":{"self":[{"href":"https:\/\/biblian.is\/videy\/wp-json\/wp\/v2\/pages\/21192","targetHints":{"allow":["GET"]}}],"collection":[{"href":"https:\/\/biblian.is\/videy\/wp-json\/wp\/v2\/pages"}],"about":[{"href":"https:\/\/biblian.is\/videy\/wp-json\/wp\/v2\/types\/page"}],"author":[{"embeddable":true,"href":"https:\/\/biblian.is\/videy\/wp-json\/wp\/v2\/users\/1"}],"replies":[{"embeddable":true,"href":"https:\/\/biblian.is\/videy\/wp-json\/wp\/v2\/comments?post=21192"}],"version-history":[{"count":0,"href":"https:\/\/biblian.is\/videy\/wp-json\/wp\/v2\/pages\/21192\/revisions"}],"wp:attachment":[{"href":"https:\/\/biblian.is\/videy\/wp-json\/wp\/v2\/media?parent=21192"}],"curies":[{"name":"wp","href":"https:\/\/api.w.org\/{rel}","templated":true}]}}