{"id":21187,"date":"2018-01-02T01:00:42","date_gmt":"2018-01-02T01:00:42","guid":{"rendered":"http:\/\/biblian.is\/videy\/sidari-konungabok-25-kafli\/"},"modified":"2018-01-02T01:00:42","modified_gmt":"2018-01-02T01:00:42","slug":"sidari-konungabok-25-kafli","status":"publish","type":"page","link":"https:\/\/biblian.is\/videy\/sidari-konungabok-25-kafli\/","title":{"rendered":"S\u00ed\u00f0ari konungab\u00f3k 25. kafli"},"content":{"rendered":"<div class=\"fyrirsognVidey\">Jer\u00fasalem unnin. Gedal\u00eda drepinn.<\/div>\n<p><a name=\"1\"><span class=\"versanumer\">1<\/span><\/a>\u00c1 n\u00edunda \u00e1ri hans r\u00edkisstj\u00f3rnar, \u00e1 10da degi \u00feess 10da m\u00e1na\u00f0ar, kom Neb\u00fakadnesar, k\u00f3ngur \u00ed Babel, hann og allur hans her til Jer\u00fasalem, og settist um hana, og \u00feeir bygg\u00f0u hervirki allt \u00ed kringum hana.<a name=\"2\"><span class=\"versanumer\">2<\/span><\/a>Og sta\u00f0urinn var umsetinn \u00feanga\u00f0 til \u00e1 11ta \u00e1ri Sedek\u00eda k\u00f3ngs.<a name=\"3\"><span class=\"versanumer\">3<\/span><\/a>En \u00e1 9da degi \u00ed <span class='VideyAth'>(fj\u00f3r\u00f0a)<\/span> m\u00e1nu\u00f0i var hungri\u00f0 or\u00f0i\u00f0 miki\u00f0 \u00ed sta\u00f0num, og \u00fear var ekkert brau\u00f0 fyrir landsf\u00f3lki\u00f0.<a name=\"4\"><span class=\"versanumer\">4<\/span><\/a>\u00de\u00e1 var brotist inn \u00ed sta\u00f0inn, og allur herinn fl\u00fa\u00f0i um n\u00f3ttina, \u00fat um hli\u00f0i\u00f0 milli beggja veggjanna hj\u00e1 k\u00f3ngsins gar\u00f0i; en Kaldeumenn l\u00e1gu allt \u00ed kringum sta\u00f0inn, og k\u00f3ngur fl\u00fa\u00f0i veginn sem liggur \u00fat til sl\u00e9ttlendisins.<a name=\"5\"><span class=\"versanumer\">5<\/span><\/a>En Kaldeumannaherinn elti k\u00f3nginn, og n\u00e1\u00f0i honum \u00e1 sl\u00e9ttlendinu hj\u00e1 Jer\u00edk\u00f3, og allur hans her tv\u00edstra\u00f0ist fr\u00e1 honum.<a name=\"6\"><span class=\"versanumer\">6<\/span><\/a>Og \u00feeir hert\u00f3ku k\u00f3nginn, og f\u00e6r\u00f0u hann k\u00f3nginum af Babel \u00ed Ribla, og l\u00f6g\u00f0u d\u00f3m \u00e1 hann.<a name=\"7\"><span class=\"versanumer\">7<\/span><\/a>Og \u00feeir sl\u00e1tru\u00f0u Sedek\u00edasonum fyrir hans augum <span class='VideyAth'>c)<\/span>, og blinda\u00f0i Sedek\u00eda \u00e1 hans augum <span class='VideyAth'>d)<\/span>, og bundu hann vi\u00f0jum og fluttu hann til Babel. <br \/><a name=\"8\"><span class=\"versanumer\">8<\/span><\/a>Og \u00ed fimmta m\u00e1nu\u00f0i, \u00e1 7da degi m\u00e1na\u00f0arins, \u00fea\u00f0 var 19da \u00e1r k\u00f3ngs Neb\u00fakadnesar, k\u00f3ngs \u00ed Babel, kom Neb\u00fasaradan foringi fyrir l\u00edfvaktinni, \u00fe\u00e9nari k\u00f3ngsins \u00ed Babel, til Jer\u00fasalem,<a name=\"9\"><span class=\"versanumer\">9<\/span><\/a>og brenndi Drottins h\u00fas og k\u00f3ngsins h\u00fas; og \u00f6ll h\u00fas \u00ed Jer\u00fasalem, \u00f6ll st\u00f3r h\u00fas brenndi hann me\u00f0 eldi.<a name=\"10\"><span class=\"versanumer\">10<\/span><\/a>Og Jer\u00fasalems veggi allt um kring reif allur Kaldeumanna her ni\u00f0ur, s\u00e1 sem var me\u00f0 foringja l\u00edfvaktarinnar.<a name=\"11\"><span class=\"versanumer\">11<\/span><\/a>Og leifar f\u00f3lksins, sem eftir voru or\u00f0nar \u00ed sta\u00f0num, og strokumenn \u00fe\u00e1 sem hlaupi\u00f0 h\u00f6f\u00f0u til k\u00f3ngsins \u00ed Babel, og allan annan f\u00f3lksfj\u00f6ldann, flutti Neb\u00fasaradan, foringi l\u00edfvaktarinnar, \u00ed burtu.<a name=\"12\"><span class=\"versanumer\">12<\/span><\/a>En af \u00fev\u00ed \u00f3\u00e6\u00f0ra f\u00f3lki \u00ed landinu l\u00e9t foringi l\u00edfvaktarinnar eftir ver\u00f0a, v\u00edngar\u00f0smenn og b\u00e6ndur.<a name=\"13\"><span class=\"versanumer\">13<\/span><\/a>Og Kaldeu menn brutu \u00ed sundur eirst\u00f3lpana \u00ed Drottins h\u00fasi og bor\u00f0in og eirhafi\u00f0 \u00ed Drottins h\u00fasi, og fluttu eiri\u00f0 \u00fear af til Babel.<a name=\"14\"><span class=\"versanumer\">14<\/span><\/a>Og pottana og p\u00f6nnurnar og kn\u00edfana og bikarana og \u00f6ll eir\u00e1h\u00f6ldin sem voru br\u00faku\u00f0 vi\u00f0 \u00fej\u00f3nustugj\u00f6r\u00f0ina, t\u00f3ku \u00feeir.<a name=\"15\"><span class=\"versanumer\">15<\/span><\/a>Og gl\u00f3\u00f0arkerin, og f\u00f3rnarbollana sem voru af gulli gull, og af silfri silfur, t\u00f3k foringi l\u00edfvaktarinnar.<a name=\"16\"><span class=\"versanumer\">16<\/span><\/a>\u00de\u00e1 tvo st\u00f3lpa og \u00fea\u00f0 eina haf og bor\u00f0in, sem Sal\u00f3mon haf\u00f0i gj\u00f6rt fyrir Drottins h\u00fas; eiri\u00f0 \u00e1 \u00f6llum \u00feessum \u00e1h\u00f6ldum var\u00f0 ekki vegi\u00f0.<a name=\"17\"><span class=\"versanumer\">17<\/span><\/a>18 \u00e1lna h\u00e1r var annar st\u00f3lpinn, og ofan \u00e1 honum hn\u00fa\u00f0ur af eiri, og h\u00e6\u00f0 hn\u00fa\u00f0sins var 3 \u00e1lnir, og netverk og kjarnepli <span class='VideyAth'>(granatepli)<\/span> voru allt \u00ed kringum hn\u00fa\u00f0inn, allt af eiri, og eins var \u00e1 \u00feeim \u00f6\u00f0rum st\u00f3lpa hva\u00f0 netverki\u00f0 \u00e1hr\u00e6r\u00f0i. <br \/><a name=\"18\"><span class=\"versanumer\">18<\/span><\/a>Og foringi l\u00edfvaktarinnar t\u00f3k Seraja, h\u00f6fu\u00f0prestinn, og Sefania prest af annarri r\u00f6\u00f0, og \u00fe\u00e1 \u00ferj\u00e1 dyraver\u00f0i,<a name=\"19\"><span class=\"versanumer\">19<\/span><\/a>og \u00far sta\u00f0num t\u00f3k hann hir\u00f0mann, sem settur var yfir str\u00ed\u00f0smennina, og fimm menn af \u00feeim sem st\u00f3\u00f0u fyrir k\u00f3nginum, og sem fundust \u00ed sta\u00f0num, og skrifarann, hersh\u00f6f\u00f0ingjann, sem valdi til hersins landf\u00f3lki\u00f0, og 60 menn, af landsf\u00f3lkinu, sem fundust \u00ed sta\u00f0num,<a name=\"20\"><span class=\"versanumer\">20<\/span><\/a>\u00fe\u00e1 t\u00f3k Neb\u00fasaradan foringi l\u00edfvaktarinnar, og f\u00e6r\u00f0i \u00fe\u00e1 k\u00f3nginum \u00ed Babel til Ribla.<a name=\"21\"><span class=\"versanumer\">21<\/span><\/a>Og k\u00f3ngurinn \u00ed Babel vann \u00e1 \u00feeim og drap \u00fe\u00e1 \u00ed Ribla \u00ed h\u00e9ra\u00f0inu Hemat. \u00deannig var J\u00fadaf\u00f3lk burtu flutt. <br \/><a name=\"22\"><span class=\"versanumer\">22<\/span><\/a>Yfir f\u00f3lki\u00f0 sem eftir var\u00f0 \u00ed landinu J\u00fada, sem Neb\u00fakadnesar, k\u00f3ngur \u00ed Babel, l\u00e9t eftir ver\u00f0a, yfir \u00fea\u00f0 setti hann Gedal\u00eda, son Ah\u00edkams, Safanssonar <span class='VideyAth'>a)<\/span>.<a name=\"23\"><span class=\"versanumer\">23<\/span><\/a>Og sem allir herforingjarnir, \u00feeir og \u00feeirra menn, heyr\u00f0u, a\u00f0 k\u00f3ngurinn \u00ed Babel haf\u00f0i sett Gedal\u00eda <span class='VideyAth'>(yfir landi\u00f0)<\/span> komu \u00feeir til Gedal\u00eda til Mispa, nefnil: \u00cdsmael sonur Netan\u00eda, og J\u00f3hanan sonur Kareas, og Sera\u00eda sonur Tanhumets, Netofat\u00edtinn, og Jaasan\u00eda, sonur Maekatis, \u00feeir og \u00feeirra menn.<a name=\"24\"><span class=\"versanumer\">24<\/span><\/a>Og Gedal\u00eda s\u00f3r \u00feeim og \u00feeirra m\u00f6nnum og m\u00e6lti: veri\u00f0 \u00f3hr\u00e6ddir vi\u00f0 \u00fe\u00e9nara Kaldeumanna, veri\u00f0 kyrrir \u00ed landinu, og veri\u00f0 undirgefnir Babelsk\u00f3ngi, svo mun y\u00f0ur vel vegna.<a name=\"25\"><span class=\"versanumer\">25<\/span><\/a>En \u00e1 7da m\u00e1nu\u00f0i kom \u00cdsmael sonur Netan\u00eda, sonar Elisama af \u00feeirri konunglegu \u00e6tt, og 10 menn me\u00f0 honum, og sl\u00f3gu \u00ed hel Gedal\u00eda, og \u00fe\u00e1 J\u00fa\u00f0a og Kaldeumenn sem hj\u00e1 honum voru \u00ed Mispa.<a name=\"26\"><span class=\"versanumer\">26<\/span><\/a>\u00de\u00e1 t\u00f3k sig allt f\u00f3lk til, sm\u00e1ir og st\u00f3rir, og herforingjarnir, og f\u00f3ru til Egyptalands; \u00fev\u00ed \u00feeir voru hr\u00e6ddir vi\u00f0 Kaldeumenn.<a name=\"27\"><span class=\"versanumer\">27<\/span><\/a>En \u00e1 \u00fev\u00ed 37da \u00e1ri eftir burtflutning J\u00f3jakins J\u00fadak\u00f3ngs, t\u00f3k Evil-Merodak, k\u00f3ngurinn \u00ed Babel, \u00fea\u00f0 \u00e1r sem hann kom til r\u00edkis, J\u00f3jakin J\u00fadak\u00f3ng \u00far myrkvastofu;<a name=\"28\"><span class=\"versanumer\">28<\/span><\/a>og tala\u00f0i g\u00f3\u00f0samlega vi\u00f0 hann, og setti hans st\u00f3l fyrir ofan st\u00f3la \u00feeirra konunga sem hj\u00e1 honum voru \u00ed Babel.<a name=\"29\"><span class=\"versanumer\">29<\/span><\/a>Og l\u00e9t hann fara \u00far s\u00ednum fangab\u00faningi; og hann \u00e1t \u00e1vallt me\u00f0 honum svo lengi sem hann lif\u00f0i.<a name=\"30\"><span class=\"versanumer\">30<\/span><\/a>Og sitt uppheldi, \u00fea\u00f0 st\u00f6\u00f0uga uppeldi, var honum gefi\u00f0 af k\u00f3nginum daglega, alla hans \u00e6vi.<\/p>\n<div class=\"footnoteVidey\">V. 1. 2 Kron. 36,17. Jer. 39,1. 52,4.  V. 2. 24,10.  V. 3. Jer. 39,2.  V. 7. c. Jer. 39,6. d. Jer. 52,11. Ez. 12,12.  V. 17. 1 K\u00f3ng. 7,14. 2 Kron. 3,15. Jer. 52,21.  V. 22. a. Jer. 40,5.  V. 25. Jer. 41,6.7.  V. 26. Jer. 41,17.  V. 27. Jer. 52,31.<\/div>\n","protected":false},"excerpt":{"rendered":"<p>Jer\u00fasalem unnin. Gedal\u00eda drepinn. 1\u00c1 n\u00edunda \u00e1ri hans r\u00edkisstj\u00f3rnar, \u00e1 10da degi \u00feess 10da m\u00e1na\u00f0ar, kom Neb\u00fakadnesar, k\u00f3ngur \u00ed Babel, hann og allur hans her til Jer\u00fasalem, og settist um hana, og \u00feeir bygg\u00f0u hervirki allt \u00ed kringum hana.2Og sta\u00f0urinn var umsetinn \u00feanga\u00f0 til \u00e1 11ta \u00e1ri Sedek\u00eda k\u00f3ngs.3En \u00e1 9da degi \u00ed (fj\u00f3r\u00f0a) m\u00e1nu\u00f0i var hungri\u00f0 or\u00f0i\u00f0 miki\u00f0 \u00ed sta\u00f0num, og \u00fear var ekkert brau\u00f0 fyrir landsf\u00f3lki\u00f0.4\u00de\u00e1 var brotist inn \u00ed sta\u00f0inn, og allur herinn fl\u00fa\u00f0i um n\u00f3ttina, \u00fat um hli\u00f0i\u00f0 milli beggja veggjanna hj\u00e1 k\u00f3ngsins gar\u00f0i; en Kaldeumenn l\u00e1gu allt \u00ed kringum sta\u00f0inn, og k\u00f3ngur fl\u00fa\u00f0i veginn sem <a href=\"https:\/\/biblian.is\/videy\/sidari-konungabok-25-kafli\/\"> [&#8230;]<\/a><\/p>\n","protected":false},"author":1,"featured_media":0,"parent":0,"menu_order":0,"comment_status":"open","ping_status":"open","template":"bibliukaflar.php","meta":{"footnotes":""},"class_list":["post-21187","page","type-page","status-publish","hentry"],"_links":{"self":[{"href":"https:\/\/biblian.is\/videy\/wp-json\/wp\/v2\/pages\/21187","targetHints":{"allow":["GET"]}}],"collection":[{"href":"https:\/\/biblian.is\/videy\/wp-json\/wp\/v2\/pages"}],"about":[{"href":"https:\/\/biblian.is\/videy\/wp-json\/wp\/v2\/types\/page"}],"author":[{"embeddable":true,"href":"https:\/\/biblian.is\/videy\/wp-json\/wp\/v2\/users\/1"}],"replies":[{"embeddable":true,"href":"https:\/\/biblian.is\/videy\/wp-json\/wp\/v2\/comments?post=21187"}],"version-history":[{"count":0,"href":"https:\/\/biblian.is\/videy\/wp-json\/wp\/v2\/pages\/21187\/revisions"}],"wp:attachment":[{"href":"https:\/\/biblian.is\/videy\/wp-json\/wp\/v2\/media?parent=21187"}],"curies":[{"name":"wp","href":"https:\/\/api.w.org\/{rel}","templated":true}]}}

Síðari konungabók 25. kafli

<div class="fyrirsognVidey">Jerúsalem unnin. Gedalía drepinn.</div>
<p><a name="1"><span class="versanumer">1</span></a>Á níunda ári hans ríkisstjórnar, á 10da degi þess 10da mánaðar, kom Nebúkadnesar, kóngur í Babel, hann og allur hans her til Jerúsalem, og settist um hana, og þeir byggðu hervirki allt í kringum hana.<a name="2"><span class="versanumer">2</span></a>Og staðurinn var umsetinn þangað til á 11ta ári Sedekía kóngs.<a name="3"><span class="versanumer">3</span></a>En á 9da degi í <span class='VideyAth'>(fjórða)</span> mánuði var hungrið orðið mikið í staðnum, og þar var ekkert brauð fyrir landsfólkið.<a name="4"><span class="versanumer">4</span></a>Þá var brotist inn í staðinn, og allur herinn flúði um nóttina, út um hliðið milli beggja veggjanna hjá kóngsins garði; en Kaldeumenn lágu allt í kringum staðinn, og kóngur flúði veginn sem liggur út til sléttlendisins.<a name="5"><span class="versanumer">5</span></a>En Kaldeumannaherinn elti kónginn, og náði honum á sléttlendinu hjá Jeríkó, og allur hans her tvístraðist frá honum.<a name="6"><span class="versanumer">6</span></a>Og þeir hertóku kónginn, og færðu hann kónginum af Babel í Ribla, og lögðu dóm á hann.<a name="7"><span class="versanumer">7</span></a>Og þeir slátruðu Sedekíasonum fyrir hans augum <span class='VideyAth'>c)</span>, og blindaði Sedekía á hans augum <span class='VideyAth'>d)</span>, og bundu hann viðjum og fluttu hann til Babel. <br /><a name="8"><span class="versanumer">8</span></a>Og í fimmta mánuði, á 7da degi mánaðarins, það var 19da ár kóngs Nebúkadnesar, kóngs í Babel, kom Nebúsaradan foringi fyrir lífvaktinni, þénari kóngsins í Babel, til Jerúsalem,<a name="9"><span class="versanumer">9</span></a>og brenndi Drottins hús og kóngsins hús; og öll hús í Jerúsalem, öll stór hús brenndi hann með eldi.<a name="10"><span class="versanumer">10</span></a>Og Jerúsalems veggi allt um kring reif allur Kaldeumanna her niður, sá sem var með foringja lífvaktarinnar.<a name="11"><span class="versanumer">11</span></a>Og leifar fólksins, sem eftir voru orðnar í staðnum, og strokumenn þá sem hlaupið höfðu til kóngsins í Babel, og allan annan fólksfjöldann, flutti Nebúsaradan, foringi lífvaktarinnar, í burtu.<a name="12"><span class="versanumer">12</span></a>En af því óæðra fólki í landinu lét foringi lífvaktarinnar eftir verða, víngarðsmenn og bændur.<a name="13"><span class="versanumer">13</span></a>Og Kaldeu menn brutu í sundur eirstólpana í Drottins húsi og borðin og eirhafið í Drottins húsi, og fluttu eirið þar af til Babel.<a name="14"><span class="versanumer">14</span></a>Og pottana og pönnurnar og knífana og bikarana og öll eiráhöldin sem voru brúkuð við þjónustugjörðina, tóku þeir.<a name="15"><span class="versanumer">15</span></a>Og glóðarkerin, og fórnarbollana sem voru af gulli gull, og af silfri silfur, tók foringi lífvaktarinnar.<a name="16"><span class="versanumer">16</span></a>Þá tvo stólpa og það eina haf og borðin, sem Salómon hafði gjört fyrir Drottins hús; eirið á öllum þessum áhöldum varð ekki vegið.<a name="17"><span class="versanumer">17</span></a>18 álna hár var annar stólpinn, og ofan á honum hnúður af eiri, og hæð hnúðsins var 3 álnir, og netverk og kjarnepli <span class='VideyAth'>(granatepli)</span> voru allt í kringum hnúðinn, allt af eiri, og eins var á þeim öðrum stólpa hvað netverkið áhrærði. <br /><a name="18"><span class="versanumer">18</span></a>Og foringi lífvaktarinnar tók Seraja, höfuðprestinn, og Sefania prest af annarri röð, og þá þrjá dyraverði,<a name="19"><span class="versanumer">19</span></a>og úr staðnum tók hann hirðmann, sem settur var yfir stríðsmennina, og fimm menn af þeim sem stóðu fyrir kónginum, og sem fundust í staðnum, og skrifarann, hershöfðingjann, sem valdi til hersins landfólkið, og 60 menn, af landsfólkinu, sem fundust í staðnum,<a name="20"><span class="versanumer">20</span></a>þá tók Nebúsaradan foringi lífvaktarinnar, og færði þá kónginum í Babel til Ribla.<a name="21"><span class="versanumer">21</span></a>Og kóngurinn í Babel vann á þeim og drap þá í Ribla í héraðinu Hemat. Þannig var Júdafólk burtu flutt. <br /><a name="22"><span class="versanumer">22</span></a>Yfir fólkið sem eftir varð í landinu Júda, sem Nebúkadnesar, kóngur í Babel, lét eftir verða, yfir það setti hann Gedalía, son Ahíkams, Safanssonar <span class='VideyAth'>a)</span>.<a name="23"><span class="versanumer">23</span></a>Og sem allir herforingjarnir, þeir og þeirra menn, heyrðu, að kóngurinn í Babel hafði sett Gedalía <span class='VideyAth'>(yfir landið)</span> komu þeir til Gedalía til Mispa, nefnil: Ísmael sonur Netanía, og Jóhanan sonur Kareas, og Seraía sonur Tanhumets, Netofatítinn, og Jaasanía, sonur Maekatis, þeir og þeirra menn.<a name="24"><span class="versanumer">24</span></a>Og Gedalía sór þeim og þeirra mönnum og mælti: verið óhræddir við þénara Kaldeumanna, verið kyrrir í landinu, og verið undirgefnir Babelskóngi, svo mun yður vel vegna.<a name="25"><span class="versanumer">25</span></a>En á 7da mánuði kom Ísmael sonur Netanía, sonar Elisama af þeirri konunglegu ætt, og 10 menn með honum, og slógu í hel Gedalía, og þá Júða og Kaldeumenn sem hjá honum voru í Mispa.<a name="26"><span class="versanumer">26</span></a>Þá tók sig allt fólk til, smáir og stórir, og herforingjarnir, og fóru til Egyptalands; því þeir voru hræddir við Kaldeumenn.<a name="27"><span class="versanumer">27</span></a>En á því 37da ári eftir burtflutning Jójakins Júdakóngs, tók Evil-Merodak, kóngurinn í Babel, það ár sem hann kom til ríkis, Jójakin Júdakóng úr myrkvastofu;<a name="28"><span class="versanumer">28</span></a>og talaði góðsamlega við hann, og setti hans stól fyrir ofan stóla þeirra konunga sem hjá honum voru í Babel.<a name="29"><span class="versanumer">29</span></a>Og lét hann fara úr sínum fangabúningi; og hann át ávallt með honum svo lengi sem hann lifði.<a name="30"><span class="versanumer">30</span></a>Og sitt uppheldi, það stöðuga uppeldi, var honum gefið af kónginum daglega, alla hans ævi.</p>
<div class="footnoteVidey">V. 1. 2 Kron. 36,17. Jer. 39,1. 52,4.  V. 2. 24,10.  V. 3. Jer. 39,2.  V. 7. c. Jer. 39,6. d. Jer. 52,11. Ez. 12,12.  V. 17. 1 Kóng. 7,14. 2 Kron. 3,15. Jer. 52,21.  V. 22. a. Jer. 40,5.  V. 25. Jer. 41,6.7.  V. 26. Jer. 41,17.  V. 27. Jer. 52,31.</div>

<p>Jerúsalem unnin. Gedalía drepinn. 1Á níunda ári hans ríkisstjórnar, á 10da degi þess 10da mánaðar, kom Nebúkadnesar, kóngur í Babel, hann og allur hans her til Jerúsalem, og settist um hana, og þeir byggðu hervirki allt í kringum hana.2Og staðurinn var umsetinn þangað til á 11ta ári Sedekía kóngs.3En á 9da degi í (fjórða) mánuði var hungrið orðið mikið í staðnum, og þar var ekkert brauð fyrir landsfólkið.4Þá var brotist inn í staðinn, og allur herinn flúði um nóttina, út um hliðið milli beggja veggjanna hjá kóngsins garði; en Kaldeumenn lágu allt í kringum staðinn, og kóngur flúði veginn sem <a href="https://biblian.is/videy/sidari-konungabok-25-kafli/"> [&#8230;]</a></p>
