{"id":21185,"date":"2018-01-02T01:00:42","date_gmt":"2018-01-02T01:00:42","guid":{"rendered":"http:\/\/biblian.is\/videy\/sidari-konungabok-23-kafli\/"},"modified":"2018-01-02T01:00:42","modified_gmt":"2018-01-02T01:00:42","slug":"sidari-konungabok-23-kafli","status":"publish","type":"page","link":"https:\/\/biblian.is\/videy\/sidari-konungabok-23-kafli\/","title":{"rendered":"S\u00ed\u00f0ari konungab\u00f3k 23. kafli"},"content":{"rendered":"<div class=\"fyrirsognVidey\">J\u00f3sia lei\u00f0r\u00e9ttir margt. J\u00f3akas og J\u00f3akim k\u00f3ngar.<\/div>\n<p><a name=\"1\"><span class=\"versanumer\">1<\/span><\/a>\u00de\u00e1 sendi konungurinn og safna\u00f0i a\u00f0 s\u00e9r \u00f6llum \u00f6ldungunum \u00ed J\u00fada og Jer\u00fasalem.<a name=\"2\"><span class=\"versanumer\">2<\/span><\/a>Og k\u00f3ngurinn gekk \u00ed Drottins h\u00fas, og allir J\u00fada menn og allir Jer\u00fasalems innb\u00faar me\u00f0 honum, og prestarnir og sp\u00e1mennirnir og allt f\u00f3lki\u00f0, sm\u00e1ir og st\u00f3rir, og hann las fyrir \u00feeirra eyrum \u00f6ll or\u00f0 s\u00e1ttm\u00e1lsb\u00f3karinnar sem fannst \u00ed Drottins h\u00fasi.<a name=\"3\"><span class=\"versanumer\">3<\/span><\/a>Og k\u00f3ngur st\u00f3\u00f0 vi\u00f0 st\u00f3lpann og gj\u00f6r\u00f0i s\u00e1ttm\u00e1la fyrir Drottins augliti, a\u00f0 a\u00f0hyllast Drottin, a\u00f0 halda hans bo\u00f0, l\u00f6g og setninga af \u00f6llu hjarta og allri s\u00e1lu, til a\u00f0 fulln\u00e6gja \u00feeim or\u00f0um s\u00e1ttm\u00e1lans sem skrifu\u00f0 st\u00f3\u00f0u \u00ed \u00feessari b\u00f3k. Og allt f\u00f3lki\u00f0 gekk a\u00f0 \u00feessum s\u00e1ttm\u00e1la. <br \/><a name=\"4\"><span class=\"versanumer\">4<\/span><\/a>Og k\u00f3ngurinn bau\u00f0 Hilk\u00eda h\u00f6fu\u00f0prestinum og enum \u00f3\u00e6\u00f0ri prestum, og dyrav\u00f6r\u00f0unum, a\u00f0 taka burt \u00far Drottins musteri \u00f6ll \u00e1h\u00f6ld sem h\u00f6f\u00f0u veri\u00f0 gj\u00f6r\u00f0 fyrir Baal og Astarte og allan himinsins her; og hann brenndi \u00feau fyrir utan Jer\u00fasalem \u00e1 Kedronsvelli, og askan \u00fear af var flutt til Betel <span class='VideyAth'>a)<\/span>.<a name=\"5\"><span class=\"versanumer\">5<\/span><\/a>Og hann afsetti afgu\u00f0aprestana, sem J\u00fadak\u00f3ngar h\u00f6f\u00f0u sett, sem brenndu reykelsi \u00e1 h\u00e6\u00f0unum \u00ed J\u00fada borgum og \u00ed kringum Jer\u00fasalem, og \u00fe\u00e1 sem brenndu reykelsi fyrir Baal, s\u00f3lu, tungli og himinmerkjunum og fyrir \u00f6llum himinsins her.<a name=\"6\"><span class=\"versanumer\">6<\/span><\/a>Og hann t\u00f3k burt Astartis b\u00edl\u00e6ti \u00far Drottins h\u00fasi og flutti \u00far Jer\u00fasalem og brenndi \u00fea\u00f0 \u00ed Kedronsdal, og sundurmola\u00f0i \u00ed Kedronsdal og str\u00e1\u00f0i \u00f6skunni yfir grafir alm\u00fagamanna.<a name=\"7\"><span class=\"versanumer\">7<\/span><\/a>Og hann braut ni\u00f0ur \u00feau saurl\u00edfish\u00fas, sem voru hj\u00e1 Drottins h\u00fasi, hvar konur \u00f3fu tjaldd\u00faka fyrir Astarte.<a name=\"8\"><span class=\"versanumer\">8<\/span><\/a>Og hann l\u00e9t alla presta koma \u00far J\u00fada st\u00f6\u00f0um, og vanhelga\u00f0i h\u00e6\u00f0irnar hvar prestarnir h\u00f6f\u00f0u brennt reykelsi, fr\u00e1 Geba til Berseba og reif ni\u00f0ur h\u00e6\u00f0irnar fyrir borgarhli\u00f0unum, l\u00edka \u00fe\u00e6r sem voru fyrir dyrum J\u00f3s\u00faa, sta\u00f0arf\u00f3getans, \u00e1 vinstri h\u00f6nd vi\u00f0 borgarhli\u00f0i\u00f0.<a name=\"9\"><span class=\"versanumer\">9<\/span><\/a>\u00de\u00e1 f\u00f3rnu\u00f0u h\u00e6\u00f0anna prestar ekki \u00e1 Drottins altari \u00ed Jer\u00fasalem, heldur \u00e1tu \u00f3s\u00fdr\u00f0 brau\u00f0 me\u00f0 s\u00ednum br\u00e6\u00f0rum.<a name=\"10\"><span class=\"versanumer\">10<\/span><\/a>Og hann vanhelga\u00f0i T\u00f3fel \u00ed Hinnomsbarnadal, a\u00f0 enginn \u00fea\u00f0an af skyldi l\u00e1ta \u00ed eldinn fyrir Molok, son e\u00f0a d\u00f3ttur.<a name=\"11\"><span class=\"versanumer\">11<\/span><\/a>Hann t\u00f3k l\u00edka \u00ed burt \u00fe\u00e1 hesta sem J\u00fadak\u00f3ngar h\u00f6f\u00f0u helga\u00f0 s\u00f3linni, hj\u00e1 ganginum a\u00f0 Drottins h\u00fasi, vi\u00f0 hir\u00f0mannsins Netanmeleks b\u00fasta\u00f0 sem var \u00ed <span class='VideyAth'>(Parvarim)<\/span>, forsta\u00f0num; og vagna s\u00f3larinnar brenndi hann me\u00f0 eldi.<a name=\"12\"><span class=\"versanumer\">12<\/span><\/a>Og \u00feau \u00f6lturu sem voru \u00e1 \u00feakinu \u00e1 Akabs sal, sem J\u00fadak\u00f3ngar h\u00f6f\u00f0u byggt, og \u00f6lturu sem Manasse haf\u00f0i reist \u00ed b\u00e1\u00f0um forg\u00f6r\u00f0um Drottins h\u00fass, reif k\u00f3ngurinn ni\u00f0ur og l\u00e9t sem skj\u00f3tast flytja \u00fea\u00f0an og kasta\u00f0i \u00feeirra \u00f6sku \u00ed Kedronsdal.<a name=\"13\"><span class=\"versanumer\">13<\/span><\/a>Og \u00fe\u00e6r h\u00e6\u00f0ir, sem voru framundan Jer\u00fasalem, h\u00e6gramegin <span class='VideyAth'>(sunnanvert)<\/span> vi\u00f0 Ey\u00f0ileggingarfjalli\u00f0 og hv\u00f6rjar Sal\u00f3mon, \u00cdsraelsk\u00f3ngur, haf\u00f0i byggt S\u00eddons manna lei\u00f0a go\u00f0i Astarte, og Kamos M\u00f3ab\u00edtanna vi\u00f0urstygg\u00f0, og Milkom vi\u00f0bj\u00f3\u00f0 Ammonssona, vanhelga\u00f0i k\u00f3ngurinn.<a name=\"14\"><span class=\"versanumer\">14<\/span><\/a>Og hann sundurbraut s\u00falurnar og uppr\u00e6tti bl\u00f3tlundana og fyllti \u00feeirra pl\u00e1ss me\u00f0 manna beinum.<br \/><a name=\"15\"><span class=\"versanumer\">15<\/span><\/a>S\u00f6mulei\u00f0is reif hann ni\u00f0ur altari\u00f0 \u00ed Betel, h\u00e6\u00f0ina, er Jer\u00f3b\u00f3am sonur Nebats, haf\u00f0i byggt, s\u00e1 sem kom \u00cdsrael til a\u00f0 syndga, b\u00e6\u00f0i \u00fea\u00f0 sama altari og h\u00e6\u00f0ina reif hann ni\u00f0ur, og brenndi h\u00e6\u00f0ina, sundurmola\u00f0i hana \u00ed ryk, og brenndi lundinn.<a name=\"16\"><span class=\"versanumer\">16<\/span><\/a>Og J\u00f3s\u00eda lita\u00f0ist um og s\u00e1 \u00fear grafir sem voru \u00e1 enu sama fjalli; \u00fe\u00e1 sendi hann og l\u00e9t s\u00e6kja beinin \u00ed grafirnar, og brenndi \u00feau \u00e1 altarinu, og vanhelga\u00f0i \u00fea\u00f0; eftir or\u00f0i Drottins, sem gu\u00f0sma\u00f0urinn kunngj\u00f6r\u00f0i, s\u00e1 sem bo\u00f0a\u00f0i \u00feetta <span class='VideyAth'>(1 Kgb. 13,2.)<\/span><a name=\"17\"><span class=\"versanumer\">17<\/span><\/a>Og hann m\u00e6lti: hva\u00f0a l\u00edksteinn er \u00fearna sem eg s\u00e9? og borgarmennirnir sv\u00f6ru\u00f0u honum: \u00fea\u00f0 er gr\u00f6f \u00feess gu\u00f0smanns <span class='VideyAth'>a)<\/span> sem kom fr\u00e1 J\u00fada, og kunngj\u00f6r\u00f0i \u00fea\u00f0 sem \u00fe\u00fa hefir n\u00fa gj\u00f6rt vi\u00f0 altari\u00f0.<a name=\"18\"><span class=\"versanumer\">18<\/span><\/a>Og hann m\u00e6lti: l\u00e1ti\u00f0 hann vera, enginn \u00f3n\u00e1\u00f0i hans bein! og hans bein frelsu\u00f0u l\u00edka bein sp\u00e1mannsins sem kom fr\u00e1 Samar\u00edu <span class='VideyAth'>b)<\/span>.<a name=\"19\"><span class=\"versanumer\">19<\/span><\/a>J\u00f3s\u00eda t\u00f3k einnegin burtu \u00f6ll h\u00e6\u00f0ah\u00fasin \u00ed Samar\u00eduborginni, sem \u00cdsraelsk\u00f3ngar h\u00f6f\u00f0u byggt til m\u00f3\u00f0gunar <span class='VideyAth'>(Drottni)<\/span> og f\u00f3r me\u00f0 \u00feau aldeilis eins og \u00ed Betel.<a name=\"20\"><span class=\"versanumer\">20<\/span><\/a>Og hann f\u00f3rnf\u00e6r\u00f0i alla h\u00e6\u00f0anna presta sem \u00fear voru \u00e1 \u00f6lturunum og brenndi \u00e1 \u00feeim mannabein, og svo f\u00f3r hann heim aftur til Jer\u00fasalem.<a name=\"21\"><span class=\"versanumer\">21<\/span><\/a>Og k\u00f3ngurinn bau\u00f0 \u00f6llu f\u00f3lkinu og m\u00e6lti: haldi\u00f0 Drottni y\u00f0ar Gu\u00f0i p\u00e1ska eins og skrifa\u00f0 stendur \u00ed \u00feessari s\u00e1ttm\u00e1lsb\u00f3k.<a name=\"22\"><span class=\"versanumer\">22<\/span><\/a>\u00dev\u00ed engir sl\u00edkir p\u00e1skar h\u00f6f\u00f0u veri\u00f0 haldnir fr\u00e1 d\u00f6gum d\u00f3maranna, sem d\u00e6mt h\u00f6f\u00f0u \u00cdsrael, og \u00e1 \u00f6llum t\u00edmum \u00cdsraelsk\u00f3nga og J\u00fadak\u00f3nga;<a name=\"23\"><span class=\"versanumer\">23<\/span><\/a>en \u00e1 18da \u00e1ri J\u00f3s\u00eda k\u00f3ngs voru \u00feessir p\u00e1skar haldnir Drottni \u00ed Jer\u00fasalem.<a name=\"24\"><span class=\"versanumer\">24<\/span><\/a>Og J\u00f3s\u00eda afm\u00e1\u00f0i \u00fe\u00e1 sem leitu\u00f0u fr\u00e9tta af dau\u00f0um, og sp\u00e1sagnarmenn, skur\u00f0go\u00f0 <span class='VideyAth'>c)<\/span> og afgu\u00f0i og alla vi\u00f0urstygg\u00f0, sem fannst \u00ed J\u00fadalandi og Jer\u00fasalem, til a\u00f0 fulln\u00e6gja l\u00f6gm\u00e1lsins or\u00f0um, sem st\u00f3\u00f0u skrifu\u00f0 \u00ed \u00feeirri b\u00f3k, er Hilk\u00eda prestur haf\u00f0i fundi\u00f0 \u00ed Drottins h\u00fasi <span class='VideyAth'>d)<\/span>.<a name=\"25\"><span class=\"versanumer\">25<\/span><\/a>Enginn k\u00f3ngur haf\u00f0i veri\u00f0 hans maki \u00e1 undan honum, sem sneri s\u00e9r svo til Drottins af \u00f6llu hjarta og allri s\u00e1lu og af \u00f6llum m\u00e6tti, algj\u00f6rlega eftir M\u00f3sisl\u00f6gm\u00e1li; og eftir hann hefir ekki hans l\u00edki veri\u00f0.<a name=\"26\"><span class=\"versanumer\">26<\/span><\/a>\u00de\u00f3 hvarf Drottinn ekki fr\u00e1 sinni miklu rei\u00f0i, af hv\u00f6rri hann var upptendra\u00f0ur gegn J\u00fada, sakir allrar \u00feeirrar m\u00f3\u00f0gunar, me\u00f0 hv\u00f6rri Manasse haf\u00f0i egnt hann til.<a name=\"27\"><span class=\"versanumer\">27<\/span><\/a>Og Drottinn sag\u00f0i: Eg vil burtsk\u00fafa J\u00fada fr\u00e1 m\u00ednu augliti eins og eg hefi burtsk\u00fafa\u00f0 \u00cdsrael, og eg burtsnara \u00feessari borg Jer\u00fasalem, sem eg hefi \u00fatvali\u00f0, og \u00fev\u00ed h\u00fasi, um hv\u00f6rt eg sag\u00f0i: mitt nafn skal \u00fear b\u00faa <span class='VideyAth'>e)<\/span>.<a name=\"28\"><span class=\"versanumer\">28<\/span><\/a>En hva\u00f0 meira er af J\u00f3s\u00eda a\u00f0 segja og af \u00f6llu sem hann gj\u00f6r\u00f0i, \u00fe\u00e1 stendur \u00fea\u00f0 skrifa\u00f0 \u00ed \u00e1rb\u00f3kum J\u00fadak\u00f3nga <span class='VideyAth'>f)<\/span>. <br \/><a name=\"29\"><span class=\"versanumer\">29<\/span><\/a>\u00c1 hans d\u00f6gum f\u00f3r fara\u00f3 Nek\u00f3, Egyptalandsk\u00f3ngur <span class='VideyAth'>g)<\/span>, herf\u00f6r m\u00f3t Ass\u00fdr\u00eduk\u00f3ngi til \u00e1rinnar Frat, og k\u00f3ngur J\u00f3s\u00eda f\u00f3r til fundar vi\u00f0 hann og <span class='VideyAth'>(hann)<\/span> drap hann \u00ed Megiddo <span class='VideyAth'>h)<\/span> \u00feegar hann var b\u00fainn a\u00f0 sj\u00e1 hann.<a name=\"30\"><span class=\"versanumer\">30<\/span><\/a>Og hans menn fluttu hann dau\u00f0ann \u00e1 vagni fr\u00e1 Megiddo og til Jer\u00fasalem og gr\u00f3fu hann \u00ed sinni gr\u00f6f. Og landsf\u00f3lki\u00f0 t\u00f3k J\u00f3akas <span class='VideyAth'>i)<\/span> son J\u00f3s\u00eda, og smur\u00f0i hann, og gj\u00f6r\u00f0u a\u00f0 k\u00f3ngi \u00ed sta\u00f0 f\u00f6\u00f0ur s\u00edns.<br \/><a name=\"31\"><span class=\"versanumer\">31<\/span><\/a>J\u00f3akas haf\u00f0i \u00ferj\u00e1 um tv\u00edtugt, \u00fe\u00e1 hann var\u00f0 k\u00f3ngur, og r\u00edkti \u00ferj\u00e1 m\u00e1nu\u00f0i \u00ed Jer\u00fasalem. M\u00f3\u00f0ir hans h\u00e9t Ham\u00fatal, d\u00f3ttir Jerem\u00edas fr\u00e1 Libna.<a name=\"32\"><span class=\"versanumer\">32<\/span><\/a>Hann gj\u00f6r\u00f0i \u00fea\u00f0 sem Drottni illa l\u00edka\u00f0i algj\u00f6rlega sem fe\u00f0ur hans h\u00f6f\u00f0u gj\u00f6rt.<a name=\"33\"><span class=\"versanumer\">33<\/span><\/a>Og fara\u00f3 Nek\u00f3 l\u00e9t binda hann <span class='VideyAth'>a)<\/span> \u00ed Ribla \u00ed landinu Hemat, a\u00f0 hann skyldi ei framar r\u00edkja \u00ed Jer\u00fasalem og lag\u00f0i b\u00e6tur \u00e1 landi\u00f0, 100 v\u00e6ttir silfurs og 10 v\u00e6ttir gulls.<a name=\"34\"><span class=\"versanumer\">34<\/span><\/a>Og fara\u00f3 Nek\u00f3 gj\u00f6r\u00f0i El\u00edakim, J\u00f3s\u00edason, k\u00f3ng \u00ed Jer\u00fasalem, \u00ed sta\u00f0 f\u00f6\u00f0ur hans og breytti nafni hans, og l\u00e9t hann heita J\u00f3jakim; en hann f\u00f3r me\u00f0 J\u00f3akas til Egyptalands, og \u00fear d\u00f3 hann <span class='VideyAth'>b)<\/span>.<a name=\"35\"><span class=\"versanumer\">35<\/span><\/a>Og J\u00f3jakim gaf fara\u00f3 silfur og gull; lag\u00f0i samt skatt \u00e1 landi\u00f0, til \u00feess a\u00f0 geta goldi\u00f0 peningana, eftir fara\u00f3s skipun; af s\u00e9rhv\u00f6rjum \u00e1 me\u00f0al f\u00f3lksins \u00ed landinu t\u00f3k hann silfur og gull eftir hans efnum, til a\u00f0 svara \u00fev\u00ed fara\u00f3 Nek\u00f3. <br \/><a name=\"36\"><span class=\"versanumer\">36<\/span><\/a>J\u00f3jakim haf\u00f0i 5 um tv\u00edtugt, \u00fe\u00e1 hann var\u00f0 k\u00f3ngur og r\u00edkti 11 \u00e1r \u00ed Jer\u00fasalem; en m\u00f3\u00f0ir hans h\u00e9t Sebuda og var d\u00f3ttir Pedaja fr\u00e1 Ruma.<a name=\"37\"><span class=\"versanumer\">37<\/span><\/a>Og hann gj\u00f6r\u00f0i \u00fea\u00f0 sem Drottni illa l\u00edka\u00f0i, r\u00e9tt eins og hans fe\u00f0ur h\u00f6f\u00f0u gj\u00f6rt.<\/p>\n<div class=\"footnoteVidey\">V. 3. 2 Kron. 15,12.  V. 4. a. 1 K\u00f3ng. 12,29.  V. 10. Kap. 21,6. Lev. 18,21. 20,5. Devt. 18,10. S\u00e1lm. 106,37. Jer. 7,31. 32,35. Ez. 16,20.36.  V. 13. 1 K\u00f3ng. 11,7.8.33.  V. 17. a. 1 K\u00f3ng. 13,30.  V. 18. b. 1 K\u00f3ng. 13,31.  V. 21. 2 Kron. 35,1. fl.  V. 22. 2 Kron. 35,18.  V. 24. c. Gen. 31,19. d. Kap. 22,8.  V. 27. e. 1 K\u00f3ng. 8,29. 9,3.  V. 28. f. 2 Kron. 34,1. fl.  V. 29. g. 2 Kron. 35,20. h. J\u00f3s. 17,11.  V. 30. i. 2 Kron. 36,1. nefnist einnin Sallum Jer. 22,11.  V. 33. a. Esek. 19,4.  V. 34. b. Jer. 22,12.<\/div>\n","protected":false},"excerpt":{"rendered":"<p>J\u00f3sia lei\u00f0r\u00e9ttir margt. J\u00f3akas og J\u00f3akim k\u00f3ngar. 1\u00de\u00e1 sendi konungurinn og safna\u00f0i a\u00f0 s\u00e9r \u00f6llum \u00f6ldungunum \u00ed J\u00fada og Jer\u00fasalem.2Og k\u00f3ngurinn gekk \u00ed Drottins h\u00fas, og allir J\u00fada menn og allir Jer\u00fasalems innb\u00faar me\u00f0 honum, og prestarnir og sp\u00e1mennirnir og allt f\u00f3lki\u00f0, sm\u00e1ir og st\u00f3rir, og hann las fyrir \u00feeirra eyrum \u00f6ll or\u00f0 s\u00e1ttm\u00e1lsb\u00f3karinnar sem fannst \u00ed Drottins h\u00fasi.3Og k\u00f3ngur st\u00f3\u00f0 vi\u00f0 st\u00f3lpann og gj\u00f6r\u00f0i s\u00e1ttm\u00e1la fyrir Drottins augliti, a\u00f0 a\u00f0hyllast Drottin, a\u00f0 halda hans bo\u00f0, l\u00f6g og setninga af \u00f6llu hjarta og allri s\u00e1lu, til a\u00f0 fulln\u00e6gja \u00feeim or\u00f0um s\u00e1ttm\u00e1lans sem skrifu\u00f0 st\u00f3\u00f0u \u00ed \u00feessari b\u00f3k. Og allt f\u00f3lki\u00f0 <a href=\"https:\/\/biblian.is\/videy\/sidari-konungabok-23-kafli\/\"> [&#8230;]<\/a><\/p>\n","protected":false},"author":1,"featured_media":0,"parent":0,"menu_order":0,"comment_status":"open","ping_status":"open","template":"bibliukaflar.php","meta":{"footnotes":""},"class_list":["post-21185","page","type-page","status-publish","hentry"],"_links":{"self":[{"href":"https:\/\/biblian.is\/videy\/wp-json\/wp\/v2\/pages\/21185","targetHints":{"allow":["GET"]}}],"collection":[{"href":"https:\/\/biblian.is\/videy\/wp-json\/wp\/v2\/pages"}],"about":[{"href":"https:\/\/biblian.is\/videy\/wp-json\/wp\/v2\/types\/page"}],"author":[{"embeddable":true,"href":"https:\/\/biblian.is\/videy\/wp-json\/wp\/v2\/users\/1"}],"replies":[{"embeddable":true,"href":"https:\/\/biblian.is\/videy\/wp-json\/wp\/v2\/comments?post=21185"}],"version-history":[{"count":0,"href":"https:\/\/biblian.is\/videy\/wp-json\/wp\/v2\/pages\/21185\/revisions"}],"wp:attachment":[{"href":"https:\/\/biblian.is\/videy\/wp-json\/wp\/v2\/media?parent=21185"}],"curies":[{"name":"wp","href":"https:\/\/api.w.org\/{rel}","templated":true}]}}