{"id":21175,"date":"2018-01-02T01:00:42","date_gmt":"2018-01-02T01:00:42","guid":{"rendered":"http:\/\/biblian.is\/videy\/sidari-konungabok-13-kafli\/"},"modified":"2018-01-02T01:00:42","modified_gmt":"2018-01-02T01:00:42","slug":"sidari-konungabok-13-kafli","status":"publish","type":"page","link":"https:\/\/biblian.is\/videy\/sidari-konungabok-13-kafli\/","title":{"rendered":"S\u00ed\u00f0ari konungab\u00f3k 13. kafli"},"content":{"rendered":"<div class=\"fyrirsognVidey\">J\u00f3akas og J\u00f3as k\u00f3ngur \u00ed \u00cdsrael. El\u00edsa sp\u00e1ma\u00f0ur deyr.<\/div>\n<p><a name=\"1\"><span class=\"versanumer\">1<\/span><\/a>\u00c1 23ja \u00e1ri J\u00f3as, sonar Ahasia, J\u00fadak\u00f3ngs, var\u00f0 J\u00f3akas Jeh\u00fa son, k\u00f3ngur yfir \u00cdsrael \u00ed Samar\u00eda <span class='VideyAth'>(og r\u00edkti)<\/span> 17 \u00e1r.<a name=\"2\"><span class=\"versanumer\">2<\/span><\/a>Og hann gj\u00f6r\u00f0i \u00fea\u00f0 sem Drottni illa l\u00edka\u00f0i og gekk eftir syndum Jer\u00f3b\u00f3ams sonar Nebats, sem haf\u00f0i komi\u00f0 \u00cdsrael til a\u00f0 syndga, og l\u00e9t ei af \u00fev\u00ed.<a name=\"3\"><span class=\"versanumer\">3<\/span><\/a>\u00de\u00e1 gramdist Drottni vi\u00f0 \u00cdsrael, og hann gaf \u00fe\u00e1 \u00ed h\u00f6nd Hasaels S\u00fdrlandsk\u00f3ngs <span class='VideyAth'>c)<\/span>, og \u00ed h\u00f6nd Benhadads, Hasaelssonar, me\u00f0an \u00feeir lif\u00f0u.<a name=\"4\"><span class=\"versanumer\">4<\/span><\/a>\u00de\u00e1 gr\u00e1tb\u00e6ndi J\u00f3akas Drottin, og Drottinn b\u00e6nheyr\u00f0i hann, \u00fev\u00ed hann s\u00e1 \u00cdsraels \u00e1nau\u00f0, hv\u00f6rsu S\u00fdrlandsk\u00f3ngur \u00fer\u00f6ngdi \u00feeim.<a name=\"5\"><span class=\"versanumer\">5<\/span><\/a>Og Drottinn gaf \u00cdsrael hj\u00e1lparmann <span class='VideyAth'>d)<\/span> svo \u00feeir losnu\u00f0u undan valdi s\u00fdrlenskra, og \u00cdsraelsmenn bjuggu \u00ed s\u00ednum tjaldb\u00fa\u00f0um, sem \u00e1\u00f0ur.<a name=\"6\"><span class=\"versanumer\">6<\/span><\/a>\u00de\u00f3 viku \u00feeir ekki fr\u00e1 syndum Jer\u00f3b\u00f3ams h\u00fass, sem haf\u00f0i komi\u00f0 \u00cdsrael til a\u00f0 syndga, heldur gengu fram \u00ed \u00feeim. Og f\u00f3rnalundurinn st\u00f3\u00f0 \u00ed Samar\u00edu.<a name=\"7\"><span class=\"versanumer\">7<\/span><\/a>En eftir var ekki or\u00f0i\u00f0 af J\u00f3akas <span class='VideyAth'>(str\u00ed\u00f0s)<\/span>f\u00f3lki meir en 50 rei\u00f0menn og 10 vagnar, og 10 \u00fe\u00fasund f\u00f3tg\u00f6nguli\u00f0s, \u00fev\u00ed S\u00fdrlandsk\u00f3ngur haf\u00f0i drepi\u00f0 \u00fea\u00f0 ni\u00f0ur, og gj\u00f6rt a\u00f0 \u00fereskingarryki.<a name=\"8\"><span class=\"versanumer\">8<\/span><\/a>Hva\u00f0 meir er a\u00f0 segja um J\u00f3akas og allt hva\u00f0 hann gj\u00f6r\u00f0i og hans hreysti verk, \u00fea\u00f0 stendur skrifa\u00f0 \u00ed \u00e1rb\u00f3kum \u00cdsraelsk\u00f3nga.<a name=\"9\"><span class=\"versanumer\">9<\/span><\/a>Og J\u00f3akas lag\u00f0ist hj\u00e1 s\u00ednum fe\u00f0rum, og var jar\u00f0a\u00f0ur \u00ed Samar\u00edu; og J\u00f3as sonur hans var\u00f0 k\u00f3ngur \u00ed hans sta\u00f0. <br \/><a name=\"10\"><span class=\"versanumer\">10<\/span><\/a>\u00c1 37da \u00e1ri J\u00f3as, k\u00f3ngsins \u00ed J\u00fada, var\u00f0 J\u00f3as sonur J\u00f3akas, k\u00f3ngur yfir \u00cdsrael \u00ed Samar\u00edu <span class='VideyAth'>(og r\u00edkti)<\/span> 16 \u00e1r.<a name=\"11\"><span class=\"versanumer\">11<\/span><\/a>Og hann gj\u00f6r\u00f0i \u00fea\u00f0 sem Drottni illa l\u00edka\u00f0i; hann v\u00e9k ei fr\u00e1 \u00f6llum syndum Jer\u00f3b\u00f3ams sonar Nebats, sem haf\u00f0i komi\u00f0 \u00cdsrael til a\u00f0 syndga, heldur gekk fram \u00ed \u00feeim.<a name=\"12\"><span class=\"versanumer\">12<\/span><\/a>Hva\u00f0 meira er um J\u00f3as a\u00f0 segja og allt sem hann gj\u00f6r\u00f0i og hans hreysti verk, hv\u00f6rsu hann bar\u00f0ist vi\u00f0 Amasia J\u00fadak\u00f3ng, \u00fea\u00f0 stendur skrifa\u00f0 \u00ed \u00e1rb\u00f3kum \u00cdsraelsk\u00f3nga.<a name=\"13\"><span class=\"versanumer\">13<\/span><\/a>Og J\u00f3as lag\u00f0ist hj\u00e1 s\u00ednum fe\u00f0rum, og Jer\u00f3b\u00f3am settist \u00ed hans h\u00e1s\u00e6ti. Og J\u00f3as var grafinn \u00ed Samar\u00edu hj\u00e1 \u00cdsraelsk\u00f3ngum.<br \/><a name=\"14\"><span class=\"versanumer\">14<\/span><\/a>En El\u00edsa lag\u00f0ist \u00ed s\u00f3tt sem hann anda\u00f0ist \u00far. \u00de\u00e1 kom J\u00f3as \u00cdsraelskonungur til hans, og gr\u00e9t yfir honum og m\u00e6lti: minn fa\u00f0ir! minn fa\u00f0ir! \u00cdsraels vagn og rei\u00f0ma\u00f0ur <span class='VideyAth'>a)<\/span>.<a name=\"15\"><span class=\"versanumer\">15<\/span><\/a>Og El\u00edsa m\u00e6lti til hans: tak boga og \u00f6rvar! og hann t\u00f3k boga og \u00f6rvar.<a name=\"16\"><span class=\"versanumer\">16<\/span><\/a>Og hann sag\u00f0i vi\u00f0 \u00cdsraelsk\u00f3ng: legg \u00fe\u00edna h\u00f6nd \u00e1 bogann! og hann lag\u00f0i s\u00edna h\u00f6nd \u00e1 hann. Og El\u00edsa lag\u00f0i s\u00edna h\u00f6nd ofan \u00e1 k\u00f3ngsins h\u00f6nd,<a name=\"17\"><span class=\"versanumer\">17<\/span><\/a>og m\u00e6lti: opna gluggann m\u00f3t austri! og hann opna\u00f0i hann. Og El\u00edsa m\u00e6lti: skj\u00f3t! og hann skaut. Og hann m\u00e6lti: sigur \u00f6r fr\u00e1 Drottni! sigur \u00f6r yfir s\u00fdrlenskum, svo muntu sigra s\u00fdrlenska \u00ed Afek, \u00feanga\u00f0 til \u00fe\u00fa afm\u00e1ir \u00fe\u00e1!<a name=\"18\"><span class=\"versanumer\">18<\/span><\/a>Eftir \u00fea\u00f0 sag\u00f0i hann: tak \u00f6rvarnar! og hann t\u00f3k \u00fe\u00e6r. Og hann m\u00e6lti vi\u00f0 \u00cdsraelsk\u00f3ng: sl\u00e1 \u00fe\u00fa \u00e1 j\u00f6r\u00f0ina! og hann sl\u00f3 \u00ferisvar og h\u00e6tti svo.<a name=\"19\"><span class=\"versanumer\">19<\/span><\/a>\u00de\u00e1 gramdist gu\u00f0smanninum vi\u00f0 hann, og m\u00e6lti: \u00fe\u00fa hef\u00f0ir \u00e1tt a\u00f0 sl\u00e1 5 e\u00f0a 6 sinnum, \u00fe\u00e1 hef\u00f0ir \u00fe\u00fa gj\u00f6rt \u00fat af vi\u00f0 s\u00fdrlenska; enn n\u00fa munt \u00fe\u00fa sigra \u00fe\u00e1 s\u00fdrlensku \u00ferisvar.<a name=\"20\"><span class=\"versanumer\">20<\/span><\/a>Og El\u00edsa d\u00f3, og menn gr\u00f3fu hann. Og flokkar af M\u00f3ab\u00edtum komu \u00ed landi\u00f0 \u00ed \u00e1rsins byrjun.<a name=\"21\"><span class=\"versanumer\">21<\/span><\/a>En svo vildi til, a\u00f0 menn voru a\u00f0 jar\u00f0a mann; og sj\u00e1! \u00feeir s\u00e1u flokkinn, og k\u00f6stu\u00f0u manninum \u00ed El\u00edsa gr\u00f6f <span class='VideyAth'>b)<\/span>; og sem ma\u00f0urinn snerti El\u00edsa bein, var\u00f0 hann lifandi, og gekk \u00e1 s\u00ednum f\u00f3tum.<br \/><a name=\"22\"><span class=\"versanumer\">22<\/span><\/a>En Hasael, S\u00fdrlandsk\u00f3ngur, haf\u00f0i \u00fer\u00f6ngva\u00f0 \u00cdsrael, me\u00f0an J\u00f3akas lif\u00f0i.<a name=\"23\"><span class=\"versanumer\">23<\/span><\/a>En Drottinn s\u00e1 aumur \u00e1 \u00feeim, og miskunna\u00f0i \u00feeim og sneri s\u00e9r til \u00feeirra, sakir s\u00edns s\u00e1ttm\u00e1la vi\u00f0 Abraham, \u00cdsak og Jakob <span class='VideyAth'>c)<\/span>, og vildi ekki tort\u00edna \u00feeim, og snara\u00f0i \u00feeim ekki algj\u00f6rlega fr\u00e1 s\u00ednu augliti.<a name=\"24\"><span class=\"versanumer\">24<\/span><\/a>Og Hasael S\u00fdrlandsk\u00f3ngur d\u00f3, og Ben-Hadad hans son var\u00f0 k\u00f3ngur \u00ed hans sta\u00f0.<a name=\"25\"><span class=\"versanumer\">25<\/span><\/a>\u00de\u00e1 t\u00f3k J\u00f3as sonur J\u00f3akas sta\u00f0ina aftur \u00far hendi Ben-Hadads, Hasaelssonar, sem hann haf\u00f0i n\u00e1\u00f0 \u00ed str\u00ed\u00f0i \u00far hendi J\u00f3akas, f\u00f6\u00f0ur hans. \u00derisvar sigra\u00f0i J\u00f3as hann, og n\u00e1\u00f0i aftur \u00cdsraels st\u00f6\u00f0um.<\/p>\n<div class=\"footnoteVidey\">V. 5. d. 14,27.  V. 7. \u00dereskingarryki. \u00fe. e: \u00fea\u00f0 s\u00e1st ekkert eftir af \u00feeim, heldur en af ryki sem kemur \u00far korni \u00fe\u00e1 \u00fea\u00f0 er hreinsa\u00f0.  V. 11. 14,24. 15,9.  V. 14. a. 2,12.  V. 21. b. Sir. 48,17.  V. 23. c. Ex. 2,24. Lev. 26,42.<\/div>\n","protected":false},"excerpt":{"rendered":"<p>J\u00f3akas og J\u00f3as k\u00f3ngur \u00ed \u00cdsrael. El\u00edsa sp\u00e1ma\u00f0ur deyr. 1\u00c1 23ja \u00e1ri J\u00f3as, sonar Ahasia, J\u00fadak\u00f3ngs, var\u00f0 J\u00f3akas Jeh\u00fa son, k\u00f3ngur yfir \u00cdsrael \u00ed Samar\u00eda (og r\u00edkti) 17 \u00e1r.2Og hann gj\u00f6r\u00f0i \u00fea\u00f0 sem Drottni illa l\u00edka\u00f0i og gekk eftir syndum Jer\u00f3b\u00f3ams sonar Nebats, sem haf\u00f0i komi\u00f0 \u00cdsrael til a\u00f0 syndga, og l\u00e9t ei af \u00fev\u00ed.3\u00de\u00e1 gramdist Drottni vi\u00f0 \u00cdsrael, og hann gaf \u00fe\u00e1 \u00ed h\u00f6nd Hasaels S\u00fdrlandsk\u00f3ngs c), og \u00ed h\u00f6nd Benhadads, Hasaelssonar, me\u00f0an \u00feeir lif\u00f0u.4\u00de\u00e1 gr\u00e1tb\u00e6ndi J\u00f3akas Drottin, og Drottinn b\u00e6nheyr\u00f0i hann, \u00fev\u00ed hann s\u00e1 \u00cdsraels \u00e1nau\u00f0, hv\u00f6rsu S\u00fdrlandsk\u00f3ngur \u00fer\u00f6ngdi \u00feeim.5Og Drottinn gaf \u00cdsrael hj\u00e1lparmann d) svo \u00feeir losnu\u00f0u <a href=\"https:\/\/biblian.is\/videy\/sidari-konungabok-13-kafli\/\"> [&#8230;]<\/a><\/p>\n","protected":false},"author":1,"featured_media":0,"parent":0,"menu_order":0,"comment_status":"open","ping_status":"open","template":"bibliukaflar.php","meta":{"footnotes":""},"class_list":["post-21175","page","type-page","status-publish","hentry"],"_links":{"self":[{"href":"https:\/\/biblian.is\/videy\/wp-json\/wp\/v2\/pages\/21175","targetHints":{"allow":["GET"]}}],"collection":[{"href":"https:\/\/biblian.is\/videy\/wp-json\/wp\/v2\/pages"}],"about":[{"href":"https:\/\/biblian.is\/videy\/wp-json\/wp\/v2\/types\/page"}],"author":[{"embeddable":true,"href":"https:\/\/biblian.is\/videy\/wp-json\/wp\/v2\/users\/1"}],"replies":[{"embeddable":true,"href":"https:\/\/biblian.is\/videy\/wp-json\/wp\/v2\/comments?post=21175"}],"version-history":[{"count":0,"href":"https:\/\/biblian.is\/videy\/wp-json\/wp\/v2\/pages\/21175\/revisions"}],"wp:attachment":[{"href":"https:\/\/biblian.is\/videy\/wp-json\/wp\/v2\/media?parent=21175"}],"curies":[{"name":"wp","href":"https:\/\/api.w.org\/{rel}","templated":true}]}}