{"id":21173,"date":"2018-01-02T01:00:42","date_gmt":"2018-01-02T01:00:42","guid":{"rendered":"http:\/\/biblian.is\/videy\/sidari-konungabok-11-kafli\/"},"modified":"2018-01-02T01:00:42","modified_gmt":"2018-01-02T01:00:42","slug":"sidari-konungabok-11-kafli","status":"publish","type":"page","link":"https:\/\/biblian.is\/videy\/sidari-konungabok-11-kafli\/","title":{"rendered":"S\u00ed\u00f0ari konungab\u00f3k 11. kafli"},"content":{"rendered":"<div class=\"fyrirsognVidey\">Atal\u00edu har\u00f0\u00fd\u00f0gi.<\/div>\n<p><a name=\"1\"><span class=\"versanumer\">1<\/span><\/a>En er Atal\u00eda m\u00f3\u00f0ir Ahas\u00eda <span class='VideyAth'>f)<\/span> s\u00e1, a\u00f0 sonur hennar var dau\u00f0ur, t\u00f3k h\u00fan sig til, og fyrirf\u00f3r allri k\u00f3ngs\u00e6ttinni.<a name=\"2\"><span class=\"versanumer\">2<\/span><\/a>\u00de\u00e1 t\u00f3k J\u00f3seba, d\u00f3ttir J\u00f3rams k\u00f3ngs, systir Ahas\u00eda, J\u00f3as, Ahas\u00edason <span class='VideyAth'>g)<\/span>, og stal honum \u00far h\u00f3p k\u00f3ngssonanna, sem deyddir voru, honum og f\u00f3stru hans \u00ed svefnherberginu. Og \u00feeir f\u00f3lu hann fyrir Atal\u00edu, svo hann var ekki deyddur;<a name=\"3\"><span class=\"versanumer\">3<\/span><\/a>og hann var \u00ed 6 \u00e1r falinn me\u00f0 henni \u00ed h\u00fasi Drottins. En Atal\u00eda r\u00edkti yfir landinu.<br \/><a name=\"4\"><span class=\"versanumer\">4<\/span><\/a>Og \u00e1 sj\u00f6unda \u00e1ri sendi J\u00f3jada og s\u00f3tti foringjana yfir hundra\u00f0 manns af hir\u00f0inni, og l\u00e9t \u00fe\u00e1 koma til s\u00edn \u00ed Drottins h\u00fas, og s\u00fdndi \u00feeim k\u00f3ngssoninn.<a name=\"5\"><span class=\"versanumer\">5<\/span><\/a>Og hann bau\u00f0 \u00feeim og m\u00e6lti: \u00feetta er \u00fea\u00f0 sem \u00fe\u00e9r skulu\u00f0 gj\u00f6ra: s\u00e1 \u00feri\u00f0jungur af y\u00f0ur sem hv\u00edldardagurinn tilvill, skal halda v\u00f6r\u00f0 \u00ed k\u00f3ngsins h\u00fasi.<a name=\"6\"><span class=\"versanumer\">6<\/span><\/a>Annar \u00feri\u00f0jungurinn s\u00e9 vi\u00f0 hli\u00f0i\u00f0 S\u00far, og hinn \u00feri\u00f0ji vi\u00f0 porti\u00f0 \u00e1 bak vi\u00f0 l\u00edfvaktina, svo skulu\u00f0 \u00fe\u00e9r vakta h\u00fasi\u00f0, a\u00f0 enginn komist inn.<a name=\"7\"><span class=\"versanumer\">7<\/span><\/a>Og \u00feeir tveir partar af y\u00f0ur, sem hafi\u00f0 fr\u00ed hv\u00edldardaginn, \u00fe\u00e9r skulu\u00f0 halda v\u00f6r\u00f0 \u00ed Drottins h\u00fasi kringum konunginn, og hv\u00f6r af y\u00f0ur hafi vopn \u00ed hendi; og hv\u00f6r sem vill brj\u00f3tast gegnum ra\u00f0irnar, skal dey\u00f0ast, og veri\u00f0 me\u00f0 k\u00f3nginum \u00feegar hann gengur \u00fat og \u00feegar hann gengur inn.<br \/><a name=\"9\"><span class=\"versanumer\">9<\/span><\/a>Og foringjarnir yfir hundra\u00f0 gj\u00f6r\u00f0u \u00f6ldungis eins og presturinn J\u00f3jada bau\u00f0, og hv\u00f6r \u00feeirra t\u00f3k s\u00edna menn, b\u00e6\u00f0i \u00fe\u00e1 sem t\u00f3ku vi\u00f0 og \u00fe\u00e1 sem h\u00e6ttu a\u00f0 halda v\u00f6r\u00f0 \u00e1 hv\u00edldardeginum, og komu til prestsins J\u00f3jada.<a name=\"10\"><span class=\"versanumer\">10<\/span><\/a>Og presturinn f\u00e9kk foringjunum \u00feau spj\u00f3t og skildi Dav\u00ed\u00f0s k\u00f3ngs, sem v\u00f3ru \u00ed Drottins h\u00fasi.<a name=\"11\"><span class=\"versanumer\">11<\/span><\/a>Og hir\u00f0mennirnir st\u00f3\u00f0u, hv\u00f6r me\u00f0 vopn \u00ed h\u00f6nd, fr\u00e1 h\u00e6gri hli\u00f0 h\u00fassins allt til hinnar vinstri, vi\u00f0 altari\u00f0 og vi\u00f0 h\u00fasi\u00f0 hj\u00e1 k\u00f3nginum allt \u00ed kring.<a name=\"12\"><span class=\"versanumer\">12<\/span><\/a>Og hann leiddi k\u00f3ngssoninn fram, og setti upp \u00e1 hann k\u00f3r\u00f3nuna, og r\u00e9tti honum l\u00f6gin, og svo gj\u00f6r\u00f0u \u00feeir hann a\u00f0 k\u00f3ngi og smur\u00f0u hann, og kl\u00f6ppu\u00f0u l\u00f3fum saman og hr\u00f3pu\u00f0u: k\u00f3ngurinn lifi!<br \/><a name=\"13\"><span class=\"versanumer\">13<\/span><\/a>\u00de\u00e1 heyr\u00f0i Atal\u00eda h\u00e1reysti hir\u00f0arinnar og f\u00f3lksins, og kom til f\u00f3lksins, \u00ed Drottins h\u00fas.<a name=\"14\"><span class=\"versanumer\">14<\/span><\/a>Og h\u00fan s\u00e1, og sj\u00e1! k\u00f3ngurinn st\u00f3\u00f0, sem si\u00f0ur var vi\u00f0 st\u00f3lpann, og fyrirli\u00f0arnir og \u00fathr\u00f3pendurnir hj\u00e1 konunginum, og allt landsf\u00f3lki\u00f0 var gla\u00f0v\u00e6rt, og \u00ed b\u00e1s\u00fanur var bl\u00e1si\u00f0. \u00de\u00e1 reif Atal\u00eda s\u00edn kl\u00e6\u00f0i og hr\u00f3pa\u00f0i: Sambl\u00e1stur! Sambl\u00e1stur!<a name=\"15\"><span class=\"versanumer\">15<\/span><\/a>En presturinn J\u00f3jada bau\u00f0 foringjunum yfir hundra\u00f0, foringjum str\u00ed\u00f0smannanna og m\u00e6lti: fari\u00f0 me\u00f0 hana \u00fat inn \u00ed r\u00f6\u00f0unum, og dey\u00f0i\u00f0 me\u00f0 sver\u00f0i hv\u00f6rn sem fylgir henni; \u00fev\u00ed presturinn hugsa\u00f0i: h\u00fan skal ekki ver\u00f0a l\u00edfl\u00e1tin \u00ed Drottins h\u00fasi.<a name=\"16\"><span class=\"versanumer\">16<\/span><\/a>Og \u00feeir gj\u00f6r\u00f0u henni braut og h\u00fan f\u00f3r veginn a\u00f0 inngangi hestanna \u00ed k\u00f3ngsins h\u00fas; \u00fear var h\u00fan drepin. <br \/><a name=\"17\"><span class=\"versanumer\">17<\/span><\/a>Og J\u00f3jada gj\u00f6r\u00f0i s\u00e1ttm\u00e1la milli Drottins og k\u00f3ngsins og f\u00f3lksins, a\u00f0 \u00fea\u00f0 skyldi vera Drottins f\u00f3lk, og \u00e1 milli k\u00f3ngsins og f\u00f3lksins.<a name=\"18\"><span class=\"versanumer\">18<\/span><\/a>\u00de\u00e1 gekk allt landsf\u00f3lki\u00f0 \u00ed Baalsh\u00fas, og reif \u00fea\u00f0 ni\u00f0ur, og \u00feeir brutu gj\u00f6rsamlega hans altari og b\u00edl\u00e6ti, og Natan Baals prest myrtu \u00feeir vi\u00f0 altari\u00f0, og presturinn setti var\u00f0menn \u00ed Drottins h\u00fas.<a name=\"19\"><span class=\"versanumer\">19<\/span><\/a>Og hann t\u00f3k foringjana yfir hundra\u00f0, og hir\u00f0mennina, og \u00feeir fluttu k\u00f3nginn \u00far Drottins h\u00fasi og komu um hir\u00f0manna portin inn \u00ed k\u00f3ngsins h\u00fas, og hann setti sig \u00ed k\u00f3nganna h\u00e1s\u00e6ti.<a name=\"20\"><span class=\"versanumer\">20<\/span><\/a>Og allur landsl\u00fd\u00f0urinn var gla\u00f0ur, og sta\u00f0arf\u00f3lki\u00f0 r\u00f3legt; en Atal\u00edu h\u00f6f\u00f0u \u00feeir l\u00edfl\u00e1ti\u00f0 me\u00f0 sver\u00f0i \u00ed k\u00f3ngsins h\u00fasi.<\/p>\n<div class=\"footnoteVidey\">V. 1. f. 8,26.  V. 2. g. 1 Kron. 3,11.<\/div>\n","protected":false},"excerpt":{"rendered":"<p>Atal\u00edu har\u00f0\u00fd\u00f0gi. 1En er Atal\u00eda m\u00f3\u00f0ir Ahas\u00eda f) s\u00e1, a\u00f0 sonur hennar var dau\u00f0ur, t\u00f3k h\u00fan sig til, og fyrirf\u00f3r allri k\u00f3ngs\u00e6ttinni.2\u00de\u00e1 t\u00f3k J\u00f3seba, d\u00f3ttir J\u00f3rams k\u00f3ngs, systir Ahas\u00eda, J\u00f3as, Ahas\u00edason g), og stal honum \u00far h\u00f3p k\u00f3ngssonanna, sem deyddir voru, honum og f\u00f3stru hans \u00ed svefnherberginu. Og \u00feeir f\u00f3lu hann fyrir Atal\u00edu, svo hann var ekki deyddur;3og hann var \u00ed 6 \u00e1r falinn me\u00f0 henni \u00ed h\u00fasi Drottins. En Atal\u00eda r\u00edkti yfir landinu.4Og \u00e1 sj\u00f6unda \u00e1ri sendi J\u00f3jada og s\u00f3tti foringjana yfir hundra\u00f0 manns af hir\u00f0inni, og l\u00e9t \u00fe\u00e1 koma til s\u00edn \u00ed Drottins h\u00fas, og s\u00fdndi \u00feeim k\u00f3ngssoninn.5Og <a href=\"https:\/\/biblian.is\/videy\/sidari-konungabok-11-kafli\/\"> [&#8230;]<\/a><\/p>\n","protected":false},"author":1,"featured_media":0,"parent":0,"menu_order":0,"comment_status":"open","ping_status":"open","template":"bibliukaflar.php","meta":{"footnotes":""},"class_list":["post-21173","page","type-page","status-publish","hentry"],"_links":{"self":[{"href":"https:\/\/biblian.is\/videy\/wp-json\/wp\/v2\/pages\/21173","targetHints":{"allow":["GET"]}}],"collection":[{"href":"https:\/\/biblian.is\/videy\/wp-json\/wp\/v2\/pages"}],"about":[{"href":"https:\/\/biblian.is\/videy\/wp-json\/wp\/v2\/types\/page"}],"author":[{"embeddable":true,"href":"https:\/\/biblian.is\/videy\/wp-json\/wp\/v2\/users\/1"}],"replies":[{"embeddable":true,"href":"https:\/\/biblian.is\/videy\/wp-json\/wp\/v2\/comments?post=21173"}],"version-history":[{"count":0,"href":"https:\/\/biblian.is\/videy\/wp-json\/wp\/v2\/pages\/21173\/revisions"}],"wp:attachment":[{"href":"https:\/\/biblian.is\/videy\/wp-json\/wp\/v2\/media?parent=21173"}],"curies":[{"name":"wp","href":"https:\/\/api.w.org\/{rel}","templated":true}]}}