{"id":21163,"date":"2018-01-02T01:00:36","date_gmt":"2018-01-02T01:00:36","guid":{"rendered":"http:\/\/biblian.is\/videy\/sidari-konungabok-1-kafli\/"},"modified":"2018-01-02T01:00:36","modified_gmt":"2018-01-02T01:00:36","slug":"sidari-konungabok-1-kafli","status":"publish","type":"page","link":"https:\/\/biblian.is\/videy\/sidari-konungabok-1-kafli\/","title":{"rendered":"S\u00ed\u00f0ari konungab\u00f3k 1. kafli"},"content":{"rendered":"<div class=\"fyrirsognVidey\">Ahas\u00eda s\u00fdkist og deyr.<\/div>\n<p><a name=\"1\"><span class=\"versanumer\">1<\/span><\/a>Eftir dau\u00f0a Akabs gekk M\u00f3ab undan \u00cdsrael.<a name=\"2\"><span class=\"versanumer\">2<\/span><\/a>Og Ahas\u00eda f\u00e9ll ni\u00f0ur um grindur \u00ed loftsal s\u00ednum \u00ed Samar\u00edu, og var\u00f0 sj\u00fakur. \u00de\u00e1 sendi hann menn, og sag\u00f0i vi\u00f0 \u00fe\u00e1: fari\u00f0 og spyrji\u00f0 Baal-Sebub, gu\u00f0inn \u00ed Ekron, hv\u00f6rt eg muni r\u00e9tta vi\u00f0 \u00far \u00feessum sj\u00fakd\u00f3mi.<a name=\"3\"><span class=\"versanumer\">3<\/span><\/a>En engill Drottins tala\u00f0i svo vi\u00f0 El\u00eda Tesb\u00edter: taktu \u00feig til og gakk \u00ed veg fyrir sendimenn k\u00f3ngsins \u00ed Samar\u00edu, og tala \u00feetta vi\u00f0 \u00fe\u00e1: fari\u00f0 \u00fe\u00e9r n\u00fa til fr\u00e9tta vi\u00f0 Baal-Sebub, gu\u00f0 \u00feeirra \u00ed Ekron, af \u00fev\u00ed a\u00f0 Gu\u00f0 vanti \u00ed \u00cdsrael?<a name=\"4\"><span class=\"versanumer\">4<\/span><\/a>\u00dev\u00ed segir Drottinn svo: \u00far rekkju sem \u00fe\u00fa ert n\u00fa stiginn \u00ed, skaltu ekki komast, heldur skaltu deyja. Og El\u00eda gekk burt.<a name=\"5\"><span class=\"versanumer\">5<\/span><\/a>\u00de\u00e1 komu sendimennirnir til hans aftur, og hann sag\u00f0i vi\u00f0 \u00fe\u00e1: \u00fev\u00ed komi\u00f0 \u00fe\u00e9r n\u00fa til baka?<a name=\"6\"><span class=\"versanumer\">6<\/span><\/a>Og \u00feeir sv\u00f6ru\u00f0u honum: ma\u00f0ur kom oss \u00e1 m\u00f3ti og sag\u00f0i vi\u00f0 oss: fari\u00f0 og sn\u00fai\u00f0 heim aftur til k\u00f3ngsins sem y\u00f0ur hefir sent og segi\u00f0 honum: svo segir Drottinn: l\u00edklega sendir \u00fe\u00fa til fr\u00e9tta vi\u00f0 Baal-Sebub Gu\u00f0 \u00ed Ekron, af \u00fev\u00ed Gu\u00f0 vantar \u00ed \u00cdsrael? \u00feess vegna skaltu ekki komast \u00far \u00feeirri rekkju sem \u00fe\u00fa hefir lagst \u00ed, heldur skaltu deyja.<a name=\"7\"><span class=\"versanumer\">7<\/span><\/a>Og hann sag\u00f0i vi\u00f0 \u00fe\u00e1: hv\u00f6rnig var s\u00e1 ma\u00f0ur \u00ed h\u00e1tt sem y\u00f0ur m\u00e6tti, og tala\u00f0i \u00feessi or\u00f0 vi\u00f0 y\u00f0ur?<a name=\"8\"><span class=\"versanumer\">8<\/span><\/a>Og \u00feeir sv\u00f6ru\u00f0u honum: hann var \u00ed feldi \u00far h\u00e1rum og girtur le\u00f0urbelti um s\u00ednar lendar. Og hann sag\u00f0i: \u00fea\u00f0 er El\u00eda Tesb\u00edter.<a name=\"9\"><span class=\"versanumer\">9<\/span><\/a>Og hann sendi til hans einn h\u00f6fu\u00f0smann sinn yfir 50, og hans 50 <span class='VideyAth'>(me\u00f0)<\/span>. Og hann kom til hans, og sj\u00e1! hann sat \u00e1 tindi fjallsins; og hann sag\u00f0i til hans: \u00fe\u00fa gu\u00f0sma\u00f0ur, konungurinn segir: kom \u00fe\u00fa ni\u00f0ur!<a name=\"10\"><span class=\"versanumer\">10<\/span><\/a>Og El\u00eda svara\u00f0i, og sag\u00f0i vi\u00f0 h\u00f6fu\u00f0smanninn yfir 50: og s\u00e9 eg gu\u00f0sma\u00f0ur, svo falli eldur af himni og tort\u00edni \u00fe\u00e9r og \u00fe\u00ednum 50. \u00de\u00e1 f\u00e9ll eldur af himni og tort\u00edndi honum og hans 50.<a name=\"11\"><span class=\"versanumer\">11<\/span><\/a>Og hann sendi aftur h\u00f6fu\u00f0smenn yfir 50, og hans 50. Og \u00feessi byrja\u00f0i \u00feannig tal sitt vi\u00f0 hann: \u00fe\u00fa gu\u00f0sma\u00f0ur, svo segir k\u00f3ngurinn: kom sem skj\u00f3tast ni\u00f0ur!<a name=\"12\"><span class=\"versanumer\">12<\/span><\/a>Og El\u00eda svara\u00f0i og sag\u00f0i vi\u00f0 \u00fe\u00e1: s\u00e9 eg gu\u00f0sma\u00f0ur svo falli eldur af himni og tort\u00edni \u00fe\u00e9r og \u00fe\u00ednum 50. \u00de\u00e1 f\u00e9ll Gu\u00f0s eldur af himni, og tort\u00edndi honum og hans 50.<a name=\"13\"><span class=\"versanumer\">13<\/span><\/a>Og hann sendi enn \u00ed \u00feri\u00f0ja sinn h\u00f6fu\u00f0smann yfir 50 og hans 50 <span class='VideyAth'>(me\u00f0)<\/span>. Og h\u00f6fu\u00f0sma\u00f0urinn yfir 50, s\u00e1 \u00feri\u00f0ji, kom og beyg\u00f0i s\u00edn kn\u00e9 fyrir El\u00eda, og ba\u00f0 hann og sag\u00f0i til hans: \u00fe\u00fa gu\u00f0sma\u00f0ur, l\u00e1ttu \u00fe\u00f3 l\u00edf mitt og l\u00edf \u00feinna \u00fej\u00f3na, \u00feessara 50, vera d\u00fdrm\u00e6tt \u00ed \u00fe\u00ednum augum!<a name=\"14\"><span class=\"versanumer\">14<\/span><\/a>Sj\u00e1! eldur er fallinn af himni, og hefir tort\u00ednt b\u00e1\u00f0um h\u00f6fu\u00f0sm\u00f6nnunum yfir 50 og \u00feeirra 50; en n\u00fa s\u00e9 mitt l\u00edf d\u00fdrm\u00e6tt \u00ed \u00fe\u00ednum augum!<a name=\"15\"><span class=\"versanumer\">15<\/span><\/a>Og engill Drottins sag\u00f0i vi\u00f0 El\u00eda: far \u00fe\u00fa me\u00f0 honum! \u00fe\u00fa skalt ekki hr\u00e6\u00f0ast hann! \u00fe\u00e1 t\u00f3k hann sig til og f\u00f3r me\u00f0 honum til k\u00f3ngsins.<br \/><a name=\"16\"><span class=\"versanumer\">16<\/span><\/a>Og hann tala\u00f0i vi\u00f0 hann: svo segir Drottinn: af \u00fev\u00ed \u00fe\u00fa sendir menn til fr\u00e9tta vi\u00f0 Baal-Sebub, gu\u00f0inn \u00ed Ekron\u2014l\u00edklega af \u00fev\u00ed Gu\u00f0 er ekki til \u00ed \u00cdsrael\u2014til a\u00f0 spyrja, \u00feess vegna skaltu ekki komast \u00far rekkju aftur sem \u00fe\u00fa ert lagstur \u00ed, heldur skaltu deyja.<a name=\"17\"><span class=\"versanumer\">17<\/span><\/a>Og hann d\u00f3 eftir or\u00f0i Drottins sem El\u00eda haf\u00f0i tala\u00f0. J\u00f3ram var\u00f0 k\u00f3ngur \u00ed hans sta\u00f0, \u00e1 \u00f6\u00f0ru \u00e1ri J\u00f3rams J\u00f3safatssonar, k\u00f3ngs \u00ed J\u00fada; \u00fev\u00ed hann \u00e1tti engan son.<a name=\"18\"><span class=\"versanumer\">18<\/span><\/a>En hva\u00f0 meira er a\u00f0 segja um Ahasia, hva\u00f0 hann gj\u00f6r\u00f0i, \u00fea\u00f0 stendur skrifa\u00f0 \u00ed \u00e1rb\u00f3kum \u00cdsraelsk\u00f3nga.<\/p>\n<div class=\"footnoteVidey\"><\/div>\n","protected":false},"excerpt":{"rendered":"<p>Ahas\u00eda s\u00fdkist og deyr. 1Eftir dau\u00f0a Akabs gekk M\u00f3ab undan \u00cdsrael.2Og Ahas\u00eda f\u00e9ll ni\u00f0ur um grindur \u00ed loftsal s\u00ednum \u00ed Samar\u00edu, og var\u00f0 sj\u00fakur. \u00de\u00e1 sendi hann menn, og sag\u00f0i vi\u00f0 \u00fe\u00e1: fari\u00f0 og spyrji\u00f0 Baal-Sebub, gu\u00f0inn \u00ed Ekron, hv\u00f6rt eg muni r\u00e9tta vi\u00f0 \u00far \u00feessum sj\u00fakd\u00f3mi.3En engill Drottins tala\u00f0i svo vi\u00f0 El\u00eda Tesb\u00edter: taktu \u00feig til og gakk \u00ed veg fyrir sendimenn k\u00f3ngsins \u00ed Samar\u00edu, og tala \u00feetta vi\u00f0 \u00fe\u00e1: fari\u00f0 \u00fe\u00e9r n\u00fa til fr\u00e9tta vi\u00f0 Baal-Sebub, gu\u00f0 \u00feeirra \u00ed Ekron, af \u00fev\u00ed a\u00f0 Gu\u00f0 vanti \u00ed \u00cdsrael?4\u00dev\u00ed segir Drottinn svo: \u00far rekkju sem \u00fe\u00fa ert n\u00fa stiginn \u00ed, <a href=\"https:\/\/biblian.is\/videy\/sidari-konungabok-1-kafli\/\"> [&#8230;]<\/a><\/p>\n","protected":false},"author":1,"featured_media":0,"parent":0,"menu_order":0,"comment_status":"open","ping_status":"open","template":"bibliukaflar.php","meta":{"footnotes":""},"class_list":["post-21163","page","type-page","status-publish","hentry"],"_links":{"self":[{"href":"https:\/\/biblian.is\/videy\/wp-json\/wp\/v2\/pages\/21163","targetHints":{"allow":["GET"]}}],"collection":[{"href":"https:\/\/biblian.is\/videy\/wp-json\/wp\/v2\/pages"}],"about":[{"href":"https:\/\/biblian.is\/videy\/wp-json\/wp\/v2\/types\/page"}],"author":[{"embeddable":true,"href":"https:\/\/biblian.is\/videy\/wp-json\/wp\/v2\/users\/1"}],"replies":[{"embeddable":true,"href":"https:\/\/biblian.is\/videy\/wp-json\/wp\/v2\/comments?post=21163"}],"version-history":[{"count":0,"href":"https:\/\/biblian.is\/videy\/wp-json\/wp\/v2\/pages\/21163\/revisions"}],"wp:attachment":[{"href":"https:\/\/biblian.is\/videy\/wp-json\/wp\/v2\/media?parent=21163"}],"curies":[{"name":"wp","href":"https:\/\/api.w.org\/{rel}","templated":true}]}}