{"id":21157,"date":"2018-01-02T01:00:36","date_gmt":"2018-01-02T01:00:36","guid":{"rendered":"http:\/\/biblian.is\/videy\/fyrri-konungabok-17-kafli\/"},"modified":"2018-01-02T01:00:36","modified_gmt":"2018-01-02T01:00:36","slug":"fyrri-konungabok-17-kafli","status":"publish","type":"page","link":"https:\/\/biblian.is\/videy\/fyrri-konungabok-17-kafli\/","title":{"rendered":"Fyrri konungab\u00f3k 17. kafli"},"content":{"rendered":"<div class=\"fyrirsognVidey\">Sp\u00e1ma\u00f0urinn El\u00edas.<\/div>\n<p><a name=\"1\"><span class=\"versanumer\">1<\/span><\/a>Og El\u00eda Tisb\u00edter, sem bj\u00f3 \u00ed G\u00edlea\u00f0, sag\u00f0i vi\u00f0 Akab: svo sannarlega sem Drottinn, \u00cdsraels Gu\u00f0, lifir, frammi fyrir hv\u00f6rjum eg stend, \u00e1 \u00feessum missirum skal hv\u00f6rki d\u00f6gg n\u00e9 regn falla, nema eg segi.<a name=\"2\"><span class=\"versanumer\">2<\/span><\/a>Og or\u00f0 Drottins kom til hans, svol\u00e1tandi:<a name=\"3\"><span class=\"versanumer\">3<\/span><\/a>far \u00fe\u00fa h\u00e9\u00f0an, og austur\u00e1 vi\u00f0, og fel \u00fe\u00fa \u00feig hj\u00e1 l\u00e6knum Kr\u00edt, sem er fyrir austan J\u00f3rdan;<a name=\"4\"><span class=\"versanumer\">4<\/span><\/a>Og \u00far l\u00e6knum skalt \u00fe\u00fa drekka, og hr\u00f6fnunum hefi eg bo\u00f0i\u00f0 a\u00f0 veita \u00fe\u00e9r \u00fear uppeldi.<a name=\"5\"><span class=\"versanumer\">5<\/span><\/a>\u00de\u00e1 f\u00f3r hann, og gj\u00f6r\u00f0i eftir Drottins or\u00f0i, og hann f\u00f3r, og var hj\u00e1 l\u00e6knum Kr\u00edt, sem er fyrir austan J\u00f3rdan.<a name=\"6\"><span class=\"versanumer\">6<\/span><\/a>Og hrafnarnir f\u00e6r\u00f0u honum brau\u00f0 og kj\u00f6t \u00e1 morgnana, og brau\u00f0 og kj\u00f6t \u00e1 kv\u00f6ldin, og \u00far l\u00e6knum drakk hann. <br \/><a name=\"7\"><span class=\"versanumer\">7<\/span><\/a>En eftir nokkurn t\u00edma \u00feorna\u00f0i l\u00e6kurinn upp.<a name=\"8\"><span class=\"versanumer\">8<\/span><\/a>\u00de\u00e1 kom or\u00f0 Drottins til hans svol\u00e1tandi:<a name=\"9\"><span class=\"versanumer\">9<\/span><\/a>tak \u00feig upp! far \u00fe\u00fa til Sarefta, sem tilheyrir S\u00eddon, og vert\u00fa \u00fear; sj\u00e1! eg hefi bo\u00f0i\u00f0 ekkju nokkurri \u00fear, a\u00f0 f\u00e6\u00f0a \u00feig.<a name=\"10\"><span class=\"versanumer\">10<\/span><\/a>Og hann t\u00f3k sig upp, og f\u00f3r til Sarefta, og kom a\u00f0 borgarhli\u00f0inu, og sj\u00e1! \u00fe\u00e1 t\u00edndi ekkja saman vi\u00f0; og hann kalla\u00f0i til hennar og m\u00e6lti: s\u00e6k \u00fe\u00fa m\u00e9r d\u00e1l\u00edti\u00f0 af vatni \u00ed \u00edl\u00e1tinu, a\u00f0 eg f\u00e1i a\u00f0 drekka.<a name=\"11\"><span class=\"versanumer\">11<\/span><\/a>Og h\u00fan f\u00f3r a\u00f0 s\u00e6kja \u00fea\u00f0, og hann kalla\u00f0i til hennar og m\u00e6lti: f\u00e6r\u00f0u m\u00e9r og brau\u00f0bita me\u00f0.<a name=\"12\"><span class=\"versanumer\">12<\/span><\/a>H\u00fan svara\u00f0i: svo sannarlega sem Drottinn \u00feinn Gu\u00f0 lifir! eg hefi ekki brau\u00f0, heldur a\u00f0eins svo sem hnefa mj\u00f6ls \u00ed \u00edl\u00e1ti og l\u00edti\u00f0 eitt af vi\u00f0smj\u00f6ri \u00ed kr\u00fas, og sj\u00e1! eg t\u00edni saman vi\u00f0arsm\u00e6lki, og \u00e6tla heim, og matb\u00faa \u00feetta handa m\u00e9r og syni m\u00ednum, a\u00f0 vi\u00f0 etum \u00fea\u00f0, og deyjum svo.<a name=\"13\"><span class=\"versanumer\">13<\/span><\/a>El\u00eda svara\u00f0i henni: vert \u00fe\u00fa \u00f3hr\u00e6dd! far \u00fe\u00fa heim og gj\u00f6r \u00fe\u00fa sem \u00fe\u00fa sag\u00f0ir, gj\u00f6r\u00f0u m\u00e9r samt fyrst litla k\u00f6ku af \u00fev\u00ed, og kom \u00fe\u00fa me\u00f0 hana hinga\u00f0 til m\u00edn, og matrei\u00f0 \u00fe\u00fa svo handa \u00fe\u00e9r og syni \u00fe\u00ednum.<a name=\"14\"><span class=\"versanumer\">14<\/span><\/a>\u00dev\u00ed svo segir Drottinn \u00cdsraels Gu\u00f0: mj\u00f6li\u00f0 \u00ed \u00edl\u00e1tinu skal ekki minnka, og vi\u00f0smj\u00f6rskr\u00fasin <span class='VideyAth'>a)<\/span> skal ekki t\u00e6mast, allt til \u00feess dags a\u00f0 Drottinn gefur regn \u00e1 j\u00f6r\u00f0ina.<a name=\"15\"><span class=\"versanumer\">15<\/span><\/a>Og h\u00fan f\u00f3r burt og gj\u00f6r\u00f0i sem El\u00eda sag\u00f0i, og h\u00fan \u00e1t, hann og h\u00fan og hennar h\u00fas, um nokkurn t\u00edma.<a name=\"16\"><span class=\"versanumer\">16<\/span><\/a>Mj\u00f6li\u00f0 minnka\u00f0i ekki \u00ed \u00edl\u00e1tinu, og vi\u00f0smj\u00f6rskr\u00fasin t\u00e6mdist ekki, eftir Drottins or\u00f0i, sem hann haf\u00f0i tala\u00f0 fyrir munn El\u00eda.<br \/><a name=\"17\"><span class=\"versanumer\">17<\/span><\/a>Eftir \u00feetta s\u00fdktist sonur konunnar, h\u00fassm\u00f3\u00f0urinnar, og sj\u00fakd\u00f3murinn var\u00f0 miki\u00f0 \u00feungur, svo enginn andardr\u00e1ttur var framar \u00ed <span class='VideyAth'>(honum)<\/span> \u00feeim sj\u00faka.<a name=\"18\"><span class=\"versanumer\">18<\/span><\/a>\u00de\u00e1 m\u00e6lti h\u00fan vi\u00f0 El\u00eda: hva\u00f0 hefi eg me\u00f0 \u00feig a\u00f0 gj\u00f6ra <span class='VideyAth'>b)<\/span> \u00fe\u00fa gu\u00f0sma\u00f0ur? \u00fe\u00fa ert til m\u00edn kominn, til a\u00f0 minna \u00e1 m\u00edna syndasekt, og til a\u00f0 dey\u00f0a son minn!<a name=\"19\"><span class=\"versanumer\">19<\/span><\/a>Og hann sag\u00f0i vi\u00f0 hana: f\u00e1 \u00fe\u00fa m\u00e9r son \u00feinn! Og hann t\u00f3k hann \u00far hennar kj\u00f6ltu, og bar hann upp \u00e1 loft, hvar hann haf\u00f0i herbergi, lag\u00f0i hann \u00ed s\u00edna s\u00e6ng.<a name=\"20\"><span class=\"versanumer\">20<\/span><\/a>Og hann kalla\u00f0i til Drottins, og m\u00e6lti: Drottinn minn Gu\u00f0, hefir \u00fe\u00fa l\u00edka fari\u00f0 illa me\u00f0 ekkjuna, sem eg er hj\u00e1, a\u00f0 dey\u00f0a son hennar?<a name=\"21\"><span class=\"versanumer\">21<\/span><\/a>Og hann lag\u00f0i sig \u00ferisvar yfir barni\u00f0 og kalla\u00f0i til Drottins, og m\u00e6lti: Drottinn minn Gu\u00f0, \u00f3! a\u00f0 s\u00e1l sveinsins m\u00e6tti aftur til hans koma!<a name=\"22\"><span class=\"versanumer\">22<\/span><\/a>Og Drottinn heyr\u00f0i El\u00eda raust, og s\u00e1l sveinsins kom \u00ed hann aftur, og hann lif\u00f0i.<a name=\"23\"><span class=\"versanumer\">23<\/span><\/a>\u00de\u00e1 t\u00f3k El\u00eda sveininn og bar hann ni\u00f0ur \u00ed h\u00fasi\u00f0, af loftinu, og f\u00e9kk hann m\u00f3\u00f0urinni og m\u00e6lti: sj\u00e1! sonur \u00feinn er lifandi.<a name=\"24\"><span class=\"versanumer\">24<\/span><\/a>\u00de\u00e1 sag\u00f0i konan vi\u00f0 El\u00eda: n\u00fa kannast eg enn betur vi\u00f0 a\u00f0 \u00fe\u00fa ert gu\u00f0sma\u00f0ur, og a\u00f0 Drottins or\u00f0 \u00ed \u00fe\u00ednum munni er sannleikur <span class='VideyAth'>c)<\/span>.<\/p>\n<div class=\"footnoteVidey\">V. 14. a. 2 K\u00f3ng. 4,2.  V. 18. b. D\u00f3m. 11,12. 2 Sam. 16,10. 2 K\u00f3ng. 3,13.  V. 24. c. 2 Sam. 7,28.<\/div>\n","protected":false},"excerpt":{"rendered":"<p>Sp\u00e1ma\u00f0urinn El\u00edas. 1Og El\u00eda Tisb\u00edter, sem bj\u00f3 \u00ed G\u00edlea\u00f0, sag\u00f0i vi\u00f0 Akab: svo sannarlega sem Drottinn, \u00cdsraels Gu\u00f0, lifir, frammi fyrir hv\u00f6rjum eg stend, \u00e1 \u00feessum missirum skal hv\u00f6rki d\u00f6gg n\u00e9 regn falla, nema eg segi.2Og or\u00f0 Drottins kom til hans, svol\u00e1tandi:3far \u00fe\u00fa h\u00e9\u00f0an, og austur\u00e1 vi\u00f0, og fel \u00fe\u00fa \u00feig hj\u00e1 l\u00e6knum Kr\u00edt, sem er fyrir austan J\u00f3rdan;4Og \u00far l\u00e6knum skalt \u00fe\u00fa drekka, og hr\u00f6fnunum hefi eg bo\u00f0i\u00f0 a\u00f0 veita \u00fe\u00e9r \u00fear uppeldi.5\u00de\u00e1 f\u00f3r hann, og gj\u00f6r\u00f0i eftir Drottins or\u00f0i, og hann f\u00f3r, og var hj\u00e1 l\u00e6knum Kr\u00edt, sem er fyrir austan J\u00f3rdan.6Og hrafnarnir f\u00e6r\u00f0u honum brau\u00f0 og kj\u00f6t <a href=\"https:\/\/biblian.is\/videy\/fyrri-konungabok-17-kafli\/\"> [&#8230;]<\/a><\/p>\n","protected":false},"author":1,"featured_media":0,"parent":0,"menu_order":0,"comment_status":"open","ping_status":"open","template":"bibliukaflar.php","meta":{"footnotes":""},"class_list":["post-21157","page","type-page","status-publish","hentry"],"_links":{"self":[{"href":"https:\/\/biblian.is\/videy\/wp-json\/wp\/v2\/pages\/21157","targetHints":{"allow":["GET"]}}],"collection":[{"href":"https:\/\/biblian.is\/videy\/wp-json\/wp\/v2\/pages"}],"about":[{"href":"https:\/\/biblian.is\/videy\/wp-json\/wp\/v2\/types\/page"}],"author":[{"embeddable":true,"href":"https:\/\/biblian.is\/videy\/wp-json\/wp\/v2\/users\/1"}],"replies":[{"embeddable":true,"href":"https:\/\/biblian.is\/videy\/wp-json\/wp\/v2\/comments?post=21157"}],"version-history":[{"count":0,"href":"https:\/\/biblian.is\/videy\/wp-json\/wp\/v2\/pages\/21157\/revisions"}],"wp:attachment":[{"href":"https:\/\/biblian.is\/videy\/wp-json\/wp\/v2\/media?parent=21157"}],"curies":[{"name":"wp","href":"https:\/\/api.w.org\/{rel}","templated":true}]}}