{"id":21147,"date":"2018-01-02T01:00:30","date_gmt":"2018-01-02T01:00:30","guid":{"rendered":"http:\/\/biblian.is\/videy\/fyrri-konungabok-7-kafli\/"},"modified":"2018-01-02T01:00:30","modified_gmt":"2018-01-02T01:00:30","slug":"fyrri-konungabok-7-kafli","status":"publish","type":"page","link":"https:\/\/biblian.is\/videy\/fyrri-konungabok-7-kafli\/","title":{"rendered":"Fyrri konungab\u00f3k 7. kafli"},"content":{"rendered":"<div class=\"fyrirsognVidey\">K\u00f3ngsh\u00fasi\u00f0 byggt, tveir st\u00f3lpar og \u00e1h\u00f6ld musterisins.<\/div>\n<p><a name=\"1\"><span class=\"versanumer\">1<\/span><\/a>En sitt h\u00fas bygg\u00f0i Sal\u00f3mon \u00e1 13 \u00e1rum <span class='VideyAth'>a)<\/span>. \u00de\u00e1 lauk hann vi\u00f0 allt sitt h\u00fas.<a name=\"2\"><span class=\"versanumer\">2<\/span><\/a>Og hann bygg\u00f0i h\u00fasi\u00f0 af vi\u00f0 \u00far L\u00edbanonssk\u00f3gi; \u00fea\u00f0 var hundra\u00f0 \u00e1lna langt, 50 \u00e1lna breitt og 30 \u00e1lna h\u00e1tt, \u00e1 fj\u00f3rum r\u00f6\u00f0um af sedrusvi\u00f0arst\u00f3lpum og sedrusbj\u00e1lkar hv\u00edldu \u00e1 st\u00f3lpunum.<a name=\"3\"><span class=\"versanumer\">3<\/span><\/a>Og \u00feaki\u00f0 var \u00fea\u00f0 me\u00f0 sedrusvi\u00f0 yfir bj\u00e1lkana sem hv\u00edldu \u00e1 st\u00f3lpunum, 45 voru \u00feeir, j\u00e1 15 \u00ed hv\u00f6rri r\u00f6\u00f0,<a name=\"4\"><span class=\"versanumer\">4<\/span><\/a>og bj\u00e1lkalagi\u00f0 var \u00ferefalt og gluggar gagnvart gluggum \u00fer\u00edsettir.<a name=\"5\"><span class=\"versanumer\">5<\/span><\/a>Og allar dyr og st\u00f3lpar voru ferkanta\u00f0ir me\u00f0 plankaverki, og gluggi m\u00f3t glugga \u00ferisvar og \u00ferisvar.<a name=\"6\"><span class=\"versanumer\">6<\/span><\/a>Og hann bygg\u00f0i forbyrgi me\u00f0 st\u00f3lpum, \u00fea\u00f0 var 50 \u00e1lna \u00e1 lengd og \u00ferj\u00e1t\u00edu \u00e1lna \u00e1 breidd, og anna\u00f0 forbyrgi \u00fear fram af, og st\u00f3lpa og \u00ferepskj\u00f6ld fyrir hi\u00f0 sama.<a name=\"7\"><span class=\"versanumer\">7<\/span><\/a>Hann gj\u00f6r\u00f0i og h\u00e1s\u00e6tis forbyrgi hvar hann d\u00e6mdi, d\u00f3msforbyrgi\u00f0, allt g\u00f3lfi\u00f0 var lagt me\u00f0 sedrusvi\u00f0.<a name=\"8\"><span class=\"versanumer\">8<\/span><\/a>Og h\u00fas hans, sem hann bj\u00f3 \u00ed, var byggt l\u00edkt \u00feessu, \u00ed \u00f6\u00f0rum gar\u00f0i innaf forbyrginu. H\u00fas bygg\u00f0i hann og handa d\u00f3ttur fara\u00f3s, sem Sal\u00f3mon haf\u00f0i teki\u00f0, <span class='VideyAth'>(\u0254: s\u00e9r fyrir konu)<\/span> eins og \u00feetta forbirgi.<a name=\"9\"><span class=\"versanumer\">9<\/span><\/a>Allt \u00feetta var af kostulegum steinum, sexhyrndum eftir m\u00e1li, sem h\u00f6f\u00f0u veri\u00f0 saga\u00f0ir a\u00f0 innan og utan til, ne\u00f0an fr\u00e1 grundvelli allt upp a\u00f0 \u00feaki, og a\u00f0 utanver\u00f0u, allt a\u00f0 \u00feeim st\u00f3ra gar\u00f0i.<a name=\"10\"><span class=\"versanumer\">10<\/span><\/a>Og grundv\u00f6llurinn var \u00far st\u00f3rum kostulegum steinum, 10 og 8 \u00e1lna.<a name=\"11\"><span class=\"versanumer\">11<\/span><\/a>Og \u00fear ofan \u00e1 voru kostulegir steinar, h\u00f6ggnir eftir m\u00e1li, og sedrusvi\u00f0ur.<a name=\"12\"><span class=\"versanumer\">12<\/span><\/a>Og s\u00e1 st\u00f3ri gar\u00f0ur allt um kring var me\u00f0 \u00feremur r\u00f6\u00f0um af h\u00f6ggnum steini, og r\u00f6\u00f0 af sedrusbj\u00e1lkum; og svo var og s\u00e1 innri forgar\u00f0ur Drottins h\u00fass og forbirgi h\u00fassins. <br \/><a name=\"13\"><span class=\"versanumer\">13<\/span><\/a>Og Sal\u00f3mon k\u00f3ngur sendi og l\u00e9t s\u00e6kja Hiram fr\u00e1 Tyrus <span class='VideyAth'>b)<\/span>.<a name=\"14\"><span class=\"versanumer\">14<\/span><\/a>Sonur ekkju nokkurar af Naftali \u00e6ttkv\u00edsl var hann, en fa\u00f0ir hans var tyriskur ma\u00f0ur, eirsmi\u00f0ur <span class='VideyAth'>c)<\/span>; og hann var fullur af viti, skilningi og kunn\u00e1ttu a\u00f0 gj\u00f6ra allrahanda sm\u00ed\u00f0ar af eiri <span class='VideyAth'>d)<\/span>; og hann kom til Sal\u00f3mons k\u00f3ngs, og sm\u00ed\u00f0a\u00f0i allar hans sm\u00ed\u00f0ar.<a name=\"15\"><span class=\"versanumer\">15<\/span><\/a>Hann bj\u00f3 til \u00fe\u00e1 tvo eirst\u00f3lpa, 18 \u00e1lna h\u00e1an hv\u00f6rn fyrir sig, og 12 \u00e1lna langur \u00fer\u00e1\u00f0ur n\u00e1\u00f0i yfir um hv\u00f6rn \u00feeirra.<a name=\"16\"><span class=\"versanumer\">16<\/span><\/a>Og tvo hn\u00fa\u00f0a gj\u00f6r\u00f0i hann til a\u00f0 setja ofan \u00e1 st\u00f3lpana, steypta \u00far eiri, 5 \u00e1lnir var h\u00e6\u00f0 annars hn\u00fa\u00f0sins, og 5 \u00e1lnir hins hn\u00fa\u00f0sins.<a name=\"17\"><span class=\"versanumer\">17<\/span><\/a>Netverk, sem netri\u00f0ill, og sn\u00farur sem ke\u00f0juverk, var \u00e1 hn\u00fa\u00f0unum, ofan \u00e1 st\u00f3lpunum, sj\u00f6 \u00e1 \u00f6\u00f0rum hn\u00fa\u00f0num og sj\u00f6 \u00e1 hinum.<a name=\"18\"><span class=\"versanumer\">18<\/span><\/a>Og hann bj\u00f3 til kjarnepli, og \u00fea\u00f0 tv\u00e6r ra\u00f0ir allt um kring \u00e1 \u00fev\u00ed eina netverki, til a\u00f0 \u00feekja me\u00f0 hn\u00fa\u00f0inn sem sat \u00e1 st\u00f3lpanum, sama gj\u00f6r\u00f0i hann vi\u00f0 hinn hn\u00fa\u00f0inn.<a name=\"19\"><span class=\"versanumer\">19<\/span><\/a>Og hn\u00fa\u00f0arnir \u00e1 st\u00f3lpunum \u00ed forbyrginu voru me\u00f0 liljuverki, \u00fea\u00f0 var fj\u00f3rar \u00e1lnir.<a name=\"20\"><span class=\"versanumer\">20<\/span><\/a>Og hn\u00fa\u00f0arnir \u00e1 b\u00e1\u00f0um st\u00f3lpunum voru 4 \u00e1lnir \u00e1 \u00feykkt ofantil vi\u00f0 netverki\u00f0, um mi\u00f0juna, \u00fear sem \u00feeir voru \u00feykkastir, og 2 hundru\u00f0 kjarnepli, \u00ed r\u00f6\u00f0um, voru \u00e1 hv\u00f6rjum hn\u00fa\u00f0.<a name=\"21\"><span class=\"versanumer\">21<\/span><\/a>Og hann reisti upp st\u00f3lpana fyrir forbyrgi musterisins, og \u00feann sem hann setti h\u00e6gramegin kalla\u00f0i hann Jakin, en \u00feann sem hann setti vinstra megin kalla\u00f0i hann Boas.<a name=\"22\"><span class=\"versanumer\">22<\/span><\/a>Og efst \u00e1 st\u00f3lpunum var liljuverk. Og \u00feannig var loki\u00f0 st\u00f3lpaverkinu.<a name=\"23\"><span class=\"versanumer\">23<\/span><\/a>Og hann gj\u00f6r\u00f0i og \u00fea\u00f0 steypta haf, <span class='VideyAth'>(sk\u00e1l)<\/span> 10 \u00e1lnir fr\u00e1 einum barmi til annars, \u00fea\u00f0 var kringl\u00f3tt og d\u00fdptin var 5 \u00e1lnir, og \u00fea\u00f0 var umm\u00e1ls 30 \u00e1lnir.<a name=\"24\"><span class=\"versanumer\">24<\/span><\/a>Og hnappar voru me\u00f0 barminum allt um kring, 10 \u00e1 hv\u00f6rri alin <span class='VideyAth'>(10 \u00e1lnir)<\/span>, \u00ed kringum hafi\u00f0; tv\u00e6r ra\u00f0ir af hn\u00f6ppum, samsteyptir me\u00f0 hafinu.<a name=\"25\"><span class=\"versanumer\">25<\/span><\/a>\u00dea\u00f0 st\u00f3\u00f0 \u00e1 12 nautum, \u00ferj\u00fa sneru til nor\u00f0urs, \u00ferj\u00fa til vesturs, \u00ferj\u00fa til su\u00f0urs og \u00ferj\u00fa til austurs, og hafi\u00f0 l\u00e1 \u00e1 \u00feeim, og bakhlutir \u00feeirra sneru inn a\u00f0.<a name=\"26\"><span class=\"versanumer\">26<\/span><\/a>\u00deykktin \u00e1 \u00fev\u00ed var \u00feverh\u00f6nd, og barmarnir voru sem \u00e1 bikar, settir liljubl\u00f3mum. \u00dea\u00f0 t\u00f3k 2 \u00fe\u00fasund bat <span class='VideyAth'>(5 hundru\u00f0 tunnur)<\/span>.<a name=\"27\"><span class=\"versanumer\">27<\/span><\/a>Hann gj\u00f6r\u00f0i og 10 bor\u00f0 af eiri, hv\u00f6rt var 4 \u00e1lnir \u00e1 lengd og 4 \u00e1lnir \u00e1 breidd og 3 \u00e1lnir \u00e1 h\u00e6\u00f0.<a name=\"28\"><span class=\"versanumer\">28<\/span><\/a>Og bor\u00f0in voru svo gj\u00f6r\u00f0: skildir voru \u00e1 \u00feeim milli hornlistanna.<a name=\"29\"><span class=\"versanumer\">29<\/span><\/a>Og \u00e1 skj\u00f6ldunum milli hornlistanna voru lj\u00f3n, naut og ker\u00fabar, og eins \u00e1 hornlistunum ofantil, en fyrir ne\u00f0an nautin og lj\u00f3nin voru kransar me\u00f0 laufverki.<a name=\"30\"><span class=\"versanumer\">30<\/span><\/a>Og hv\u00f6rt bor\u00f0 haf\u00f0i fj\u00f6gur eirhj\u00f3l og voru \u00feau me\u00f0 \u00e1s \u00far eiri, og \u00e1 \u00feeim fj\u00f3rum hornum voru axlir; undir sk\u00e1lina voru axlirnar steyptar, og kransar \u00e1 hv\u00f6rri fyrir sig.<a name=\"31\"><span class=\"versanumer\">31<\/span><\/a>Og op sk\u00e1larinnar var fyrir innan kransinn, og \u00fear uppaf, var alin, <span class='VideyAth'>(og opi\u00f0 var kringl\u00f3tt, sama verk \u00e1, sem \u00e1 st\u00f3lpaf\u00e6ti)<\/span> h\u00e1lf \u00f6nnur alin \u00e1 d\u00fdpt, og l\u00edka var \u00e1 opinu skur\u00f0verk, en skildirnir voru ferkanta\u00f0ir og ekki kringl\u00f3ttir.<a name=\"32\"><span class=\"versanumer\">32<\/span><\/a>Og \u00feau fj\u00f6gur hj\u00f3l voru undir skj\u00f6ldunum og \u00e1sar hj\u00f3lanna voru undir skj\u00f6ldunum og \u00e1sar hj\u00f3lanna vi\u00f0 bor\u00f0in, og h\u00e6\u00f0 hv\u00f6rs hj\u00f3ls var h\u00e1lf \u00f6nnur alin.<a name=\"33\"><span class=\"versanumer\">33<\/span><\/a>Og verki\u00f0 \u00e1 hj\u00f3lunum var sem vagnhj\u00f3laverk, \u00feeirra \u00e1sar, \u00feeirra augu, \u00feeirra sp\u00e6lar og \u00feeirra umgj\u00f6r\u00f0, var allt steypt.<a name=\"34\"><span class=\"versanumer\">34<\/span><\/a>Og fj\u00f3rar axlir voru \u00e1 \u00feeim fj\u00f3rum hornum hv\u00f6rs bor\u00f0s; \u00e1 bor\u00f0inu voru \u00feess axlir.<a name=\"36\"><span class=\"versanumer\">36<\/span><\/a>Og hann \u00fatgr\u00f3f \u00e1 t\u00f6flur hli\u00f0aumgj\u00f6r\u00f0arinnar og \u00e1 hennar skildi, ker\u00faba, lj\u00f3n og p\u00e1lmavi\u00f0, \u00e1 s\u00e9rhv\u00f6rt autt r\u00fam, og kransar voru \u00ed kringum allt.<a name=\"37\"><span class=\"versanumer\">37<\/span><\/a>\u00deannig gj\u00f6r\u00f0i hann \u00feau t\u00edu bor\u00f0in; \u00feau voru: ein steypa, eitt m\u00e1l og eitt sk\u00f6pulag. <br \/><a name=\"38\"><span class=\"versanumer\">38<\/span><\/a>Og hann gj\u00f6r\u00f0i 10 sk\u00e1lar af eiri <span class='VideyAth'>a)<\/span>, 40 bat t\u00f3k hv\u00f6r sk\u00e1l, hv\u00f6r sk\u00e1l var 4 \u00e1lnir \u00e1 v\u00eddd og s\u00edn sk\u00e1lin var \u00e1 hv\u00f6rju bor\u00f0i af \u00feeim 10 bor\u00f0um.<a name=\"39\"><span class=\"versanumer\">39<\/span><\/a>Og hann setti bor\u00f0in 5 h\u00e6gramegin \u00ed h\u00fasinu, og 5 vinstramegin \u00ed h\u00fasinu. Og hafi\u00f0 setti hann h\u00e6gramegin \u00ed h\u00fasinu, austantil a\u00f0 sunnanver\u00f0u. <br \/><a name=\"40\"><span class=\"versanumer\">40<\/span><\/a>Og Hiram gj\u00f6r\u00f0i potta og sk\u00f3flur <span class='VideyAth'>b)<\/span> og sk\u00e1lar, og H\u00edram lauk vi\u00f0 allt verki\u00f0 sem hann gj\u00f6r\u00f0i fyrir k\u00f3ng Sal\u00f3mon \u00ed h\u00fasi Drottins.<a name=\"41\"><span class=\"versanumer\">41<\/span><\/a>Tvo st\u00f3lpa og k\u00falur hn\u00fa\u00f0anna efst \u00e1 st\u00f3lpunum, tv\u00e6r, og tv\u00f6 grindverk til hl\u00edf\u00f0ar \u00feeim, nl: \u00feeim b\u00e1\u00f0um k\u00falum hn\u00fa\u00f0anna sem voru efst \u00e1 st\u00f3lpunum.<a name=\"42\"><span class=\"versanumer\">42<\/span><\/a>Og \u00feau 4 hundru\u00f0 kjarnepli til hv\u00f6rutveggja grindverkanna, tv\u00e6r ra\u00f0ir af kjarneplum til hv\u00f6rs grindverks, til hl\u00edf\u00f0ar b\u00e1\u00f0um k\u00falum hn\u00fa\u00f0anna \u00e1 st\u00f3lpunum.<a name=\"43\"><span class=\"versanumer\">43<\/span><\/a>Og \u00feau 10 bor\u00f0 og \u00fe\u00e6r 10 sk\u00e1lar \u00e1 bor\u00f0unum.<a name=\"44\"><span class=\"versanumer\">44<\/span><\/a>Og \u00fea\u00f0 eina haf og \u00feau 12 naut undir hafinu.<a name=\"45\"><span class=\"versanumer\">45<\/span><\/a>Og pottana, sk\u00f3flurnar <span class='VideyAth'>c)<\/span> og sk\u00e1larnar. Og \u00f6ll \u00feau \u00e1h\u00f6ld sem H\u00edram gj\u00f6r\u00f0i fyrir k\u00f3ng Sal\u00f3mon \u00ed Drottins h\u00fasi voru gj\u00f6r\u00f0 \u00far skygg\u00f0u eiri.<a name=\"46\"><span class=\"versanumer\">46<\/span><\/a>\u00cd J\u00f3rdansh\u00e9ra\u00f0i l\u00e9t konungurinn steypa \u00feau \u00ed \u00fe\u00e9ttri j\u00f6r\u00f0 milli Sukot og Sartan.<a name=\"47\"><span class=\"versanumer\">47<\/span><\/a>Og Sal\u00f3mon l\u00e9t \u00e1h\u00f6ldin vera \u00f3vegin, \u00fev\u00ed n\u00f3g var af eirinu, eiri\u00f0 var ekki vegi\u00f0.<a name=\"48\"><span class=\"versanumer\">48<\/span><\/a>Og Sal\u00f3mon gj\u00f6r\u00f0i \u00f6ll \u00e1h\u00f6ldin sem voru \u00ed Drottins h\u00fasi. \u00dea\u00f0 gullb\u00fana altari og bor\u00f0i\u00f0, hvar \u00e1 sko\u00f0unarbrau\u00f0in voru, af gulli,<a name=\"49\"><span class=\"versanumer\">49<\/span><\/a>og lj\u00f3sahj\u00e1lmana, 5 til h\u00e6gri, og 5 til vinstri hli\u00f0ar fyrir framan k\u00f3rinn, af sk\u00edru gulli, og liljurnar og lampana og skarb\u00edtina, \u00far gulli.<a name=\"50\"><span class=\"versanumer\">50<\/span><\/a>Og sk\u00e1larnar og diskarnir og f\u00f6tin, og reykelsiskerin, og gl\u00f3\u00f0arkerin af sk\u00edru gulli, og hjarir \u00e1 v\u00e6ngjahur\u00f0ir k\u00f3rsins, \u00feess allrahelgasta, og \u00e1 v\u00e6ngjahur\u00f0ir h\u00fassins: \u0254: musterisins, \u00far gulli.<a name=\"51\"><span class=\"versanumer\">51<\/span><\/a>Og svo var \u00f6llu \u00fev\u00ed verki loki\u00f0, sem Sal\u00f3mon gj\u00f6r\u00f0i \u00ed h\u00fasi Drottins. Og Sal\u00f3mon flutti hinga\u00f0 \u00fea\u00f0 sem Dav\u00ed\u00f0 fa\u00f0ir hans haf\u00f0i helga\u00f0; silfri\u00f0 og gulli\u00f0, og \u00e1h\u00f6ldin l\u00e9t hann \u00ed f\u00e9hirslu Drottins h\u00fass.<\/p>\n<div class=\"footnoteVidey\">V. 1. a. Kap. 6,38. 9,10.  V. 13. b. 2 Kron. 2,13.  V. 14. c. Gen. 4,22. d. Ex. 31,3.4.  V. 15. Sbr. 2 K\u00f3ng. 25,17. 2 Kron. 3,15.  V. 21. Jakin og B\u00f3as. \u00deetta skyldi merkja sta\u00f0festu og styrkleika.  V. 38. a. 2 Kron. 4,6.  V. 40. b. Sbr. v. 45. A\u00f0r. Eldspa\u00f0a. Ex. 27,3. 38,3. A\u00f0r. ausur. Num. 4,14.  V. 45. c. Sbr. v. 40.  V. 51. Sbr. 2 Kron. 5,1. fl.<\/div>\n","protected":false},"excerpt":{"rendered":"<p>K\u00f3ngsh\u00fasi\u00f0 byggt, tveir st\u00f3lpar og \u00e1h\u00f6ld musterisins. 1En sitt h\u00fas bygg\u00f0i Sal\u00f3mon \u00e1 13 \u00e1rum a). \u00de\u00e1 lauk hann vi\u00f0 allt sitt h\u00fas.2Og hann bygg\u00f0i h\u00fasi\u00f0 af vi\u00f0 \u00far L\u00edbanonssk\u00f3gi; \u00fea\u00f0 var hundra\u00f0 \u00e1lna langt, 50 \u00e1lna breitt og 30 \u00e1lna h\u00e1tt, \u00e1 fj\u00f3rum r\u00f6\u00f0um af sedrusvi\u00f0arst\u00f3lpum og sedrusbj\u00e1lkar hv\u00edldu \u00e1 st\u00f3lpunum.3Og \u00feaki\u00f0 var \u00fea\u00f0 me\u00f0 sedrusvi\u00f0 yfir bj\u00e1lkana sem hv\u00edldu \u00e1 st\u00f3lpunum, 45 voru \u00feeir, j\u00e1 15 \u00ed hv\u00f6rri r\u00f6\u00f0,4og bj\u00e1lkalagi\u00f0 var \u00ferefalt og gluggar gagnvart gluggum \u00fer\u00edsettir.5Og allar dyr og st\u00f3lpar voru ferkanta\u00f0ir me\u00f0 plankaverki, og gluggi m\u00f3t glugga \u00ferisvar og \u00ferisvar.6Og hann bygg\u00f0i forbyrgi me\u00f0 st\u00f3lpum, \u00fea\u00f0 <a href=\"https:\/\/biblian.is\/videy\/fyrri-konungabok-7-kafli\/\"> [&#8230;]<\/a><\/p>\n","protected":false},"author":1,"featured_media":0,"parent":0,"menu_order":0,"comment_status":"open","ping_status":"open","template":"bibliukaflar.php","meta":{"footnotes":""},"class_list":["post-21147","page","type-page","status-publish","hentry"],"_links":{"self":[{"href":"https:\/\/biblian.is\/videy\/wp-json\/wp\/v2\/pages\/21147","targetHints":{"allow":["GET"]}}],"collection":[{"href":"https:\/\/biblian.is\/videy\/wp-json\/wp\/v2\/pages"}],"about":[{"href":"https:\/\/biblian.is\/videy\/wp-json\/wp\/v2\/types\/page"}],"author":[{"embeddable":true,"href":"https:\/\/biblian.is\/videy\/wp-json\/wp\/v2\/users\/1"}],"replies":[{"embeddable":true,"href":"https:\/\/biblian.is\/videy\/wp-json\/wp\/v2\/comments?post=21147"}],"version-history":[{"count":0,"href":"https:\/\/biblian.is\/videy\/wp-json\/wp\/v2\/pages\/21147\/revisions"}],"wp:attachment":[{"href":"https:\/\/biblian.is\/videy\/wp-json\/wp\/v2\/media?parent=21147"}],"curies":[{"name":"wp","href":"https:\/\/api.w.org\/{rel}","templated":true}]}}