{"id":21144,"date":"2018-01-02T01:00:30","date_gmt":"2018-01-02T01:00:30","guid":{"rendered":"http:\/\/biblian.is\/videy\/fyrri-konungabok-4-kafli\/"},"modified":"2018-01-02T01:00:30","modified_gmt":"2018-01-02T01:00:30","slug":"fyrri-konungabok-4-kafli","status":"publish","type":"page","link":"https:\/\/biblian.is\/videy\/fyrri-konungabok-4-kafli\/","title":{"rendered":"Fyrri konungab\u00f3k 4. kafli"},"content":{"rendered":"<div class=\"fyrirsognVidey\">Sal\u00f3mons emb\u00e6ttismenn, vegsemd og viska.<\/div>\n<p><a name=\"1\"><span class=\"versanumer\">1<\/span><\/a>Og svo var konungurinn Sal\u00f3mon, konungur yfir \u00f6llum \u00cdsrael.<a name=\"2\"><span class=\"versanumer\">2<\/span><\/a>En \u00feetta eru \u00feeir h\u00f6f\u00f0ingjar sem hann haf\u00f0i: Asaria sonur Sadoks prests,<a name=\"3\"><span class=\"versanumer\">3<\/span><\/a>Elihoref og Ah\u00edja Sifassynir, voru skrifarar; J\u00f3safat sonur Ahiluds var sagnameistari.<a name=\"4\"><span class=\"versanumer\">4<\/span><\/a>Og Benaja sonur J\u00f3jada var yfir hernum, og Sadok og Ab\u00edatar voru prestar.<a name=\"5\"><span class=\"versanumer\">5<\/span><\/a>Og Asar\u00eda sonur Natans var yfir emb\u00e6ttism\u00f6nnunum, og Sabud, sonur Natans, prestur, vinur k\u00f3ngsins;<a name=\"6\"><span class=\"versanumer\">6<\/span><\/a>Og Ah\u00edsar var yfir <span class='VideyAth'>(k\u00f3ngs)<\/span>h\u00fasinu og Adon\u00edram Addasson, rentumeistari.<br \/><a name=\"7\"><span class=\"versanumer\">7<\/span><\/a>Og Sal\u00f3mon haf\u00f0i 12 l\u00e9nsmenn yfir \u00f6llum \u00cdsrael, og \u00feeir forsorgu\u00f0u k\u00f3nginn og hans h\u00fas, hv\u00f6r \u00feeirra \u00e1tti a\u00f0 forsorga <span class='VideyAth'>(hann)<\/span> einn m\u00e1nu\u00f0 \u00ed \u00e1rinu.<a name=\"8\"><span class=\"versanumer\">8<\/span><\/a>En \u00feetta eru \u00feeirra n\u00f6fn: sonur H\u00fars \u00ed Efraimsfj\u00f6llum.<a name=\"9\"><span class=\"versanumer\">9<\/span><\/a>Sonur Dekers \u00ed Makas og Saalbim og Bet-Semes, og Elon og Bet-Hanan;<a name=\"10\"><span class=\"versanumer\">10<\/span><\/a>Sonur Heseds \u00ed Arubot, honum tilheyr\u00f0i Sok\u00f3 og allt h\u00e9ra\u00f0i\u00f0 Hefer;<a name=\"11\"><span class=\"versanumer\">11<\/span><\/a>Sonur Ab\u00ednadabs haf\u00f0i allt h\u00e9ra\u00f0i\u00f0 D\u00f3r <span class='VideyAth'>(Tafit d\u00f3ttir Sal\u00f3mons var kona hans)<\/span>.<a name=\"12\"><span class=\"versanumer\">12<\/span><\/a>Baena, sonur Ahiluds \u00ed Taenak og Megidd\u00f3 og \u00f6llu Bet-Seban <span class='VideyAth'>b)<\/span> sem liggur hj\u00e1 Sartan, fyrir ne\u00f0an Jesreel; fr\u00e1 Bet-Sean til Abel-Mehola, allt til Jakmeam hinumegin.<a name=\"13\"><span class=\"versanumer\">13<\/span><\/a>Sonur Gebers var \u00ed Ramot \u00ed G\u00edlea\u00f0, honum tilheyr\u00f0u \u00feorp Jairs, sonar Manassis, \u00ed G\u00edlea\u00f0, og spildan Argob \u00ed Basan, sext\u00edu st\u00f3rir sta\u00f0ir me\u00f0 m\u00farveggjum og slagbr\u00f6ndum af eiri.<a name=\"14\"><span class=\"versanumer\">14<\/span><\/a>Ahinadab, sonur Idd\u00f3s, \u00ed Mahanaim <span class='VideyAth'>c)<\/span>.<a name=\"15\"><span class=\"versanumer\">15<\/span><\/a>Ahimas \u00ed Naftali <span class='VideyAth'>(hann t\u00f3k l\u00edka Basmat, d\u00f3ttur Sal\u00f3mons, s\u00e9r fyrir konu)<\/span>.<a name=\"16\"><span class=\"versanumer\">16<\/span><\/a>Baena, sonur Husa\u00ed \u00ed Aser og \u00ed Alot;<a name=\"17\"><span class=\"versanumer\">17<\/span><\/a>J\u00f3safat sonur Farus \u00ed \u00cdsaskar.<a name=\"18\"><span class=\"versanumer\">18<\/span><\/a>S\u00edmei sonur Elas \u00ed Benjam\u00edn.<a name=\"19\"><span class=\"versanumer\">19<\/span><\/a>Geber sonur Uri \u00ed G\u00edlea\u00f0 \u00ed landi S\u00edhons Amor\u00edtak\u00f3ngs, og Ogs k\u00f3ngsins \u00ed Basan; einn var l\u00e9nsma\u00f0ur \u00ed \u00fev\u00ed landi.<a name=\"20\"><span class=\"versanumer\">20<\/span><\/a>Og J\u00fada og \u00cdsraelsmenn voru margir a\u00f0 fj\u00f6lda sem sandur \u00ed sj\u00f3 <span class='VideyAth'>a)<\/span>. \u00deeir \u00e1tu og drukku og voru gla\u00f0ir. <br \/><a name=\"21\"><span class=\"versanumer\">21<\/span><\/a>Og Sal\u00f3mon drottna\u00f0i yfir \u00f6llum k\u00f3ngsr\u00edkjum fr\u00e1 \u00e1nni <span class='VideyAth'>b)<\/span>, <span class='VideyAth'>(allt til)<\/span> Filistealands, og allt til Egyptalands landamerkja, \u00feeir f\u00e6r\u00f0u honum g\u00e1fur og voru Sal\u00f3moni undirgefnir alla hans l\u00edfdaga.<a name=\"22\"><span class=\"versanumer\">22<\/span><\/a>Og Sal\u00f3mon haf\u00f0i daglega til matar 30 kor <span class='VideyAth'>(m\u00e6lira c)<\/span> hveitimj\u00f6ls, og 60 m\u00e6lira annars mj\u00f6ls,<a name=\"23\"><span class=\"versanumer\">23<\/span><\/a>og 10 alda uxa og 20 haggengna uxa, og hundra\u00f0 sau\u00f0i, fyrir utan hirti, r\u00e1d\u00fdr og steingeitur og alda fugla;<a name=\"24\"><span class=\"versanumer\">24<\/span><\/a>\u00fev\u00ed hann haf\u00f0i allt landi\u00f0 undir, \u00feessumegin \u00e1rinnar, fr\u00e1 Tiffa til Gasa, vald yfir \u00f6llum k\u00f3ngum \u00feessumegin \u00e1rinnar, og hann haf\u00f0i fri\u00f0 \u00e1 allar hli\u00f0ar allt um kring.<a name=\"25\"><span class=\"versanumer\">25<\/span><\/a>Og J\u00fada og \u00cdsrael bj\u00f3 \u00f3hultur, hv\u00f6r undir s\u00ednu v\u00edntr\u00e9 og undir s\u00ednu f\u00edkjutr\u00e9 <span class='VideyAth'>d)<\/span> fr\u00e1 Dan til Bersaba, me\u00f0an Sal\u00f3mon lif\u00f0i.<a name=\"26\"><span class=\"versanumer\">26<\/span><\/a>Og Sal\u00f3mon haf\u00f0i 40 \u00fe\u00fasund vagnhesta og 12 \u00fe\u00fasund r\u00ed\u00f0andi menn.<a name=\"27\"><span class=\"versanumer\">27<\/span><\/a>Og l\u00e9nsmennirnir l\u00e9tu til vistir handa Sal\u00f3mon og \u00f6llum sem vi\u00f0 hans bor\u00f0 s\u00e1tu, hv\u00f6r \u00ed s\u00ednum m\u00e1nu\u00f0i; \u00feeir l\u00e9tu ekkert skorta.<a name=\"28\"><span class=\"versanumer\">28<\/span><\/a>Og bygg og hey fyrir hestana og \u00falfaldana fluttu \u00feeir \u00feanga\u00f0 sem hann var, hv\u00f6r eftir sinni r\u00f6\u00f0.<a name=\"29\"><span class=\"versanumer\">29<\/span><\/a>Og Gu\u00f0 gaf Sal\u00f3moni, speki og skilning mj\u00f6g mikinn, og margfalda \u00feekkingu, eins og sandur er margur \u00e1 sj\u00e1varstr\u00f6nd.<a name=\"30\"><span class=\"versanumer\">30<\/span><\/a>Og Sal\u00f3mons speki var meiri enn speki allra Austurlandasona, og <span class='VideyAth'>(meiri en)<\/span> \u00f6ll Egyptalands speki.<a name=\"31\"><span class=\"versanumer\">31<\/span><\/a>Og hann var \u00f6llum m\u00f6nnum vitrari, <span class='VideyAth'>(hann var)<\/span> vitrari en Etan <span class='VideyAth'>e)<\/span>, Esrah\u00edti, og Heman og Kalkol og Darda, synir Mahols; og hans nafn var v\u00ed\u00f0fr\u00e6gt me\u00f0al allra \u00fej\u00f3\u00f0a allt um kring.<a name=\"32\"><span class=\"versanumer\">32<\/span><\/a>Og Sal\u00f3mon tala\u00f0i 3 \u00fe\u00fasund or\u00f0skvi\u00f0u, og hans v\u00edsur voru \u00fe\u00fasund og fimm.<a name=\"33\"><span class=\"versanumer\">33<\/span><\/a>Og hann tala\u00f0i um tr\u00e9n, fr\u00e1 sedrustr\u00e9nu \u00e1 L\u00edbanon, til \u00eds\u00f3psins sem sprettur \u00e1 vegg, og hann tala\u00f0i um f\u00e9na\u00f0inn og fuglana og orminn og fiskana.<a name=\"34\"><span class=\"versanumer\">34<\/span><\/a>Og menn komu af \u00f6llum \u00fej\u00f3\u00f0um a\u00f0 heyra Sal\u00f3mons speki, og af \u00f6llum k\u00f3ngum jar\u00f0arinnar, sem heyr\u00f0u hans speki geti\u00f0.<\/p>\n<div class=\"footnoteVidey\">V. 12. b. J\u00f3s. 17,11.  V. 13. 1 Kron. 2,23.  V. 14. c. Gen. 32,2.  V. 20. a. Kap. 3,8. Gen. 13,16. N\u00fam. 23,10.  V. 21. b. \u0254: Frat Sbr. v. 24. Gen. 15,18.  V. 22. c. Ezech. 45,14. a\u00f0rir: tunnur.  V. 25. d. 2 K\u00f3ng. 18,31. Sakk. 3,10.  V. 26. Sbr. 2 Kron. 9,25.  V. 31. e. 1 Kron. 2,6.<\/div>\n","protected":false},"excerpt":{"rendered":"<p>Sal\u00f3mons emb\u00e6ttismenn, vegsemd og viska. 1Og svo var konungurinn Sal\u00f3mon, konungur yfir \u00f6llum \u00cdsrael.2En \u00feetta eru \u00feeir h\u00f6f\u00f0ingjar sem hann haf\u00f0i: Asaria sonur Sadoks prests,3Elihoref og Ah\u00edja Sifassynir, voru skrifarar; J\u00f3safat sonur Ahiluds var sagnameistari.4Og Benaja sonur J\u00f3jada var yfir hernum, og Sadok og Ab\u00edatar voru prestar.5Og Asar\u00eda sonur Natans var yfir emb\u00e6ttism\u00f6nnunum, og Sabud, sonur Natans, prestur, vinur k\u00f3ngsins;6Og Ah\u00edsar var yfir (k\u00f3ngs)h\u00fasinu og Adon\u00edram Addasson, rentumeistari.7Og Sal\u00f3mon haf\u00f0i 12 l\u00e9nsmenn yfir \u00f6llum \u00cdsrael, og \u00feeir forsorgu\u00f0u k\u00f3nginn og hans h\u00fas, hv\u00f6r \u00feeirra \u00e1tti a\u00f0 forsorga (hann) einn m\u00e1nu\u00f0 \u00ed \u00e1rinu.8En \u00feetta eru \u00feeirra n\u00f6fn: sonur H\u00fars \u00ed Efraimsfj\u00f6llum.9Sonur <a href=\"https:\/\/biblian.is\/videy\/fyrri-konungabok-4-kafli\/\"> [&#8230;]<\/a><\/p>\n","protected":false},"author":1,"featured_media":0,"parent":0,"menu_order":0,"comment_status":"open","ping_status":"open","template":"bibliukaflar.php","meta":{"footnotes":""},"class_list":["post-21144","page","type-page","status-publish","hentry"],"_links":{"self":[{"href":"https:\/\/biblian.is\/videy\/wp-json\/wp\/v2\/pages\/21144","targetHints":{"allow":["GET"]}}],"collection":[{"href":"https:\/\/biblian.is\/videy\/wp-json\/wp\/v2\/pages"}],"about":[{"href":"https:\/\/biblian.is\/videy\/wp-json\/wp\/v2\/types\/page"}],"author":[{"embeddable":true,"href":"https:\/\/biblian.is\/videy\/wp-json\/wp\/v2\/users\/1"}],"replies":[{"embeddable":true,"href":"https:\/\/biblian.is\/videy\/wp-json\/wp\/v2\/comments?post=21144"}],"version-history":[{"count":0,"href":"https:\/\/biblian.is\/videy\/wp-json\/wp\/v2\/pages\/21144\/revisions"}],"wp:attachment":[{"href":"https:\/\/biblian.is\/videy\/wp-json\/wp\/v2\/media?parent=21144"}],"curies":[{"name":"wp","href":"https:\/\/api.w.org\/{rel}","templated":true}]}}