{"id":21143,"date":"2018-01-02T01:00:30","date_gmt":"2018-01-02T01:00:30","guid":{"rendered":"http:\/\/biblian.is\/videy\/fyrri-konungabok-3-kafli\/"},"modified":"2018-01-02T01:00:30","modified_gmt":"2018-01-02T01:00:30","slug":"fyrri-konungabok-3-kafli","status":"publish","type":"page","link":"https:\/\/biblian.is\/videy\/fyrri-konungabok-3-kafli\/","title":{"rendered":"Fyrri konungab\u00f3k 3. kafli"},"content":{"rendered":"<div class=\"fyrirsognVidey\">Sal\u00f3mons gifting. Draumur. D\u00f3mspeki.<\/div>\n<p><a name=\"1\"><span class=\"versanumer\">1<\/span><\/a>Og Sal\u00f3mon m\u00e6g\u00f0ist vi\u00f0 fara\u00f3 k\u00f3ng \u00ed Egyptalandi, og hann t\u00f3k d\u00f3ttur fara\u00f3s og flutti hana til Dav\u00ed\u00f0sborgar, \u00feanga\u00f0 til hann haf\u00f0i fullkomna\u00f0 bygging s\u00edns h\u00fass og Drottins h\u00fass og veggsins allt um kring Jer\u00fasalem.<a name=\"2\"><span class=\"versanumer\">2<\/span><\/a>En f\u00f3lki\u00f0 f\u00e6r\u00f0i f\u00f3rnir \u00e1 h\u00e6\u00f0unum, \u00fev\u00ed allt til \u00feess t\u00edma var Drottins nafni ekkert h\u00fas byggt.<a name=\"3\"><span class=\"versanumer\">3<\/span><\/a>Og Sal\u00f3mon elska\u00f0i Drottin, svo a\u00f0 hann gekk eftir reglum s\u00edns f\u00f6\u00f0ur Dav\u00ed\u00f0s; einasta f\u00e6r\u00f0i hann f\u00f3rnir, og brenndi reykelsi, \u00e1 h\u00e6\u00f0unum.<a name=\"4\"><span class=\"versanumer\">4<\/span><\/a>Og k\u00f3ngurinn f\u00f3r til Gibeon til \u00feess a\u00f0 f\u00f3rnf\u00e6ra \u00fear, \u00fev\u00ed \u00fea\u00f0 var st\u00e6rsta h\u00e6\u00f0in. \u00de\u00fasund brennif\u00f3rnum offra\u00f0i Sal\u00f3mon \u00e1 \u00fev\u00ed sama altari.<a name=\"5\"><span class=\"versanumer\">5<\/span><\/a>\u00cd Gibeon birtist Drottinn Sal\u00f3moni \u00ed draumi um n\u00f3ttina <span class='VideyAth'>b)<\/span>, og Gu\u00f0 sag\u00f0i: bi\u00f0 \u00fe\u00fa, <span class='VideyAth'>(einhv\u00f6rs)<\/span> hva\u00f0 skal eg gefa \u00fe\u00e9r?<a name=\"6\"><span class=\"versanumer\">6<\/span><\/a>Og Sal\u00f3mon sag\u00f0i: \u00fe\u00fa au\u00f0s\u00fdndir \u00fe\u00ednum \u00fej\u00f3n Dav\u00ed\u00f0 f\u00f6\u00f0ur m\u00ednum mikla n\u00e1\u00f0, \u00fear e\u00f0 hann gekk fyrir \u00fe\u00e9r \u00ed tr\u00faskap, r\u00e9ttv\u00edsi og hjartans einl\u00e6gni, og \u00fe\u00fa efndir vi\u00f0 hann \u00feitt n\u00e1\u00f0ar heit, og gafst honum son, sem n\u00fa situr \u00ed h\u00e1s\u00e6tinu <span class='VideyAth'>c)<\/span>, svo sem \u00e1 \u00feessum t\u00edma <span class='VideyAth'>(ske\u00f0 er)<\/span>.<a name=\"7\"><span class=\"versanumer\">7<\/span><\/a>Og n\u00fa, Drottinn minn Gu\u00f0! \u00fe\u00fa hefir gj\u00f6rt \u00feinn \u00fej\u00f3n a\u00f0 k\u00f3ngi \u00ed sta\u00f0 f\u00f6\u00f0ur m\u00edns Dav\u00ed\u00f0s, og eg er enn unglingur, og veit hv\u00f6rki minn \u00fatgang n\u00e9 inngang.<a name=\"8\"><span class=\"versanumer\">8<\/span><\/a>Og \u00feinn \u00fej\u00f3n er mitt \u00e1 me\u00f0al \u00fe\u00edns f\u00f3lks, sem \u00fe\u00fa hefir \u00fatvali\u00f0, svo mikils f\u00f3lks, sem hv\u00f6rki ver\u00f0ur tali\u00f0 n\u00e9 reikna\u00f0 fyrir fj\u00f6lda sakir;<a name=\"9\"><span class=\"versanumer\">9<\/span><\/a>gef \u00fev\u00ed \u00fe\u00ednum \u00fej\u00f3n skynugt hjarta til a\u00f0 d\u00e6ma \u00feitt f\u00f3lk, og til a\u00f0 a\u00f0greina gott fr\u00e1 illu; \u00fev\u00ed hv\u00f6r g\u00e6ti annars d\u00e6mt \u00feetta \u00feitt marga f\u00f3lk.<a name=\"10\"><span class=\"versanumer\">10<\/span><\/a>Og Drottni l\u00edka\u00f0i vel Sal\u00f3mons tal, a\u00f0 hann ba\u00f0 um \u00feetta.<a name=\"11\"><span class=\"versanumer\">11<\/span><\/a>Og Gu\u00f0 sag\u00f0i vi\u00f0 hann: s\u00f6kum \u00feess \u00fe\u00fa ba\u00f0st um \u00feetta, og ba\u00f0st ekki um langa l\u00edfdaga handa \u00fe\u00e9r, n\u00e9 au\u00f0legt, og ekki heldur um l\u00edf \u00feinna \u00f3vina, heldur ba\u00f0st um skilning, svo \u00fe\u00fa hef\u00f0ir vit \u00e1 a\u00f0 d\u00e6ma;<a name=\"12\"><span class=\"versanumer\">12<\/span><\/a>sj\u00e1! svo veiti eg \u00fe\u00e9r \u00fea\u00f0 sem \u00fe\u00fa ba\u00f0st um; sj\u00e1! eg gef \u00fe\u00e9r hyggi\u00f0 og skilningsfullt hjarta, svo \u00feinn l\u00edki hefir ei veri\u00f0 fyrir \u00feig, og \u00feinn l\u00edki skal ekki koma eftir \u00feig.<a name=\"13\"><span class=\"versanumer\">13<\/span><\/a>Og l\u00edka gef eg \u00fe\u00e9r \u00fea\u00f0 sem \u00fe\u00fa ba\u00f0st ekki um, b\u00e6\u00f0i au\u00f0legt og hei\u00f0ur, a\u00f0 \u00feinn l\u00edki s\u00e9 ekki me\u00f0al k\u00f3nganna alla \u00fe\u00edna daga.<a name=\"14\"><span class=\"versanumer\">14<\/span><\/a>Og ef \u00fe\u00fa gengur \u00e1 m\u00ednum vegum svo a\u00f0 \u00fe\u00fa gefur gaum m\u00ednum setningum og bo\u00f0or\u00f0um, eins og Dav\u00ed\u00f0 fa\u00f0ir \u00feinn gekk \u00e1 \u00feeim, svo skal eg lengja \u00fe\u00edna daga <span class='VideyAth'>d)<\/span>.<a name=\"15\"><span class=\"versanumer\">15<\/span><\/a>\u00de\u00e1 vakna\u00f0i Sal\u00f3mon, og sj\u00e1! \u00fea\u00f0 var draumur. Og hann kom til Jer\u00fasalem og gekk fyrir Drottins s\u00e1ttm\u00e1ls \u00f6rk, og frambar brennif\u00f3rn og \u00feakkarf\u00f3rn og gj\u00f6r\u00f0i \u00f6llum \u00fe\u00e9nurum s\u00ednum miki\u00f0 heimbo\u00f0. <br \/><a name=\"16\"><span class=\"versanumer\">16<\/span><\/a>Um \u00fea\u00f0 leyti komu tv\u00e6r lausakonur til k\u00f3ngsins, og gengu fyrir hann.<a name=\"17\"><span class=\"versanumer\">17<\/span><\/a>Og \u00f6nnur konan sag\u00f0i: \u00e6! minn herra! eg og kona \u00feessi, vi\u00f0 bjuggum \u00ed sama h\u00fasi, og eg \u00f3l barn \u00ed h\u00fasinu hj\u00e1 henni.<a name=\"18\"><span class=\"versanumer\">18<\/span><\/a>En \u00e1 \u00feri\u00f0ja degi eftir a\u00f0 eg haf\u00f0i f\u00e6tt, \u00f3l \u00feessi kona og barn l\u00edka. Og vi\u00f0 vorum saman og engin annar hj\u00e1 okkur \u00ed h\u00fasinu, vi\u00f0 b\u00e1\u00f0ar vorum a\u00f0eins \u00ed h\u00fasinu.<a name=\"19\"><span class=\"versanumer\">19<\/span><\/a>\u00de\u00e1 d\u00f3 sonur \u00feessarar konu um n\u00f3ttina, af \u00fev\u00ed h\u00fan haf\u00f0i lagst \u00e1 hann.<a name=\"20\"><span class=\"versanumer\">20<\/span><\/a>Og h\u00fan st\u00f3\u00f0 upp um n\u00f3ttina, og t\u00f3k minn son fr\u00e1 minni hli\u00f0, me\u00f0an \u00fe\u00edn amb\u00e1tt svaf, og lag\u00f0i hann s\u00e9r \u00ed fa\u00f0m, og sinn dau\u00f0a son lag\u00f0i h\u00fan m\u00e9r \u00e1 arm.<a name=\"21\"><span class=\"versanumer\">21<\/span><\/a>Og \u00fe\u00e1 eg st\u00f3\u00f0 upp um morguninn til a\u00f0 gefa syni m\u00ednum a\u00f0 sj\u00faga, sj\u00e1! \u00fe\u00e1 var hann dau\u00f0ur; og eg virti hann fyrir m\u00e9r um morguninn, og sj\u00e1! \u00fea\u00f0 var ekki minn son, sem eg haf\u00f0i f\u00e6tt.<a name=\"22\"><span class=\"versanumer\">22<\/span><\/a>Og hin \u00f6nnur kona m\u00e6lti: nei! \u00fea\u00f0 er heldur minn son sem lifir, og \u00feinn sonur er dau\u00f0ur. Og hin sag\u00f0i: nei! heldur er \u00feinn sonur s\u00e1 dau\u00f0i, og minn sonur er s\u00e1 sem lifir, og svona t\u00f6lu\u00f0u \u00fe\u00e6r frammi fyrir konunginum.<a name=\"23\"><span class=\"versanumer\">23<\/span><\/a>\u00de\u00e1 m\u00e6lti konungurinn: \u00feessi segir: \u00fea\u00f0 er minn sonur sem lifir og \u00feinn er dau\u00f0ur. Og hin segir: nei! heldur er \u00feinn sonur dau\u00f0ur, og minn sonur er s\u00e1 sem lifir.<a name=\"24\"><span class=\"versanumer\">24<\/span><\/a>Og k\u00f3ngurinn m\u00e6lti: f\u00e6ri\u00f0 m\u00e9r sver\u00f0! og \u00feeir f\u00e6r\u00f0u konunginum sver\u00f0.<a name=\"25\"><span class=\"versanumer\">25<\/span><\/a>Og k\u00f3ngurinn m\u00e6lti: h\u00f6ggi\u00f0 \u00fea\u00f0 barni\u00f0 sem lifir \u00ed tvo hluti, og f\u00e1i\u00f0 sinn helminginn hv\u00f6rri!<a name=\"26\"><span class=\"versanumer\">26<\/span><\/a>\u00de\u00e1 sag\u00f0i s\u00fa konan sem \u00e1tti \u00fea\u00f0 lifandi barn vi\u00f0 konunginn <span class='VideyAth'>(\u00fev\u00ed hennar vi\u00f0kv\u00e6mni til sonarins vakna\u00f0i a)<\/span>: \u00e6! minn herra! gefi\u00f0 henni barni\u00f0 sem lifir, en dey\u00f0i\u00f0 \u00fea\u00f0 ekki. Og hin sag\u00f0i: \u00fea\u00f0 s\u00e9 hv\u00f6rki mitt n\u00e9 \u00feitt, h\u00f6ggi\u00f0 \u00fea\u00f0 \u00ed sundur.<a name=\"27\"><span class=\"versanumer\">27<\/span><\/a>\u00de\u00e1 svara\u00f0i k\u00f3ngur og m\u00e6lti: f\u00e1i\u00f0 hinni \u00fea\u00f0 lifandi barn, og dey\u00f0i\u00f0 \u00fea\u00f0 ekki! h\u00fan er \u00feess m\u00f3\u00f0ir.<a name=\"28\"><span class=\"versanumer\">28<\/span><\/a>Og allur \u00cdsrael heyr\u00f0i d\u00f3minn, sem konungur haf\u00f0i d\u00e6mt; og \u00feeir \u00f3ttu\u00f0ust k\u00f3nginn; \u00fev\u00ed \u00feeir s\u00e1u a\u00f0 Gu\u00f0s speki var \u00ed honum, til a\u00f0 leggja \u00e1 d\u00f3ma.<\/p>\n<div class=\"footnoteVidey\">V. 5. b. Kap. 9,2.  V. 6. c. Kap. 1,48.  V. 9. Sbr. 2 Kron. 1,10. Spek, b. 6,22.  V. 14. d. Devt. 4,40.  V. 26. a. Gen. 43,29. Esa. 49,15.<\/div>\n","protected":false},"excerpt":{"rendered":"<p>Sal\u00f3mons gifting. Draumur. D\u00f3mspeki. 1Og Sal\u00f3mon m\u00e6g\u00f0ist vi\u00f0 fara\u00f3 k\u00f3ng \u00ed Egyptalandi, og hann t\u00f3k d\u00f3ttur fara\u00f3s og flutti hana til Dav\u00ed\u00f0sborgar, \u00feanga\u00f0 til hann haf\u00f0i fullkomna\u00f0 bygging s\u00edns h\u00fass og Drottins h\u00fass og veggsins allt um kring Jer\u00fasalem.2En f\u00f3lki\u00f0 f\u00e6r\u00f0i f\u00f3rnir \u00e1 h\u00e6\u00f0unum, \u00fev\u00ed allt til \u00feess t\u00edma var Drottins nafni ekkert h\u00fas byggt.3Og Sal\u00f3mon elska\u00f0i Drottin, svo a\u00f0 hann gekk eftir reglum s\u00edns f\u00f6\u00f0ur Dav\u00ed\u00f0s; einasta f\u00e6r\u00f0i hann f\u00f3rnir, og brenndi reykelsi, \u00e1 h\u00e6\u00f0unum.4Og k\u00f3ngurinn f\u00f3r til Gibeon til \u00feess a\u00f0 f\u00f3rnf\u00e6ra \u00fear, \u00fev\u00ed \u00fea\u00f0 var st\u00e6rsta h\u00e6\u00f0in. \u00de\u00fasund brennif\u00f3rnum offra\u00f0i Sal\u00f3mon \u00e1 \u00fev\u00ed sama altari.5\u00cd Gibeon birtist <a href=\"https:\/\/biblian.is\/videy\/fyrri-konungabok-3-kafli\/\"> [&#8230;]<\/a><\/p>\n","protected":false},"author":1,"featured_media":0,"parent":0,"menu_order":0,"comment_status":"open","ping_status":"open","template":"bibliukaflar.php","meta":{"footnotes":""},"class_list":["post-21143","page","type-page","status-publish","hentry"],"_links":{"self":[{"href":"https:\/\/biblian.is\/videy\/wp-json\/wp\/v2\/pages\/21143","targetHints":{"allow":["GET"]}}],"collection":[{"href":"https:\/\/biblian.is\/videy\/wp-json\/wp\/v2\/pages"}],"about":[{"href":"https:\/\/biblian.is\/videy\/wp-json\/wp\/v2\/types\/page"}],"author":[{"embeddable":true,"href":"https:\/\/biblian.is\/videy\/wp-json\/wp\/v2\/users\/1"}],"replies":[{"embeddable":true,"href":"https:\/\/biblian.is\/videy\/wp-json\/wp\/v2\/comments?post=21143"}],"version-history":[{"count":0,"href":"https:\/\/biblian.is\/videy\/wp-json\/wp\/v2\/pages\/21143\/revisions"}],"wp:attachment":[{"href":"https:\/\/biblian.is\/videy\/wp-json\/wp\/v2\/media?parent=21143"}],"curies":[{"name":"wp","href":"https:\/\/api.w.org\/{rel}","templated":true}]}}