{"id":21137,"date":"2018-01-02T01:00:30","date_gmt":"2018-01-02T01:00:30","guid":{"rendered":"http:\/\/biblian.is\/videy\/sidari-samuelsbok-21-kafli\/"},"modified":"2018-01-02T01:00:30","modified_gmt":"2018-01-02T01:00:30","slug":"sidari-samuelsbok-21-kafli","status":"publish","type":"page","link":"https:\/\/biblian.is\/videy\/sidari-samuelsbok-21-kafli\/","title":{"rendered":"S\u00ed\u00f0ari Sam\u00faelsb\u00f3k 21. kafli"},"content":{"rendered":"<div class=\"fyrirsognVidey\">\u00deriggja \u00e1ra hall\u00e6ri. Sigur yfir Filisteum.<\/div>\n<p><a name=\"1\"><span class=\"versanumer\">1<\/span><\/a>Og \u00fear var hall\u00e6ri \u00e1 d\u00f6gum Dav\u00ed\u00f0s \u00ed \u00ferj\u00fa \u00e1r \u00ed samfellu, og Dav\u00ed\u00f0 leita\u00f0i Drottins andlitis, og Drottinn sag\u00f0i: \u00fea\u00f0 er s\u00f6kum S\u00e1ls, og s\u00f6kum bl\u00f3\u00f0skuldar h\u00fassins, af \u00fev\u00ed hann deyddi G\u00edbeon\u00edtana.<a name=\"2\"><span class=\"versanumer\">2<\/span><\/a>\u00de\u00e1 kalla\u00f0i konungur G\u00edbeon\u00edtana og m\u00e6lti til \u00feeirra: <span class='VideyAth'>(en G\u00edbeon\u00edtar eru ekki af \u00cdsraelssonum (J\u00f3s. 9,15\u201319) heldur leifar af Amor\u00edtum, og \u00cdsraelssynir h\u00f6f\u00f0u svari\u00f0 \u00feeim ei\u00f0a, en S\u00e1l leita\u00f0ist vi\u00f0 a\u00f0 tort\u00edna \u00feeim af vandl\u00e6tingasemi vegna \u00cdsraels og J\u00fadabarna)<\/span>.<a name=\"3\"><span class=\"versanumer\">3<\/span><\/a>Og Dav\u00ed\u00f0 m\u00e6lti vi\u00f0 G\u00edbeon\u00edtana: hva\u00f0 skal eg gj\u00f6ra fyrir y\u00f0ur? og hvar me\u00f0 skal eg forl\u00edka, a\u00f0 \u00fe\u00e9r blessi\u00f0 Drottins eign?<a name=\"4\"><span class=\"versanumer\">4<\/span><\/a>Og G\u00edbeon\u00edtar s\u00f6g\u00f0u vi\u00f0 hann: oss er hv\u00f6rki annt um gull n\u00e9 silfur af S\u00e1ls h\u00fasi, n\u00e9 um \u00fea\u00f0 a\u00f0 l\u00edfl\u00e1ta nokkurn mann af \u00cdsrael. Og hann m\u00e6lti: hva\u00f0 segi\u00f0 \u00fe\u00e9r a\u00f0 eg skuli gj\u00f6ra fyrir y\u00f0ur?<a name=\"5\"><span class=\"versanumer\">5<\/span><\/a>Og \u00feeir s\u00f6g\u00f0u vi\u00f0 konunginn: s\u00e1 ma\u00f0ur sem tort\u00edndi oss, og haf\u00f0i illt \u00ed hug, a\u00f0 v\u00e9r skyldum ver\u00f0a afm\u00e1\u00f0ir, og ekki til vera \u00ed \u00f6llu \u00cdsraelslandi!<a name=\"6\"><span class=\"versanumer\">6<\/span><\/a>Gefi\u00f0 oss sj\u00f6 menn af hans ni\u00f0jum, a\u00f0 v\u00e9r hengjum \u00fe\u00e1 upp fyrir Drottni \u00ed G\u00edbea S\u00e1ls, hins \u00fatvalda Drottins. Og konungurinn m\u00e6lti: eg skal gefa y\u00f0ur \u00fe\u00e1.<a name=\"7\"><span class=\"versanumer\">7<\/span><\/a>En konungurinn \u00feyrmdi Mefiboset syni J\u00f3natans S\u00e1lssonar, sakir ei\u00f0sins vi\u00f0 Drottin, sem var milli \u00feeirra, milli Dav\u00ed\u00f0s og J\u00f3natans S\u00e1lssonar.<a name=\"8\"><span class=\"versanumer\">8<\/span><\/a>Og konungurinn t\u00f3k b\u00e1\u00f0a syni Rispu, d\u00f3ttur Aja, sem h\u00fan haf\u00f0i f\u00e6tt S\u00e1l, Armoni og Mefiboset, og 5 syni Merab, d\u00f3ttur S\u00e1ls, sem h\u00fan haf\u00f0i f\u00e6tt Adrieli, syni Barsillais, Mahalot\u00edtans,<a name=\"9\"><span class=\"versanumer\">9<\/span><\/a>og gaf \u00fe\u00e1 G\u00edbeon\u00edtum \u00ed hendur, og \u00feeir festu \u00fe\u00e1 upp \u00e1 fjallinu fyrir Drottni, og svo f\u00f3rust 7 \u00ed einu; en \u00feeir voru deyddir \u00e1 \u00feeim fyrsta uppskerudegi, \u00ed byrjun bygguppskerunnar.<a name=\"10\"><span class=\"versanumer\">10<\/span><\/a>\u00de\u00e1 t\u00f3k Rispa Ajad\u00f3ttir, d\u00fak \u00far h\u00e1ri <span class='VideyAth'>(sorgarkl\u00e6\u00f0i)<\/span> og breiddi hann yfir klettinn fr\u00e1 byrjun uppskerunnar \u00feanga\u00f0 til vatn af himni draup yfir \u00fe\u00e1 <span class='VideyAth'>(\u0254: hengdu)<\/span> og h\u00fan l\u00e9t ekki fugla himinsins \u00e1 daginn setjast a\u00f0 \u00feeim, og ekki villud\u00fdrin \u00e1 n\u00e6turnar a\u00f0 \u00feeim komast.<a name=\"11\"><span class=\"versanumer\">11<\/span><\/a>Og Dav\u00ed\u00f0 var sagt fr\u00e1, hva\u00f0 Rispa, d\u00f3ttir Aja, hj\u00e1kona S\u00e1ls gj\u00f6r\u00f0i.<a name=\"12\"><span class=\"versanumer\">12<\/span><\/a>\u00de\u00e1 f\u00f3r Dav\u00ed\u00f0 og t\u00f3k bein S\u00e1ls og bein J\u00f3natans, sonar hans, fr\u00e1 Jabes \u00ed G\u00edlea\u00f0, sem \u00feeir h\u00f6f\u00f0u stoli\u00f0 <span class='VideyAth'>a)<\/span> af torginu \u00ed Betsan, hvar Filistear h\u00f6f\u00f0u hengt \u00fe\u00e1, \u00feegar \u00feeir voru b\u00fanir a\u00f0 sl\u00e1 \u00fe\u00e1 \u00ed hel \u00e1 Gilboa,<a name=\"13\"><span class=\"versanumer\">13<\/span><\/a>og \u00fea\u00f0an fluttu \u00feeir bein S\u00e1ls og sonar hans J\u00f3natans; og \u00feeir samans\u00f6fnu\u00f0u beinum \u00feeirra sem hengdir h\u00f6f\u00f0u veri\u00f0 <span class='VideyAth'>b)<\/span>,<a name=\"14\"><span class=\"versanumer\">14<\/span><\/a>og \u00feeir j\u00f6r\u00f0u\u00f0u bein S\u00e1ls og J\u00f3natans sonar hans \u00ed Benjam\u00ednslandi \u00ed Sela, \u00ed \u00feeirri gr\u00f6f sem tilheyr\u00f0i f\u00f6\u00f0ur hans Kis, og \u00feeir gj\u00f6r\u00f0u allt sem konungur haf\u00f0i bo\u00f0i\u00f0. Og eftir \u00fea\u00f0 b\u00e6nheyr\u00f0i Gu\u00f0 landi\u00f0.<br \/><a name=\"15\"><span class=\"versanumer\">15<\/span><\/a>Og enn h\u00f6f\u00f0u Filistear str\u00ed\u00f0 vi\u00f0 \u00cdsrael. \u00de\u00e1 lag\u00f0i Dav\u00ed\u00f0 af sta\u00f0 og hans menn me\u00f0 honum, og \u00feeir b\u00f6r\u00f0ust vi\u00f0 Filistea; og Dav\u00ed\u00f0 var\u00f0 m\u00f3\u00f0ur.<a name=\"16\"><span class=\"versanumer\">16<\/span><\/a>En Jesbi \u00ed Nob, einn af sonum Rafas <span class='VideyAth'>(hans spj\u00f3t v\u00f3g 3 hundru\u00f0 sikla eirs, og hann var girtur n\u00fdju sver\u00f0i)<\/span>\u2014hann \u00e6tla\u00f0i s\u00e9r a\u00f0 fella Dav\u00ed\u00f0.<a name=\"17\"><span class=\"versanumer\">17<\/span><\/a>\u00de\u00e1 hj\u00e1lpa\u00f0i Abisai Serujason honum, lag\u00f0i Filisteann og drap hann. \u00de\u00e1 s\u00f3ru Dav\u00ed\u00f0s menn honum og s\u00f6g\u00f0u: \u00fe\u00fa skalt ei h\u00e9r eftir fara me\u00f0 oss lei\u00f0angur, a\u00f0 \u00fe\u00fa ei sl\u00f6kkvir \u00cdsraels lj\u00f3s.<br \/><a name=\"18\"><span class=\"versanumer\">18<\/span><\/a>Annar bardagi vi\u00f0 Filistea var \u00ed Gob. \u00de\u00e1 lag\u00f0i Sibkai Husat\u00edti a\u00f0 velli Saf, sem var einn af sonum Rafas.<a name=\"19\"><span class=\"versanumer\">19<\/span><\/a>Og enn var bardagi \u00ed Gob vi\u00f0 Filistea, \u00fe\u00e1 felldi Elhanan sonur Jaare-Orgims, Betlehem\u00edti, Gol\u00edat Gat\u00edta, en spj\u00f3tkast hans var sem vefjarrifur.<br \/><a name=\"20\"><span class=\"versanumer\">20<\/span><\/a>En \u00fe\u00e1 st\u00f3\u00f0 bardagi hj\u00e1 Gat, \u00fear var h\u00e1r ma\u00f0ur, sem haf\u00f0i 6 fingur \u00e1 hv\u00f6rri h\u00f6nd, og 6 t\u00e6r \u00e1 hv\u00f6rjum f\u00e6ti, 24 a\u00f0 t\u00f6lu, og hann var l\u00edka af Rafassonum;<a name=\"21\"><span class=\"versanumer\">21<\/span><\/a>og hann f\u00e6r\u00f0i a\u00f0 \u00cdsrael\u00edtum, en J\u00f3natan sonur Simea <span class='VideyAth'>c)<\/span>, br\u00f3\u00f0ur Dav\u00ed\u00f0s, lag\u00f0i hann a\u00f0 velli.<a name=\"22\"><span class=\"versanumer\">22<\/span><\/a>\u00deessir fj\u00f3rir voru f\u00e6ddir \u00ed Rafa \u00ed Gat, og \u00feeir f\u00e9llu fyrir h\u00f6nd Dav\u00ed\u00f0s og fyrir h\u00f6nd hans manna.<\/p>\n<div class=\"footnoteVidey\">V. 18. \u00de. e. hv\u00f6rt erindi J\u00f3abs v\u00e6ri, og hv\u00f6rt borgarmenn vildu framselja Seba.  V. 22. a. Kap. 2,28. 18,16.  V. 3. Drottins eign: Gy\u00f0ingaland.  V. 5. \u00cd s\u00f6gu S\u00e1ls er \u00feessa ekki geti\u00f0.  V. 8. \u00cd textanum stendur Mikol, en sj\u00e1 1 Sam. 18,19. samt 2 Sam. 6,23.  V. 12. a. 1 Sam. 31,12.  V. 13. b. Sbr. v. 9.  V. 18. 1 Kron. 20,4. 27,11.  V. 19. Sbr. 1 Kron. 20,5.  V. 20. Sbr. 1 Kron. 20,6.  V. 21. c. 1 Sam. 16,9.<\/div>\n","protected":false},"excerpt":{"rendered":"<p>\u00deriggja \u00e1ra hall\u00e6ri. Sigur yfir Filisteum. 1Og \u00fear var hall\u00e6ri \u00e1 d\u00f6gum Dav\u00ed\u00f0s \u00ed \u00ferj\u00fa \u00e1r \u00ed samfellu, og Dav\u00ed\u00f0 leita\u00f0i Drottins andlitis, og Drottinn sag\u00f0i: \u00fea\u00f0 er s\u00f6kum S\u00e1ls, og s\u00f6kum bl\u00f3\u00f0skuldar h\u00fassins, af \u00fev\u00ed hann deyddi G\u00edbeon\u00edtana.2\u00de\u00e1 kalla\u00f0i konungur G\u00edbeon\u00edtana og m\u00e6lti til \u00feeirra: (en G\u00edbeon\u00edtar eru ekki af \u00cdsraelssonum (J\u00f3s. 9,15\u201319) heldur leifar af Amor\u00edtum, og \u00cdsraelssynir h\u00f6f\u00f0u svari\u00f0 \u00feeim ei\u00f0a, en S\u00e1l leita\u00f0ist vi\u00f0 a\u00f0 tort\u00edna \u00feeim af vandl\u00e6tingasemi vegna \u00cdsraels og J\u00fadabarna).3Og Dav\u00ed\u00f0 m\u00e6lti vi\u00f0 G\u00edbeon\u00edtana: hva\u00f0 skal eg gj\u00f6ra fyrir y\u00f0ur? og hvar me\u00f0 skal eg forl\u00edka, a\u00f0 \u00fe\u00e9r blessi\u00f0 Drottins eign?4Og G\u00edbeon\u00edtar s\u00f6g\u00f0u <a href=\"https:\/\/biblian.is\/videy\/sidari-samuelsbok-21-kafli\/\"> [&#8230;]<\/a><\/p>\n","protected":false},"author":1,"featured_media":0,"parent":0,"menu_order":0,"comment_status":"open","ping_status":"open","template":"bibliukaflar.php","meta":{"footnotes":""},"class_list":["post-21137","page","type-page","status-publish","hentry"],"_links":{"self":[{"href":"https:\/\/biblian.is\/videy\/wp-json\/wp\/v2\/pages\/21137","targetHints":{"allow":["GET"]}}],"collection":[{"href":"https:\/\/biblian.is\/videy\/wp-json\/wp\/v2\/pages"}],"about":[{"href":"https:\/\/biblian.is\/videy\/wp-json\/wp\/v2\/types\/page"}],"author":[{"embeddable":true,"href":"https:\/\/biblian.is\/videy\/wp-json\/wp\/v2\/users\/1"}],"replies":[{"embeddable":true,"href":"https:\/\/biblian.is\/videy\/wp-json\/wp\/v2\/comments?post=21137"}],"version-history":[{"count":0,"href":"https:\/\/biblian.is\/videy\/wp-json\/wp\/v2\/pages\/21137\/revisions"}],"wp:attachment":[{"href":"https:\/\/biblian.is\/videy\/wp-json\/wp\/v2\/media?parent=21137"}],"curies":[{"name":"wp","href":"https:\/\/api.w.org\/{rel}","templated":true}]}}