{"id":21131,"date":"2018-01-02T01:00:30","date_gmt":"2018-01-02T01:00:30","guid":{"rendered":"http:\/\/biblian.is\/videy\/sidari-samuelsbok-15-kafli\/"},"modified":"2018-01-02T01:00:30","modified_gmt":"2018-01-02T01:00:30","slug":"sidari-samuelsbok-15-kafli","status":"publish","type":"page","link":"https:\/\/biblian.is\/videy\/sidari-samuelsbok-15-kafli\/","title":{"rendered":"S\u00ed\u00f0ari Sam\u00faelsb\u00f3k 15. kafli"},"content":{"rendered":"<div class=\"fyrirsognVidey\">Absalons uppreisn. Dav\u00ed\u00f0s fl\u00f3tti.<\/div>\n<p><a name=\"1\"><span class=\"versanumer\">1<\/span><\/a>Eftir \u00feetta ske\u00f0i \u00fea\u00f0 a\u00f0 Absalon \u00fatvega\u00f0i s\u00e9r vagna og hesta og 50 menn sem fyrir honum hlupu <span class='VideyAth'>b)<\/span>.<a name=\"2\"><span class=\"versanumer\">2<\/span><\/a>Og Absalon var \u00e1rla \u00e1 f\u00f3tum og gekk \u00e1 veginn sem l\u00e1 inn a\u00f0 borgarhli\u00f0inu; og hv\u00f6rn \u00feann mann sem m\u00e1l haf\u00f0i a\u00f0 k\u00e6ra fyrir k\u00f3ngi, \u00feann hinn sama kalla\u00f0i Absalon til s\u00edn, og sag\u00f0i vi\u00f0 hann: fr\u00e1 hva\u00f0a sta\u00f0 ert \u00fe\u00fa? og seg\u00f0i ma\u00f0urinn: \u00feinn \u00fej\u00f3n er af einni \u00cdsraels \u00e6ttkv\u00edsl,<a name=\"3\"><span class=\"versanumer\">3<\/span><\/a>\u00fe\u00e1 t\u00f3k Absalon \u00feannig til or\u00f0a vi\u00f0 hann: \u00feitt m\u00e1lefni er r\u00e9tt og hreint, en enginn er settur af k\u00f3nginum sem hans vegna l\u00edti \u00e1 \u00fe\u00edna s\u00f6k.<a name=\"4\"><span class=\"versanumer\">4<\/span><\/a>Og Absalon m\u00e6lti: eg vildi \u00f3ska a\u00f0 eg v\u00e6ri settur d\u00f3mari \u00ed landinu, svo hv\u00f6r ma\u00f0ur, sem hef\u00f0i miskl\u00ed\u00f0, e\u00f0a m\u00e1l a\u00f0 s\u00e6kja, g\u00e6ti komi\u00f0 til m\u00edn, \u00fe\u00e1 skyldi eg hj\u00e1lpa honum til a\u00f0 n\u00e1 r\u00e9tti s\u00ednum!<a name=\"5\"><span class=\"versanumer\">5<\/span><\/a>Og \u00feegar einhv\u00f6r n\u00e1l\u00e6g\u00f0i sig honum, til a\u00f0 l\u00fata honum, r\u00e9tti hann fram h\u00f6ndina, og greip til hans og kyssti hann.<a name=\"6\"><span class=\"versanumer\">6<\/span><\/a>\u00deannig breytti Absalon vi\u00f0 alla \u00cdsraelsmenn, sem \u00ed m\u00e1lum s\u00ednum komu fyrir konunginn. Og Absalon stal hj\u00f6rtum \u00cdsraelsmanna <span class='VideyAth'>a)<\/span>. <br \/><a name=\"7\"><span class=\"versanumer\">7<\/span><\/a>Og \u00fea\u00f0 ske\u00f0i eftir 40 \u00e1r <span class='VideyAth'>b)<\/span>, a\u00f0 Absalon kom a\u00f0 m\u00e1li vi\u00f0 konunginn, og sag\u00f0i: leyf \u00fe\u00fa m\u00e9r a\u00f0 fara til a\u00f0 leysa heit \u00ed Hebron sem eg hefi gj\u00f6rt Drottni.<a name=\"8\"><span class=\"versanumer\">8<\/span><\/a>\u00dev\u00ed heit hefir \u00fej\u00f3n \u00feinn unni\u00f0 <span class='VideyAth'>c)<\/span>, \u00fe\u00e1 eg var \u00ed Gesur \u00e1 S\u00fdrlandi, \u00fev\u00ed eg sag\u00f0i: l\u00e1ti Drottinn mig aftur komast til Jer\u00fasalem, svo vil eg \u00fej\u00f3na Drottni.<a name=\"9\"><span class=\"versanumer\">9<\/span><\/a>Og konungurinn sag\u00f0i til hans: far \u00fe\u00fa \u00ed fri\u00f0i <span class='VideyAth'>d)<\/span>! og svo t\u00f3k hann sig til og f\u00f3r til Hebron.<a name=\"10\"><span class=\"versanumer\">10<\/span><\/a>Og Absalon sendi nj\u00f3snarmenn til allra \u00cdsraels \u00e6ttkv\u00edsla og sag\u00f0i: \u00feegar \u00fe\u00e9r heyri\u00f0 hlj\u00f3m b\u00e1s\u00fanunnar, \u00fe\u00e1 segi\u00f0: Absalon er or\u00f0inn k\u00f3ngur \u00ed Hebron.<a name=\"11\"><span class=\"versanumer\">11<\/span><\/a>Og me\u00f0 Absalon f\u00f3ru 2 hundru\u00f0 manns \u00far Jer\u00fasalem, \u00feeim var bo\u00f0i\u00f0 og f\u00f3ru \u00ed grandleysi s\u00ednu, og \u00feeir vissu ekki hva\u00f0 undirbj\u00f3.<a name=\"12\"><span class=\"versanumer\">12<\/span><\/a>Og Absalon sendi og l\u00e9t kalla Gilon\u00edtann Ak\u00edtofel <span class='VideyAth'>e)<\/span>, r\u00e1\u00f0gjafa Dav\u00ed\u00f0s, \u00far hans sta\u00f0, Silo, \u00fe\u00e1 hann var a\u00f0 f\u00f3rnf\u00e6ringu. Og sambl\u00e1sturinn var\u00f0 mikill, og a\u00f0 Absaloni dr\u00f3st mikill li\u00f0safli. <br \/><a name=\"13\"><span class=\"versanumer\">13<\/span><\/a>\u00de\u00e1 kom ma\u00f0ur nokkur til Dav\u00ed\u00f0s og m\u00e6lti: hjarta \u00cdsraelsmanna hneigist n\u00fa a\u00f0 Absalon.<a name=\"14\"><span class=\"versanumer\">14<\/span><\/a>\u00de\u00e1 m\u00e6lti Dav\u00ed\u00f0 vi\u00f0 alla s\u00edna \u00fe\u00e9nara sem hj\u00e1 honum voru \u00ed Jer\u00fasalem: t\u00f6kum oss upp og fl\u00fdjum! \u00fev\u00ed ekki mun Absalon gefa oss gri\u00f0. Hra\u00f0i\u00f0 y\u00f0ur a\u00f0 fl\u00fdja, a\u00f0 hann ekki sviplega n\u00e1i oss, og lei\u00f0i yfir oss \u00f3lukku, og sl\u00e1i sta\u00f0inn me\u00f0 sver\u00f0seggjum!<a name=\"15\"><span class=\"versanumer\">15<\/span><\/a>Og k\u00f3ngsins \u00fe\u00e9narar s\u00f6g\u00f0u til k\u00f3ngsins: hva\u00f0 sem helst minn herra k\u00f3ngurinn velur, \u00fe\u00e1 sj\u00e1! v\u00e9r erum \u00fe\u00ednir \u00fej\u00f3nar.<a name=\"16\"><span class=\"versanumer\">16<\/span><\/a>\u00de\u00e1 lag\u00f0i k\u00f3ngur af sta\u00f0, og allt hans h\u00fas me\u00f0 honum, og konungurinn l\u00e9t eftir ver\u00f0a 10 hj\u00e1konur s\u00ednar <span class='VideyAth'>f)<\/span> til a\u00f0 g\u00e6ta herbergjanna.<a name=\"17\"><span class=\"versanumer\">17<\/span><\/a>Svo lag\u00f0i k\u00f3ngur af sta\u00f0 og allt \u00fea\u00f0 f\u00f3lk sem honum fylgdi, og nam sta\u00f0ar hj\u00e1 Bet-Merhak.<a name=\"18\"><span class=\"versanumer\">18<\/span><\/a>Og allir hans \u00fe\u00e9narar gengu me\u00f0 honum og \u00f6ll hir\u00f0in, og allir Gat\u00edtarnir, 6 hundru\u00f0 manns, sem komi\u00f0 h\u00f6f\u00f0u me\u00f0 honum fr\u00e1 Gat, \u00feeir gengu me\u00f0 konunginum.<br \/><a name=\"19\"><span class=\"versanumer\">19<\/span><\/a>\u00de\u00e1 sag\u00f0i Dav\u00ed\u00f0 vi\u00f0 Ita\u00ed, Gat\u00edtann <span class='VideyAth'>g)<\/span>: hvar fyrir vilt \u00fe\u00fa og me\u00f0 oss fara? sn\u00fa \u00fe\u00fa aftur, og vert\u00fa hj\u00e1 konunginum! \u00fev\u00ed \u00fatlendur ma\u00f0ur ert \u00fe\u00fa, og \u00e1 gamlar st\u00f6\u00f0var fer \u00fe\u00fa aftur.<a name=\"20\"><span class=\"versanumer\">20<\/span><\/a>\u00cd g\u00e6r komstu og \u00ed dag skyldi eg hafa \u00feig me\u00f0 \u00e1 \u00feessum fl\u00f3tta? Eg fer eitthva\u00f0 sem f\u00e6tur toga. Sn\u00fa \u00fe\u00fa aftur og taktu me\u00f0 \u00fe\u00e9r br\u00e6\u00f0ur \u00fe\u00edna me\u00f0 elskusemi og trygg\u00f0.<a name=\"21\"><span class=\"versanumer\">21<\/span><\/a>En \u00cdta\u00ed svara\u00f0i konunginum og m\u00e6lti: svo sannarlega sem Drottinn lifir, og minn herra konungurinn lifir! \u00e1 hv\u00f6rjum sta\u00f0 sem minn herra konungurinn ver\u00f0ur, \u00fea\u00f0 s\u00e9 til dau\u00f0a, \u00fea\u00f0 s\u00e9 til l\u00edfs, \u00e1 \u00feeim sama sta\u00f0 mun \u00feinn \u00fej\u00f3n vera <span class='VideyAth'>h)<\/span>.<a name=\"22\"><span class=\"versanumer\">22<\/span><\/a>Og Dav\u00ed\u00f0 sag\u00f0i til Ita\u00ed: kom \u00fe\u00fa \u00fe\u00e1 me\u00f0 og far \u00fe\u00fa \u00e1 undan! Og svo f\u00f3r Gat\u00edtinn \u00cdta\u00ed og allir hans menn \u00e1 undan, og \u00f6ll b\u00f6rnin sem me\u00f0 honum voru.<a name=\"23\"><span class=\"versanumer\">23<\/span><\/a>En allt landi\u00f0 gr\u00e9t h\u00e1st\u00f6fum, \u00feegar allt f\u00f3lki\u00f0 f\u00f3r \u00e1fram, og k\u00f3ngurinn gekk yfir l\u00e6kinn Kedron; og allt f\u00f3lki\u00f0 h\u00e9lt \u00e1 fram veginn til \u00f3bygg\u00f0anna.<a name=\"24\"><span class=\"versanumer\">24<\/span><\/a>Og sj\u00e1! \u00fear var og Sadok <span class='VideyAth'>a)<\/span> og allir Lev\u00edtarnir me\u00f0 honum og b\u00e1ru Gu\u00f0s l\u00f6gm\u00e1ls \u00f6rk, og \u00feeir settu ni\u00f0ur Gu\u00f0s \u00f6rk; og Ab\u00edatar sta\u00f0n\u00e6mdist \u00fear <span class='VideyAth'>b)<\/span>, \u00feanga\u00f0 til allt f\u00f3lki\u00f0 var komi\u00f0 burt \u00far sta\u00f0num.<br \/><a name=\"25\"><span class=\"versanumer\">25<\/span><\/a>En k\u00f3ngurinn sag\u00f0i vi\u00f0 Sadok: far \u00fe\u00fa me\u00f0 Gu\u00f0s \u00f6rk aftur inn \u00ed sta\u00f0inn! finni eg n\u00e1\u00f0 \u00ed augum Drottins, mun hann lei\u00f0a mig heim aftur, og l\u00e1ta mig sj\u00e1 hana og sinn b\u00fasta\u00f0.<a name=\"26\"><span class=\"versanumer\">26<\/span><\/a>En ef hann segir svo: eg hefi ekki \u00fe\u00f3knan \u00e1 \u00fe\u00e9r\u2014sj\u00e1! h\u00e9r em eg\u2014gj\u00f6ri hann vi\u00f0 mig sem honum gott \u00feykir <span class='VideyAth'>c)<\/span>.<a name=\"27\"><span class=\"versanumer\">27<\/span><\/a>Og k\u00f3ngurinn sag\u00f0i vi\u00f0 prestinn Sadok: ert \u00fe\u00fa ekki sj\u00e1andi <span class='VideyAth'>d)<\/span> far \u00fe\u00fa til sta\u00f0arins \u00ed fri\u00f0i og Ak\u00edmas son \u00feinn, og J\u00f3natan sonur Ab\u00edatars <span class='VideyAth'>c)<\/span> ykkar b\u00e1\u00f0ir synir me\u00f0 ykkur.<a name=\"28\"><span class=\"versanumer\">28<\/span><\/a>Sj\u00e1i\u00f0! eg vil hafast vi\u00f0 \u00e1 sl\u00e9ttlendinu \u00ed \u00f3bygg\u00f0inni, \u00feanga\u00f0 til eg f\u00e6 eitthva\u00f0 t\u00ed\u00f0inda, sem \u00fei\u00f0 l\u00e1ti\u00f0 til m\u00edn komast.<br \/><a name=\"29\"><span class=\"versanumer\">29<\/span><\/a>Og svo fluttu \u00feeir Sadok og Ab\u00edatar Gu\u00f0s \u00f6rk aftur til Jer\u00fasalem, og voru \u00fear.<a name=\"30\"><span class=\"versanumer\">30<\/span><\/a>En Dav\u00ed\u00f0 f\u00f3r upp Vi\u00f0smj\u00f6rsvi\u00f0arfjalli\u00f0 og gekk gr\u00e1tandi me\u00f0 huldu h\u00f6f\u00f0i, og berf\u00e6ttur, og allt f\u00f3lki\u00f0 sem me\u00f0 honum var, hv\u00f6r og einn huldi l\u00edka h\u00f6fu\u00f0 sitt, og gekk gr\u00e1tandi.<a name=\"31\"><span class=\"versanumer\">31<\/span><\/a>Og menn s\u00f6g\u00f0u Dav\u00ed\u00f0 \u00feessi t\u00ed\u00f0indi: Ak\u00edt\u00f3fel er me\u00f0al \u00feeirra sem samsvarist hafa me\u00f0 Absalon. \u00de\u00e1 m\u00e6lti Dav\u00ed\u00f0: Drottinn gj\u00f6r \u00fe\u00fa Ak\u00edt\u00f3fels r\u00e1\u00f0 a\u00f0 heimsku!<a name=\"32\"><span class=\"versanumer\">32<\/span><\/a>En sem Dav\u00ed\u00f0 kom upp \u00e1 h\u00e6\u00f0ina, \u00fear sem menn voru vanir a\u00f0 tilbi\u00f0ja Gu\u00f0, sj\u00e1! \u00fe\u00e1 m\u00e6tti honum Ark\u00edtinn H\u00fasa\u00ed, \u00ed rifnum kl\u00e6\u00f0um, og me\u00f0 mold yfir s\u00ednu h\u00f6f\u00f0i.<a name=\"33\"><span class=\"versanumer\">33<\/span><\/a>Og Dav\u00ed\u00f0 sag\u00f0i vi\u00f0 hann: farir \u00fe\u00fa me\u00f0 m\u00e9r, ver\u00f0ur \u00fe\u00fa m\u00e9r til tafar.<a name=\"34\"><span class=\"versanumer\">34<\/span><\/a>En ef \u00fe\u00fa fer til sta\u00f0arins og segir vi\u00f0 Absalon: \u00feinn \u00fej\u00f3n, \u00f3 konungur! vil eg vera, \u00fej\u00f3n f\u00f6\u00f0ur \u00fe\u00edns var eg fyrir skemmstu, en n\u00fa er eg \u00feinn \u00fej\u00f3n; svo munt \u00fe\u00fa gj\u00f6ra Ak\u00edt\u00f3fels r\u00e1\u00f0 a\u00f0 engu m\u00e9r \u00ed hag.<a name=\"35\"><span class=\"versanumer\">35<\/span><\/a>Og eru ekki hj\u00e1 \u00fe\u00e9r \u00fear prestarnir Sadok og Ab\u00edatar; og l\u00e1ttu n\u00fa sj\u00e1, allt sem \u00fe\u00fa heyrir \u00ed k\u00f3ngsins h\u00fasi, \u00fea\u00f0 l\u00e1ttu \u00fe\u00e1 prestana Sadok og Ab\u00edatar vita.<a name=\"36\"><span class=\"versanumer\">36<\/span><\/a>Sj\u00e1! hj\u00e1 \u00feeim eru b\u00e1\u00f0ir synir \u00feeirra, Ak\u00edmas sonur Sadoks og J\u00f3natan sonur Ab\u00edatars. L\u00e1ti\u00f0 \u00fe\u00e1 f\u00e6ra m\u00e9r \u00f6ll \u00feau t\u00ed\u00f0indi sem \u00fei\u00f0 f\u00e1i\u00f0.<a name=\"37\"><span class=\"versanumer\">37<\/span><\/a>Svo kom H\u00fasa\u00ed vinur Dav\u00ed\u00f0s \u00ed sta\u00f0inn, um \u00fea\u00f0 leyti sem Absalon kom til Jer\u00fasalem.<\/p>\n<div class=\"footnoteVidey\">V. 1. b. 1 K\u00f3ng. 1,5.  V. 6. a. Gen. 31,20.  V. 7. b. Fr\u00e1 \u00fev\u00ed Dav\u00ed\u00f0 var smur\u00f0ur til k\u00f3ngs.  V. 8. c. Gen. 28,20.  V. 9. d. 1 Sam. 20,42.  V. 12. e. Kap. 23,34.  V. 16. f. Kap. 16,21.  V. 19. g. Kap. 18,2.  V. 21. h. Rut. 1,16.  V. 24. a. 1 Kron. 12,28. b. Sta\u00f0n\u00e6mdist \u00fear nefn. hvar \u00f6rkin st\u00f3\u00f0. A\u00f0rir leggja \u00fat: offra\u00f0i brennif\u00f3rnum.  V. 26. c. Kap. 10,12. 1 Sam. 3,18. 1 Makk. 3,60.  V. 27. d. Sj\u00e1andi, s\u00e1 sem hefir g\u00e1fu til a\u00f0 vita hi\u00f0 \u00f3komna. 1 Sam. 9,9. e. 1 K\u00f3ng. 1,42.<\/div>\n","protected":false},"excerpt":{"rendered":"<p>Absalons uppreisn. Dav\u00ed\u00f0s fl\u00f3tti. 1Eftir \u00feetta ske\u00f0i \u00fea\u00f0 a\u00f0 Absalon \u00fatvega\u00f0i s\u00e9r vagna og hesta og 50 menn sem fyrir honum hlupu b).2Og Absalon var \u00e1rla \u00e1 f\u00f3tum og gekk \u00e1 veginn sem l\u00e1 inn a\u00f0 borgarhli\u00f0inu; og hv\u00f6rn \u00feann mann sem m\u00e1l haf\u00f0i a\u00f0 k\u00e6ra fyrir k\u00f3ngi, \u00feann hinn sama kalla\u00f0i Absalon til s\u00edn, og sag\u00f0i vi\u00f0 hann: fr\u00e1 hva\u00f0a sta\u00f0 ert \u00fe\u00fa? og seg\u00f0i ma\u00f0urinn: \u00feinn \u00fej\u00f3n er af einni \u00cdsraels \u00e6ttkv\u00edsl,3\u00fe\u00e1 t\u00f3k Absalon \u00feannig til or\u00f0a vi\u00f0 hann: \u00feitt m\u00e1lefni er r\u00e9tt og hreint, en enginn er settur af k\u00f3nginum sem hans vegna l\u00edti \u00e1 \u00fe\u00edna s\u00f6k.4Og <a href=\"https:\/\/biblian.is\/videy\/sidari-samuelsbok-15-kafli\/\"> [&#8230;]<\/a><\/p>\n","protected":false},"author":1,"featured_media":0,"parent":0,"menu_order":0,"comment_status":"open","ping_status":"open","template":"bibliukaflar.php","meta":{"footnotes":""},"class_list":["post-21131","page","type-page","status-publish","hentry"],"_links":{"self":[{"href":"https:\/\/biblian.is\/videy\/wp-json\/wp\/v2\/pages\/21131","targetHints":{"allow":["GET"]}}],"collection":[{"href":"https:\/\/biblian.is\/videy\/wp-json\/wp\/v2\/pages"}],"about":[{"href":"https:\/\/biblian.is\/videy\/wp-json\/wp\/v2\/types\/page"}],"author":[{"embeddable":true,"href":"https:\/\/biblian.is\/videy\/wp-json\/wp\/v2\/users\/1"}],"replies":[{"embeddable":true,"href":"https:\/\/biblian.is\/videy\/wp-json\/wp\/v2\/comments?post=21131"}],"version-history":[{"count":0,"href":"https:\/\/biblian.is\/videy\/wp-json\/wp\/v2\/pages\/21131\/revisions"}],"wp:attachment":[{"href":"https:\/\/biblian.is\/videy\/wp-json\/wp\/v2\/media?parent=21131"}],"curies":[{"name":"wp","href":"https:\/\/api.w.org\/{rel}","templated":true}]}}