{"id":21122,"date":"2018-01-02T01:00:25","date_gmt":"2018-01-02T01:00:25","guid":{"rendered":"http:\/\/biblian.is\/videy\/sidari-samuelsbok-6-kafli\/"},"modified":"2018-01-02T01:00:25","modified_gmt":"2018-01-02T01:00:25","slug":"sidari-samuelsbok-6-kafli","status":"publish","type":"page","link":"https:\/\/biblian.is\/videy\/sidari-samuelsbok-6-kafli\/","title":{"rendered":"S\u00ed\u00f0ari Sam\u00faelsb\u00f3k 6. kafli"},"content":{"rendered":"<div class=\"fyrirsognVidey\">S\u00e1ttm\u00e1ls\u00f6rkin er flutt til Jer\u00fasalem.<\/div>\n<p><a name=\"1\"><span class=\"versanumer\">1<\/span><\/a>Og Dav\u00ed\u00f0 safna\u00f0i \u00ed anna\u00f0 sinn einvalali\u00f0i af \u00cdsrael, 30 \u00fe\u00fasundum manns.<a name=\"2\"><span class=\"versanumer\">2<\/span><\/a>Og hann t\u00f3k sig upp og lag\u00f0i af sta\u00f0, Dav\u00ed\u00f0 og allt f\u00f3lki\u00f0, sem hj\u00e1 honum var, \u00far J\u00fada borgum, til a\u00f0 flytja Gu\u00f0s \u00f6rk \u00fea\u00f0an <span class='VideyAth'>(sem h\u00fan var)<\/span> fyrir hv\u00f6rri \u00fathr\u00f3pa\u00f0 er nafni\u00f0, Allsherjar Drottins nafn, hans sem situr \u00ed h\u00e1s\u00e6ti yfir ker\u00fabim.<a name=\"3\"><span class=\"versanumer\">3<\/span><\/a>Og \u00feeir fluttu Gu\u00f0s \u00f6rk \u00e1 n\u00fdjum vagni, og t\u00f3ku hana \u00far h\u00fasi Ab\u00ednadabs, sem var \u00ed G\u00edbea <span class='VideyAth'>b)<\/span>, en Usa og Ahio synir Ab\u00ednadabs, \u00f3ku \u00feeim n\u00fdja vagni.<a name=\"4\"><span class=\"versanumer\">4<\/span><\/a>\u00deeir t\u00f3ku hana \u00far Ab\u00ednadabs h\u00fasi, sem var \u00ed G\u00edbea, og Usa gekk me\u00f0 Gu\u00f0s \u00f6rk, en Ahi gekk \u00e1 undan \u00f6rkinni.<a name=\"5\"><span class=\"versanumer\">5<\/span><\/a>Og Dav\u00ed\u00f0 og allt \u00cdsraels h\u00fas l\u00e9k fyrir Drottni me\u00f0 allra handa hlj\u00f3\u00f0f\u00e6rum \u00far k\u00fdprusvi\u00f0, me\u00f0 h\u00f6rpum, hlj\u00f3\u00f0p\u00edpum, trumbum, bj\u00f6llum og b\u00e1s\u00fanum <span class='VideyAth'>(kymbelum)<\/span>.<a name=\"6\"><span class=\"versanumer\">6<\/span><\/a>Og sem \u00feeir komu til hl\u00f6\u00f0u Nakons, r\u00e9tti Usa s\u00edna h\u00f6nd \u00fat og greip til Gu\u00f0s arkar, \u00fev\u00ed akneytin h\u00f6f\u00f0u sn\u00fai\u00f0 af lei\u00f0.<a name=\"7\"><span class=\"versanumer\">7<\/span><\/a>\u00de\u00e1 upptendra\u00f0ist rei\u00f0i Drottins gegn Usa, og Drottinn sl\u00f3 hann \u00e1 \u00feeim sama sta\u00f0, sakir \u00feessarar syndar, og hann d\u00f3 \u00fear hj\u00e1 Gu\u00f0s \u00f6rk <span class='VideyAth'>c)<\/span>.<a name=\"8\"><span class=\"versanumer\">8<\/span><\/a>\u00de\u00e1 var\u00f0 Dav\u00ed\u00f0 hryggur af \u00fev\u00ed a\u00f0 Drottinn haf\u00f0i deytt Usa, og hann kalla\u00f0i \u00feann sama sta\u00f0 Peres-Usa <span class='VideyAth'>(Usufall)<\/span>, <span class='VideyAth'>(svo heitir s\u00e1 sta\u00f0ur)<\/span> allt til \u00feessa dags.<a name=\"9\"><span class=\"versanumer\">9<\/span><\/a>Og Dav\u00ed\u00f0 var\u00f0 hr\u00e6ddur vi\u00f0 Drottin \u00e1 \u00feeim sama degi, og m\u00e6lti: hv\u00f6rnig skal \u00f6rk Gu\u00f0s komast til m\u00edn?<a name=\"10\"><span class=\"versanumer\">10<\/span><\/a>Og Dav\u00ed\u00f0 vildi ei flytja Drottins \u00f6rk til s\u00edn \u00ed Dav\u00ed\u00f0s borg <span class='VideyAth'>d)<\/span>, heldur l\u00e9t hana \u00ed h\u00fas \u00d3be\u00f0-Edoms Gat\u00edta.<a name=\"11\"><span class=\"versanumer\">11<\/span><\/a>Og svo var Drottins \u00f6rk \u00ed h\u00fasi \u00d3be\u00f0-Edoms, Gat\u00edtans \u00ed 3 m\u00e1nu\u00f0i. Og Drottinn blessa\u00f0i \u00d3be\u00f0-Edom og allt hans h\u00fas. <br \/><a name=\"12\"><span class=\"versanumer\">12<\/span><\/a>Og Dav\u00ed\u00f0 komu \u00feau t\u00ed\u00f0indi, a\u00f0 menn s\u00f6g\u00f0u: Drottinn hefir blessa\u00f0 \u00d3be\u00f0-Edoms h\u00fas, og allt hva\u00f0 hans er, sakir Gu\u00f0s arkar. \u00de\u00e1 lag\u00f0i Dav\u00ed\u00f0 af sta\u00f0, og s\u00f3tti Gu\u00f0s \u00f6rk \u00ed h\u00fas \u00d3be\u00f0-Edoms, og flutti \u00ed Dav\u00ed\u00f0s borg me\u00f0 f\u00f6gnu\u00f0i.<a name=\"13\"><span class=\"versanumer\">13<\/span><\/a>Og \u00fea\u00f0 ske\u00f0i, \u00fe\u00e1 \u00feeir sem b\u00e1ru \u00f6rkina, voru komnir 6 skref, offra\u00f0i hann nauti og alik\u00e1lfi.<a name=\"14\"><span class=\"versanumer\">14<\/span><\/a>Og Dav\u00ed\u00f0 dansa\u00f0i af \u00f6llum m\u00e6tti fyrir Drottni, og hann var girtur l\u00ednh\u00f6kli <span class='VideyAth'>(l\u00ednkyrtli)<\/span>.<a name=\"15\"><span class=\"versanumer\">15<\/span><\/a>Og Dav\u00ed\u00f0 og allt \u00cdsraels h\u00fas flutti \u00f6rk Drottins me\u00f0 gle\u00f0i\u00f3pi og b\u00e1s\u00fanuhlj\u00f3mi.<a name=\"16\"><span class=\"versanumer\">16<\/span><\/a>En \u00fea\u00f0 ske\u00f0i, \u00fe\u00e1 \u00f6rk Drottins kom \u00ed Dav\u00ed\u00f0sborg, a\u00f0 Mikal, d\u00f3ttir S\u00e1ls, leit \u00fat um glugga, og s\u00e1 Dav\u00ed\u00f0 konung st\u00f6kkva og dansa fyrir Drottni, og h\u00fan fyrirleit hann \u00ed s\u00ednu hjarta.<a name=\"17\"><span class=\"versanumer\">17<\/span><\/a>Og \u00feeir fluttu \u00f6rk Drottins inn, og settu hana \u00ed \u00fea\u00f0 tjald sem Dav\u00ed\u00f0 haf\u00f0i l\u00e1ti\u00f0 uppsetja fyrir hana. Og Dav\u00ed\u00f0 offra\u00f0i Drottni brennif\u00f3rn og \u00feakkarf\u00f3rn.<a name=\"18\"><span class=\"versanumer\">18<\/span><\/a>Og sem Dav\u00ed\u00f0 haf\u00f0i loki\u00f0 vi\u00f0 brennif\u00f3rnina og \u00feakkarf\u00f3rnina <span class='VideyAth'>e)<\/span>, \u00fe\u00e1 blessa\u00f0i hann f\u00f3lki\u00f0 \u00ed nafni Drottins allsherjar.<a name=\"19\"><span class=\"versanumer\">19<\/span><\/a>Og hann \u00fathluta\u00f0i \u00f6llu f\u00f3lkinu, \u00f6llum m\u00faga \u00cdsraelsmanna, k\u00f6llum og konum, hv\u00f6rjum fyrir sig, brau\u00f0k\u00f6ku, kj\u00f6tstykki og m\u00e6lir v\u00edns, og allt f\u00f3lki\u00f0, hv\u00f6r ma\u00f0ur, f\u00f3r heim til s\u00edn.<br \/><a name=\"20\"><span class=\"versanumer\">20<\/span><\/a>En \u00fe\u00e1 Dav\u00ed\u00f0 kom heim til s\u00edn, a\u00f0 heilsa s\u00ednu h\u00fasi, gekk Mikal d\u00f3ttir S\u00e1ls \u00e1 m\u00f3ti honum og m\u00e6lti: vegsamlegur var \u00cdsraelskonungur \u00ed dag, \u00feegar hann afkl\u00e6ddist fyrir amb\u00e1ttum sinna \u00fej\u00f3na, eins og si\u00f0ur er \u00feeirra lausl\u00e1tu.<a name=\"21\"><span class=\"versanumer\">21<\/span><\/a>\u00de\u00e1 sag\u00f0i Dav\u00ed\u00f0 vi\u00f0 Mikal: fyrir Drottni, sem kaus mig \u00ed sta\u00f0 f\u00f6\u00f0ur \u00fe\u00edns og heldur en allt hans h\u00fas, til a\u00f0 setja mig h\u00f6f\u00f0ingja yfir Drottins f\u00f3lk yfir \u00cdsrael <span class='VideyAth'>a)<\/span>, fyrir Drottni hefi eg dansa\u00f0.<a name=\"22\"><span class=\"versanumer\">22<\/span><\/a>Og eg vil ver\u00f0a enn minna metinn en svo, og au\u00f0vir\u00f0ilegur vera \u00ed m\u00ednum augum; og me\u00f0 amb\u00e1ttunum sem \u00fe\u00fa tala\u00f0ir um, me\u00f0 \u00feeim vil eg gj\u00f6ra mig vegsamlegan.<a name=\"23\"><span class=\"versanumer\">23<\/span><\/a>En Mikal d\u00f3ttir S\u00e1ls, d\u00f3 svo, a\u00f0 h\u00fan \u00e1tti ekki b\u00f6rn.<\/p>\n<div class=\"footnoteVidey\">V. 3. b. 1 Sam. 7,1.  V. 6. 1 Kron. 13,9.  V. 7. c. N\u00fam. 4,15.  V. 10. d. Kap. 5,7.9.  V. 18. e. 1 Kron. 16,2.3. f. 1 K\u00f3ng. 8,55.  V. 21. a. 1 Sam. 25,30. 2 Sam. 7,8.<\/div>\n","protected":false},"excerpt":{"rendered":"<p>S\u00e1ttm\u00e1ls\u00f6rkin er flutt til Jer\u00fasalem. 1Og Dav\u00ed\u00f0 safna\u00f0i \u00ed anna\u00f0 sinn einvalali\u00f0i af \u00cdsrael, 30 \u00fe\u00fasundum manns.2Og hann t\u00f3k sig upp og lag\u00f0i af sta\u00f0, Dav\u00ed\u00f0 og allt f\u00f3lki\u00f0, sem hj\u00e1 honum var, \u00far J\u00fada borgum, til a\u00f0 flytja Gu\u00f0s \u00f6rk \u00fea\u00f0an (sem h\u00fan var) fyrir hv\u00f6rri \u00fathr\u00f3pa\u00f0 er nafni\u00f0, Allsherjar Drottins nafn, hans sem situr \u00ed h\u00e1s\u00e6ti yfir ker\u00fabim.3Og \u00feeir fluttu Gu\u00f0s \u00f6rk \u00e1 n\u00fdjum vagni, og t\u00f3ku hana \u00far h\u00fasi Ab\u00ednadabs, sem var \u00ed G\u00edbea b), en Usa og Ahio synir Ab\u00ednadabs, \u00f3ku \u00feeim n\u00fdja vagni.4\u00deeir t\u00f3ku hana \u00far Ab\u00ednadabs h\u00fasi, sem var \u00ed G\u00edbea, og Usa gekk <a href=\"https:\/\/biblian.is\/videy\/sidari-samuelsbok-6-kafli\/\"> [&#8230;]<\/a><\/p>\n","protected":false},"author":1,"featured_media":0,"parent":0,"menu_order":0,"comment_status":"open","ping_status":"open","template":"bibliukaflar.php","meta":{"footnotes":""},"class_list":["post-21122","page","type-page","status-publish","hentry"],"_links":{"self":[{"href":"https:\/\/biblian.is\/videy\/wp-json\/wp\/v2\/pages\/21122","targetHints":{"allow":["GET"]}}],"collection":[{"href":"https:\/\/biblian.is\/videy\/wp-json\/wp\/v2\/pages"}],"about":[{"href":"https:\/\/biblian.is\/videy\/wp-json\/wp\/v2\/types\/page"}],"author":[{"embeddable":true,"href":"https:\/\/biblian.is\/videy\/wp-json\/wp\/v2\/users\/1"}],"replies":[{"embeddable":true,"href":"https:\/\/biblian.is\/videy\/wp-json\/wp\/v2\/comments?post=21122"}],"version-history":[{"count":0,"href":"https:\/\/biblian.is\/videy\/wp-json\/wp\/v2\/pages\/21122\/revisions"}],"wp:attachment":[{"href":"https:\/\/biblian.is\/videy\/wp-json\/wp\/v2\/media?parent=21122"}],"curies":[{"name":"wp","href":"https:\/\/api.w.org\/{rel}","templated":true}]}}