{"id":21106,"date":"2018-01-02T01:00:19","date_gmt":"2018-01-02T01:00:19","guid":{"rendered":"http:\/\/biblian.is\/videy\/fyrri-samuelsbok-21-kafli\/"},"modified":"2018-01-02T01:00:19","modified_gmt":"2018-01-02T01:00:19","slug":"fyrri-samuelsbok-21-kafli","status":"publish","type":"page","link":"https:\/\/biblian.is\/videy\/fyrri-samuelsbok-21-kafli\/","title":{"rendered":"Fyrri Sam\u00faelsb\u00f3k 21. kafli"},"content":{"rendered":"<div class=\"fyrirsognVidey\">Dav\u00ed\u00f0 fl\u00fdr til Nobe og \u00fea\u00f0an til Akis k\u00f3ngs \u00ed Gat.<\/div>\n<p><a name=\"1\"><span class=\"versanumer\">1<\/span><\/a>Og Dav\u00ed\u00f0 kom til Nobe <span class='VideyAth'>a)<\/span>, til prestsins Ab\u00edmeleks, og Ab\u00edmelek gekk strax \u00e1 m\u00f3ti Dav\u00ed\u00f0, og m\u00e6lti: hvar fyrir ertu einsamall og enginn ma\u00f0ur me\u00f0 \u00fe\u00e9r?<a name=\"2\"><span class=\"versanumer\">2<\/span><\/a>Og Dav\u00ed\u00f0 sag\u00f0i til prestsins Ab\u00edmeleks: k\u00f3ngurinn hefir tr\u00faa\u00f0 m\u00e9r fyrir erindi nokkru og m\u00e6lti vi\u00f0 mig: enginn ma\u00f0ur m\u00e1 vita neitt af \u00feessu erindi vegna hv\u00f6rs eg sendi \u00feig, og sem eg hefi bo\u00f0i\u00f0 \u00fe\u00e9r; og sveinana l\u00e9t eg fr\u00e1 m\u00e9r \u00e1 \u00feeim sama sta\u00f0.<a name=\"3\"><span class=\"versanumer\">3<\/span><\/a>Og n\u00fa, hva\u00f0 er \u00fe\u00e9r fyrir hendi? gef\u00f0u m\u00e9r 5 brau\u00f0 e\u00f0a hva\u00f0 \u00fe\u00fa hefir.<a name=\"4\"><span class=\"versanumer\">4<\/span><\/a>Og presturinn svara\u00f0i Dav\u00ed\u00f0 og m\u00e6lti: h\u00e9r er ekkert almennilegt brau\u00f0 til, heldur \u00feau heil\u00f6gu brau\u00f0; hafi \u00fe\u00e9nararnir a\u00f0eins haldi\u00f0 s\u00e9r fr\u00e1 konum <span class='VideyAth'>b)<\/span>.<a name=\"5\"><span class=\"versanumer\">5<\/span><\/a>Og Dav\u00ed\u00f0 svara\u00f0i prestinum og sag\u00f0i til hans: kvenna er oss varna\u00f0 s\u00ed\u00f0an \u00ed g\u00e6r og fyrradag, a\u00f0 eg f\u00f3r af sta\u00f0, og ker \u00fe\u00e9naranna voru hrein <span class='VideyAth'>c)<\/span>, og n\u00fa eru \u00feau <span class='VideyAth'>(brau\u00f0in)<\/span> \u00e1 lei\u00f0 a\u00f0 ver\u00f0a almennileg, \u00fev\u00ed \u00ed dag \u00e1 a\u00f0 l\u00e1ta n\u00fd sko\u00f0unarbrau\u00f0 \u00e1 bor\u00f0i\u00f0 <span class='VideyAth'>d)<\/span>.<a name=\"6\"><span class=\"versanumer\">6<\/span><\/a>\u00de\u00e1 gaf presturinn honum \u00fea\u00f0 heilaga brau\u00f0, \u00fev\u00ed \u00fear var ekkert brau\u00f0 nema sko\u00f0unarbrau\u00f0 <span class='VideyAth'>e)<\/span>, sem menn t\u00f3ku fr\u00e1 Drottins augliti, til \u00feess a\u00f0 leggja \u00fear aftur volgt brau\u00f0, daginn sem hitt <span class='VideyAth'>(brau\u00f0i\u00f0)<\/span> var burt teki\u00f0.<a name=\"7\"><span class=\"versanumer\">7<\/span><\/a>En \u00fear var inni ma\u00f0ur nokkur sama dag af \u00fej\u00f3num S\u00e1ls frammi fyrir Drottni, a\u00f0 nafni Doeg, Edom\u00edti, umsj\u00f3narma\u00f0ur yfir S\u00e1ls hir\u00f0urum.<a name=\"8\"><span class=\"versanumer\">8<\/span><\/a>Og Dav\u00ed\u00f0 sag\u00f0i til Ab\u00edmeleks: er \u00fe\u00e9r ekki vi\u00f0 h\u00f6nd spj\u00f3t e\u00f0a sver\u00f0? \u00fev\u00ed hv\u00f6rki mitt sver\u00f0 n\u00e9 m\u00edn vopn hefi eg teki\u00f0 me\u00f0 m\u00e9r, \u00fev\u00ed k\u00f3ngserindi\u00f0 bar br\u00e1tt a\u00f0.<a name=\"9\"><span class=\"versanumer\">9<\/span><\/a>Og presturinn m\u00e6lti: sver\u00f0 Gol\u00edats Filisteans, sem \u00fe\u00fa felldir \u00ed Eikidalnum, sj\u00e1! \u00fea\u00f0 er sveipa\u00f0 d\u00fak, \u00e1 bak vi\u00f0 h\u00f6kulinn, viljir \u00fe\u00fa taka \u00fea\u00f0, svo taktu \u00fea\u00f0! \u00fev\u00ed h\u00e9r er ekkert anna\u00f0, en \u00fea\u00f0. Og Dav\u00ed\u00f0 m\u00e6lti: \u00feess maki er ekki til, f\u00e1\u00f0u m\u00e9r \u00fea\u00f0. <br \/><a name=\"10\"><span class=\"versanumer\">10<\/span><\/a>Svo t\u00f3k Dav\u00ed\u00f0 sig upp, og fl\u00fa\u00f0i \u00feann sama dag fyrir S\u00e1l, og kom til Akis k\u00f3ngs \u00ed Gat <span class='VideyAth'>f)<\/span>.<a name=\"11\"><span class=\"versanumer\">11<\/span><\/a>Og \u00fej\u00f3nar Akis t\u00f6lu\u00f0u um hann: er \u00feetta ekki Dav\u00ed\u00f0, landsins konungur? sungu \u00fe\u00e6r ekki <span class='VideyAth'>(konurnar)<\/span> um hann honum til vegs, segjandi: S\u00e1l felldi s\u00edna \u00fe\u00fasund og Dav\u00ed\u00f0 s\u00edn 10 \u00fe\u00fasund <span class='VideyAth'>g)<\/span>?<a name=\"12\"><span class=\"versanumer\">12<\/span><\/a>Og Dav\u00ed\u00f0 lag\u00f0i \u00feessi or\u00f0 upp \u00e1 sitt hjarta, og hr\u00e6ddist Akis k\u00f3nginn \u00ed Gat.<a name=\"13\"><span class=\"versanumer\">13<\/span><\/a>Og hann l\u00e9st vera vitskertur fyrir \u00feeirra augum og haga\u00f0i s\u00e9r \u00e1lfslega, rispa\u00f0i v\u00e6ngjahur\u00f0 hallardyranna og skyrpti \u00ed skeggi\u00f0.<a name=\"14\"><span class=\"versanumer\">14<\/span><\/a>\u00de\u00e1 m\u00e6lti Akis til sinna \u00fe\u00e9nara: sj\u00e1! \u00fear sj\u00e1i\u00f0 \u00fe\u00e9r mann sem hagar s\u00e9r sem vitfirringur; \u00fev\u00ed komi\u00f0 \u00fe\u00e9r me\u00f0 hann til m\u00edn?<a name=\"15\"><span class=\"versanumer\">15<\/span><\/a>Hefi eg ekki n\u00f3g af vitfirringum? a\u00f0 \u00fe\u00e9r komu\u00f0 me\u00f0 \u00feenna til a\u00f0 haga s\u00e9r afl\u00e6gislega? skal hann koma \u00ed mitt h\u00fas?<\/p>\n<div class=\"footnoteVidey\">V. 1. a. Neh. 11,32.  V. 4. b. Ex. 19,15.  V. 5. c. Lev. 11,32. fl. d. Ex. 37,17.  V. 6. e. Lev. 24,5. fl. Matth. 12,4. L\u00fac. 6,3.  V. 10. f. Kap. 27,2.  V. 11. g. Kap. 18,7. Sir. 47,8.<\/div>\n","protected":false},"excerpt":{"rendered":"<p>Dav\u00ed\u00f0 fl\u00fdr til Nobe og \u00fea\u00f0an til Akis k\u00f3ngs \u00ed Gat. 1Og Dav\u00ed\u00f0 kom til Nobe a), til prestsins Ab\u00edmeleks, og Ab\u00edmelek gekk strax \u00e1 m\u00f3ti Dav\u00ed\u00f0, og m\u00e6lti: hvar fyrir ertu einsamall og enginn ma\u00f0ur me\u00f0 \u00fe\u00e9r?2Og Dav\u00ed\u00f0 sag\u00f0i til prestsins Ab\u00edmeleks: k\u00f3ngurinn hefir tr\u00faa\u00f0 m\u00e9r fyrir erindi nokkru og m\u00e6lti vi\u00f0 mig: enginn ma\u00f0ur m\u00e1 vita neitt af \u00feessu erindi vegna hv\u00f6rs eg sendi \u00feig, og sem eg hefi bo\u00f0i\u00f0 \u00fe\u00e9r; og sveinana l\u00e9t eg fr\u00e1 m\u00e9r \u00e1 \u00feeim sama sta\u00f0.3Og n\u00fa, hva\u00f0 er \u00fe\u00e9r fyrir hendi? gef\u00f0u m\u00e9r 5 brau\u00f0 e\u00f0a hva\u00f0 \u00fe\u00fa hefir.4Og presturinn svara\u00f0i Dav\u00ed\u00f0 <a href=\"https:\/\/biblian.is\/videy\/fyrri-samuelsbok-21-kafli\/\"> [&#8230;]<\/a><\/p>\n","protected":false},"author":1,"featured_media":0,"parent":0,"menu_order":0,"comment_status":"open","ping_status":"open","template":"bibliukaflar.php","meta":{"footnotes":""},"class_list":["post-21106","page","type-page","status-publish","hentry"],"_links":{"self":[{"href":"https:\/\/biblian.is\/videy\/wp-json\/wp\/v2\/pages\/21106","targetHints":{"allow":["GET"]}}],"collection":[{"href":"https:\/\/biblian.is\/videy\/wp-json\/wp\/v2\/pages"}],"about":[{"href":"https:\/\/biblian.is\/videy\/wp-json\/wp\/v2\/types\/page"}],"author":[{"embeddable":true,"href":"https:\/\/biblian.is\/videy\/wp-json\/wp\/v2\/users\/1"}],"replies":[{"embeddable":true,"href":"https:\/\/biblian.is\/videy\/wp-json\/wp\/v2\/comments?post=21106"}],"version-history":[{"count":0,"href":"https:\/\/biblian.is\/videy\/wp-json\/wp\/v2\/pages\/21106\/revisions"}],"wp:attachment":[{"href":"https:\/\/biblian.is\/videy\/wp-json\/wp\/v2\/media?parent=21106"}],"curies":[{"name":"wp","href":"https:\/\/api.w.org\/{rel}","templated":true}]}}