{"id":21102,"date":"2018-01-02T01:00:19","date_gmt":"2018-01-02T01:00:19","guid":{"rendered":"http:\/\/biblian.is\/videy\/fyrri-samuelsbok-17-kafli\/"},"modified":"2018-01-02T01:00:19","modified_gmt":"2018-01-02T01:00:19","slug":"fyrri-samuelsbok-17-kafli","status":"publish","type":"page","link":"https:\/\/biblian.is\/videy\/fyrri-samuelsbok-17-kafli\/","title":{"rendered":"Fyrri Sam\u00faelsb\u00f3k 17. kafli"},"content":{"rendered":"<div class=\"fyrirsognVidey\">Gol\u00edat er felldur af Dav\u00ed\u00f0.<\/div>\n<p><a name=\"1\"><span class=\"versanumer\">1<\/span><\/a>Og Filistear samandr\u00f3gu her sinn til str\u00ed\u00f0s og samans\u00f6fnu\u00f0ust \u00ed Sok\u00f3, sem heyrir til J\u00fada og settu herb\u00fa\u00f0ir milli Sok\u00f3 og Aseka hj\u00e1 Efes-Dammim <span class='VideyAth'>d)<\/span>.<a name=\"2\"><span class=\"versanumer\">2<\/span><\/a>Og S\u00e1l og \u00cdsraelsmenn, samans\u00f6fnu\u00f0ust og settu herb\u00fa\u00f0ir s\u00ednar \u00ed Eikidalnum og bjuggu sig \u00fat til str\u00ed\u00f0s m\u00f3ti Filisteunum.<a name=\"3\"><span class=\"versanumer\">3<\/span><\/a>En Filistear voru \u00e1 h\u00e6\u00f0 nokkurri hinumegin, og \u00cdsrael \u00e1 annarri h\u00e6\u00f0inni h\u00e9rnamegin vi\u00f0 dalinn.<a name=\"4\"><span class=\"versanumer\">4<\/span><\/a>\u00de\u00e1 gekk fram \u00far herb\u00fa\u00f0um Filisteanna kappinn <span class='VideyAth'>e)<\/span> fr\u00e1 Gat sem h\u00e9t Gol\u00edat; hann var \u00e1 h\u00e6\u00f0 6 \u00e1lnir og sp\u00f6nn.<a name=\"5\"><span class=\"versanumer\">5<\/span><\/a>En hann haf\u00f0i eirhj\u00e1lm \u00e1 h\u00f6f\u00f0i s\u00e9r, og spanga brynju var hann \u00ed; h\u00fan v\u00f3g vi\u00f0 5 \u00fe\u00fasund sikla af eiri.<a name=\"6\"><span class=\"versanumer\">6<\/span><\/a>Og hann haf\u00f0i brynhosur \u00e1 f\u00f3tum, spj\u00f3t <span class='VideyAth'>f)<\/span> \u00far eiri \u00e1 her\u00f0um s\u00e9r.<a name=\"7\"><span class=\"versanumer\">7<\/span><\/a>Og hans spj\u00f3tsskaft var sem vefjarrifur <span class='VideyAth'>g)<\/span>, og falurinn \u00ed hans spj\u00f3ti v\u00f3g vi\u00f0 6 hundru\u00f0 sikla j\u00e1rns. Og hans skjaldsveinn gekk \u00e1 undan honum.<a name=\"8\"><span class=\"versanumer\">8<\/span><\/a>Og hann gekk fram og kalla\u00f0i til fylkinga \u00cdsraels og m\u00e6lti til \u00feeirra: \u00fev\u00ed dragi\u00f0 \u00fe\u00e9r \u00fat til a\u00f0 str\u00ed\u00f0a? er eg ekki Filistei og \u00fe\u00e9r \u00fer\u00e6lar S\u00e1ls? velji\u00f0 y\u00f0ur mann sem komi til m\u00edn hinga\u00f0.<a name=\"9\"><span class=\"versanumer\">9<\/span><\/a>Ef a\u00f0 hann megnar a\u00f0 berjast vi\u00f0 mig, og fellir mig, svo viljum v\u00e9r vera y\u00f0ar \u00fer\u00e6lar; en ef eg sigra hann, og felli hann, svo skulu\u00f0 \u00fe\u00e9r vera vorir \u00fer\u00e6lar og \u00fej\u00f3na oss.<a name=\"10\"><span class=\"versanumer\">10<\/span><\/a>Og Filisteinn m\u00e6lti: eg hefi gj\u00f6rt h\u00e1\u00f0ung <span class='VideyAth'>h)<\/span> \u00ed dag \u00cdsraels herfylkingum! f\u00e1i\u00f0 til mann a\u00f0 berjast vi\u00f0 mig!<a name=\"11\"><span class=\"versanumer\">11<\/span><\/a>Og S\u00e1l og allur \u00cdsrael heyr\u00f0u \u00feetta tal Filisteans og skelfdust og ur\u00f0u mj\u00f6g hr\u00e6ddir. <br \/><a name=\"12\"><span class=\"versanumer\">12<\/span><\/a>En Dav\u00ed\u00f0 var sonur Efrat\u00edtans af Betlehem J\u00fada, sem h\u00e9t \u00cdsa\u00ed, og hann \u00e1tti 8ta sonu, og ma\u00f0urinn var \u00e1 S\u00e1ls d\u00f6gum gamall, kominn <span class='VideyAth'>(til \u00e1ra sinna)<\/span> me\u00f0al manna.<a name=\"13\"><span class=\"versanumer\">13<\/span><\/a>Og \u00fer\u00edr synir \u00cdsa\u00ed, \u00feeir eldri, f\u00f3ru me\u00f0 S\u00e1l \u00ed str\u00ed\u00f0i\u00f0; en n\u00f6fn hans \u00feriggja sona sem \u00ed str\u00ed\u00f0i\u00f0 f\u00f3ru, voru: Eliab s\u00e1 frumborni, og s\u00e1 annar Ab\u00ednadab og s\u00e1 \u00feri\u00f0ji Samma <span class='VideyAth'>i)<\/span>.<a name=\"14\"><span class=\"versanumer\">14<\/span><\/a>Og Dav\u00ed\u00f0 var s\u00e1 yngsti, og \u00feeir \u00fer\u00edr eldri h\u00f6f\u00f0u fari\u00f0 me\u00f0 S\u00e1l.<a name=\"15\"><span class=\"versanumer\">15<\/span><\/a>En Dav\u00ed\u00f0 var stundum me\u00f0 S\u00e1l, en stundum g\u00e6tti hann sau\u00f0a f\u00f6\u00f0ur s\u00edns \u00ed Betlehem.<a name=\"16\"><span class=\"versanumer\">16<\/span><\/a>Og svo gekk Filisteinn fram seint og snemma og bau\u00f0 sig fram <span class='VideyAth'>(til bardaga)<\/span> \u00ed 40 daga.<a name=\"17\"><span class=\"versanumer\">17<\/span><\/a>\u00de\u00e1 sag\u00f0i \u00cdsa\u00ed til Dav\u00ed\u00f0s sonar s\u00edns: tak \u00fe\u00fa handa br\u00e6\u00f0rum \u00fe\u00ednum \u00feetta efa af steiktu korni, og \u00feessi 10 brau\u00f0, og f\u00e6r\u00f0u \u00feetta flj\u00f3tt \u00fe\u00ednum br\u00e6\u00f0rum \u00ed herb\u00fa\u00f0irnar.<a name=\"18\"><span class=\"versanumer\">18<\/span><\/a>Og f\u00e6r\u00f0u \u00feessar 10 snei\u00f0ir af mj\u00f3lkurosti h\u00f6fu\u00f0smanninum yfir \u00fe\u00fasund og finndu br\u00e6\u00f0ur \u00fe\u00edna til \u00feess a\u00f0 vita hv\u00f6rt \u00feeim l\u00ed\u00f0ur vel, og kom fr\u00e1 \u00feeim me\u00f0 jarteiknir <span class='VideyAth'>a)<\/span>.<a name=\"19\"><span class=\"versanumer\">19<\/span><\/a>En S\u00e1l og \u00feeir og allir \u00cdsraelsmenn voru \u00ed Eikidalnum, \u00ed str\u00ed\u00f0i vi\u00f0 Filisteana.<a name=\"20\"><span class=\"versanumer\">20<\/span><\/a>\u00de\u00e1 reis Dav\u00ed\u00f0 snemma um morguninn og f\u00e9kk sau\u00f0ina hir\u00f0ir nokkrum til geymslu, og t\u00f3k \u00fea\u00f0 sem \u00cdsa\u00ed haf\u00f0i sagt og kom til vagnborgarinnar; en herinn, sem f\u00f3r me\u00f0 fylktu li\u00f0i, \u00e6pti her\u00f3p.<a name=\"21\"><span class=\"versanumer\">21<\/span><\/a>Og \u00cdsrael og Filistear settu fylkingu gegnt fylkingu.<a name=\"22\"><span class=\"versanumer\">22<\/span><\/a>\u00de\u00e1 sleppti Dav\u00ed\u00f0 \u00fev\u00ed sem hann haf\u00f0i me\u00f0fer\u00f0is vi\u00f0 fylgdarmann sinn og hlj\u00f3p \u00ed fylkinguna og kom og spur\u00f0i s\u00edna br\u00e6\u00f0ur hv\u00f6rnig \u00feeim li\u00f0i.<a name=\"23\"><span class=\"versanumer\">23<\/span><\/a>Og sem hann einmitt tala\u00f0i vi\u00f0 \u00fe\u00e1, gekk fram kappinn <span class='VideyAth'>b)<\/span> Gol\u00edat Filisteinn fr\u00e1 Gat, \u00far fylkingu Filisteanna, og tala\u00f0i einmitt s\u00f6mu or\u00f0, og Dav\u00ed\u00f0 hl\u00fdddi \u00e1.<a name=\"24\"><span class=\"versanumer\">24<\/span><\/a>Og allir menn af \u00cdsrael, hopu\u00f0u er \u00feeir s\u00e1u manninn, fl\u00fd\u00f0u fyrir honum og ur\u00f0u hr\u00e6ddir.<a name=\"25\"><span class=\"versanumer\">25<\/span><\/a>Og \u00cdsraelsmenn s\u00f6g\u00f0u: hafi\u00f0 \u00fe\u00e9r s\u00e9\u00f0 \u00feenna mann er fram gengur. Hann gengur fram til a\u00f0 gj\u00f6ra \u00cdsrael h\u00e1\u00f0ung. Og hv\u00f6rn sem fellir hann, vill k\u00f3ngurinn au\u00f0ga miklum au\u00f0, og d\u00f3ttur s\u00edna vill hann gefa honum, og h\u00fasi f\u00f6\u00f0ur hans vill hann gefa frelsi \u00ed \u00cdsrael.<a name=\"26\"><span class=\"versanumer\">26<\/span><\/a>Og Dav\u00ed\u00f0 spur\u00f0i mennina sem hj\u00e1 honum st\u00f3\u00f0u og m\u00e6lti: hva\u00f0 f\u00e6r s\u00e1 ma\u00f0ur sem fellir Filisteann \u00fearna, og sn\u00fdr h\u00e1\u00f0unginni fr\u00e1 \u00cdsrael? \u00fev\u00ed hv\u00f6r er \u00feessi Filistei, \u00feessi \u00f3umskorni, a\u00f0 hann gj\u00f6rir h\u00e1\u00f0ung herfylkingu \u00feess lifanda Gu\u00f0s.<a name=\"27\"><span class=\"versanumer\">27<\/span><\/a>Og f\u00f3lki\u00f0 tala\u00f0i til hans \u00feessum s\u00f6mu or\u00f0um og m\u00e6lti: \u00feetta <span class='VideyAth'>(sem v\u00e9r h\u00f6fum sagt)<\/span> f\u00e6r s\u00e1 ma\u00f0ur sem hann fellir.<a name=\"28\"><span class=\"versanumer\">28<\/span><\/a>Og El\u00edab hans elsti br\u00f3\u00f0ir heyr\u00f0i hva\u00f0 hann tala\u00f0i vi\u00f0 mennina, og El\u00edabs rei\u00f0i tendra\u00f0ist m\u00f3ti Dav\u00ed\u00f0, og hann m\u00e6lti: hv\u00ed ertu hinga\u00f0 kominn og hv\u00f6rjum hefir \u00fe\u00fa fengi\u00f0 til v\u00f6ktunar \u00e1 ey\u00f0im\u00f6rkinni \u00fe\u00e1 f\u00e1u sau\u00f0i? eg \u00feekki \u00fe\u00edna ofdirfsku, og illsku \u00fe\u00edns hjarta; \u00fev\u00ed til \u00feess a\u00f0 horfa \u00e1 str\u00ed\u00f0i\u00f0 ert \u00fe\u00fa hinga\u00f0 kominn.<a name=\"29\"><span class=\"versanumer\">29<\/span><\/a>Og Dav\u00ed\u00f0 m\u00e6lti: hva\u00f0 hefi eg n\u00fa gj\u00f6rt <span class='VideyAth'>c)<\/span>? var \u00fea\u00f0 ekki or\u00f0 <span class='VideyAth'>d)<\/span>?<a name=\"30\"><span class=\"versanumer\">30<\/span><\/a>Og hann sneri s\u00e9r fr\u00e1 honum og gekk til eins annars, og tala\u00f0i \u00feeim s\u00f6mu or\u00f0um, og f\u00f3lki\u00f0 svara\u00f0i honum l\u00edkt \u00feeim fyrri or\u00f0um.<a name=\"31\"><span class=\"versanumer\">31<\/span><\/a>Og n\u00fa heyr\u00f0u menn \u00feau or\u00f0 sem Dav\u00ed\u00f0 tala\u00f0i, og s\u00f6g\u00f0u S\u00e1l fr\u00e1, og hann l\u00e9t s\u00e6kja hann.<a name=\"32\"><span class=\"versanumer\">32<\/span><\/a>Og Dav\u00ed\u00f0 sag\u00f0i vi\u00f0 S\u00e1l: enginn l\u00e1ti s\u00e9r hugfallast hans vegna! \u00feinn \u00fej\u00f3n vill fara og berjast vi\u00f0 \u00feenna Filistea.<a name=\"33\"><span class=\"versanumer\">33<\/span><\/a>Og S\u00e1l sag\u00f0i til Dav\u00ed\u00f0s: \u00fe\u00fa ert ekki f\u00e6r um a\u00f0 fara m\u00f3ti \u00feessum Filistea til a\u00f0 berjast vi\u00f0 hann, \u00fev\u00ed \u00fe\u00fa ert ungmenni, en hann er str\u00ed\u00f0sma\u00f0ur fr\u00e1 sinni barn\u00e6sku.<a name=\"34\"><span class=\"versanumer\">34<\/span><\/a>Og Dav\u00ed\u00f0 sag\u00f0i til S\u00e1ls: \u00feinn \u00fej\u00f3n h\u00e9lt sau\u00f0um f\u00f6\u00f0ur s\u00edns \u00e1 beit, \u00fe\u00e1 kom lj\u00f3n og bj\u00f6rn og t\u00f3ku einn sau\u00f0inn af hj\u00f6r\u00f0inni.<a name=\"35\"><span class=\"versanumer\">35<\/span><\/a>Og eg rann eftir honum og reif hann \u00far hans gini; og \u00fe\u00e1 hann reisti sig \u00e1 m\u00f3ti m\u00e9r, greip eg \u00ed kampa hans og felldi hann og drap.<a name=\"36\"><span class=\"versanumer\">36<\/span><\/a>B\u00e6\u00f0i lj\u00f3ni\u00f0 og l\u00edka bj\u00f6rninn hefir \u00feinn \u00fej\u00f3n fellt, og \u00feessum Filistea, \u00feessum \u00f3umskorna skal rei\u00f0a af eins og \u00f6\u00f0ru hv\u00f6rju \u00feeirra <span class='VideyAth'>e)<\/span>; \u00fev\u00ed hann gj\u00f6rir h\u00e1\u00f0ung fylkingum ens lifanda Gu\u00f0s.<a name=\"37\"><span class=\"versanumer\">37<\/span><\/a>Og Dav\u00ed\u00f0 m\u00e6lti: Drottinn sem frelsa\u00f0i mig af hendi lj\u00f3nsins, og af hendi bj\u00f6rnsins, hann mun frelsa mig af hendi \u00feessa Filistea.<a name=\"38\"><span class=\"versanumer\">38<\/span><\/a>Og S\u00e1l m\u00e6lti til Dav\u00ed\u00f0s: Far \u00fe\u00fa \u00fe\u00e1, Drottinn s\u00e9 me\u00f0 \u00fe\u00e9r. Og S\u00e1l f\u00e6r\u00f0i Dav\u00ed\u00f0 \u00ed sinn kyrtil, og setti eir hj\u00e1lm \u00e1 hans h\u00f6fu\u00f0 og l\u00e9t hann fara \u00ed brynju.<a name=\"39\"><span class=\"versanumer\">39<\/span><\/a>Og Dav\u00ed\u00f0 girtist s\u00ednu sver\u00f0i yfir sinn kyrtil, og f\u00f3r a\u00f0 ganga; \u00fev\u00ed hann haf\u00f0i ekki reynt \u00fea\u00f0 \u00e1\u00f0ur. \u00de\u00e1 sag\u00f0i Dav\u00ed\u00f0 vi\u00f0 S\u00e1l: eg get ekki gengi\u00f0 \u00ed \u00feessu, \u00fev\u00ed eg hefi aldrei reynt \u00fea\u00f0 \u00e1\u00f0ur. Og Dav\u00ed\u00f0 f\u00e6r\u00f0ist \u00far \u00feessu,<a name=\"40\"><span class=\"versanumer\">40<\/span><\/a>og t\u00f3k sinn staf \u00ed s\u00edna h\u00f6nd, og valdi s\u00e9r 5 h\u00e1la steina \u00far l\u00e6knum og l\u00e9t \u00fe\u00e1 \u00ed s\u00edna smala t\u00f6sku sem hann haf\u00f0i me\u00f0 s\u00e9r, nefnilega \u00ed t\u00f6skuna, og me\u00f0 sl\u00f6ngu \u00ed hendi gekk hann \u00e1 m\u00f3ti Filisteanum. <br \/><a name=\"41\"><span class=\"versanumer\">41<\/span><\/a>Og Filisteinn kom n\u00e6r og n\u00e6r Dav\u00ed\u00f0, og skjaldsveinninn gekk \u00e1 undan honum.<a name=\"42\"><span class=\"versanumer\">42<\/span><\/a>Og \u00fe\u00e1 Filisteinn leit til og s\u00e1 Dav\u00ed\u00f0, forsm\u00e1\u00f0i hann hann; \u00fev\u00ed hann var ungmenni rau\u00f0ur <span class='VideyAth'>(\u00e1 h\u00e1r)<\/span> og fr\u00ed\u00f0ur s\u00fdnum.<a name=\"43\"><span class=\"versanumer\">43<\/span><\/a>Og Filisteinn sag\u00f0i til Dav\u00ed\u00f0s: er eg \u00fe\u00e1 hundur <span class='VideyAth'>a)<\/span> a\u00f0 \u00fe\u00fa kemur \u00e1 m\u00f3ti m\u00e9r me\u00f0 staf? og Filisteinn form\u00e6lti Dav\u00ed\u00f0 vi\u00f0 sinn Gu\u00f0.<a name=\"44\"><span class=\"versanumer\">44<\/span><\/a>Og Filisteinn m\u00e6lti vi\u00f0 Dav\u00ed\u00f0: kom \u00fe\u00fa til m\u00edn, svo eg gefi fuglum himins og d\u00fdrum merkurinnar <span class='VideyAth'>(villud\u00fdrum)<\/span> \u00feitt hold!<a name=\"45\"><span class=\"versanumer\">45<\/span><\/a>Og Dav\u00ed\u00f0 sag\u00f0i til Filisteans: \u00fe\u00fa kemur m\u00f3ti m\u00e9r me\u00f0 sver\u00f0 og spj\u00f3t og lensu; en eg kem \u00e1 m\u00f3ti \u00fe\u00e9r \u00ed nafni Drottins allsherjar, Gu\u00f0s \u00cdsraels fylkinga, sem \u00fe\u00fa hefir gj\u00f6rt h\u00e1\u00f0ung a\u00f0.<a name=\"46\"><span class=\"versanumer\">46<\/span><\/a>\u00c1 \u00feessum degi mun Drottinn gefa \u00feig \u00ed m\u00edna h\u00f6nd, og eg mun leggja \u00feig vi\u00f0 velli, og h\u00f6ggva af \u00fe\u00e9r h\u00f6fu\u00f0i\u00f0, og l\u00edk Filisteanna hers mun eg gefa \u00e1 \u00feessum degi fuglum himinsins og villud\u00fdrum jar\u00f0ar, og \u00f6ll j\u00f6r\u00f0in skal vi\u00f0urkenna a\u00f0 \u00cdsrael hefir Gu\u00f0.<a name=\"47\"><span class=\"versanumer\">47<\/span><\/a>Og allur \u00feessi safna\u00f0ur skal taka eftir \u00fev\u00ed, a\u00f0 Drottinn veitir sigur hv\u00f6rki me\u00f0 sver\u00f0i n\u00e9 spj\u00f3ti; \u00fev\u00ed str\u00ed\u00f0i\u00f0 er Drottins og hann gefur y\u00f0ur \u00ed vorar hendur. <br \/><a name=\"48\"><span class=\"versanumer\">48<\/span><\/a>Og \u00fea\u00f0 ske\u00f0i \u00fe\u00e1 Filisteinn t\u00f3k sig til og kom \u00e1 m\u00f3ti og n\u00e1lga\u00f0ist Dav\u00ed\u00f0, a\u00f0 Dav\u00ed\u00f0 fl\u00fdtti s\u00e9r og hlj\u00f3p a\u00f0 fylkingunni m\u00f3ti Filisteanum,<a name=\"49\"><span class=\"versanumer\">49<\/span><\/a>og hann stakk hendi sinni \u00ed t\u00f6skuna, og t\u00f3k \u00far henni stein, og slangra\u00f0i, og h\u00e6f\u00f0i Filisteans enni, og steininn festi \u00ed hans enni og hann f\u00e9ll \u00e1 sitt andlit til jar\u00f0ar.<a name=\"50\"><span class=\"versanumer\">50<\/span><\/a>Og svo yfirvann Dav\u00ed\u00f0 Filisteann me\u00f0 sl\u00f6ngu og me\u00f0 steini, og felldi hann og drap hann. En Dav\u00ed\u00f0 haf\u00f0i ekkert sver\u00f0 s\u00e9r \u00ed hendi.<a name=\"51\"><span class=\"versanumer\">51<\/span><\/a>\u00de\u00e1 hlj\u00f3p Dav\u00ed\u00f0 a\u00f0, og gekk til Filisteans og t\u00f3k hans sver\u00f0 og dr\u00f3 \u00fea\u00f0 \u00far skei\u00f0um, og drap hann og hj\u00f3 af honum h\u00f6fu\u00f0i\u00f0 me\u00f0 \u00fev\u00ed. Og sem Filistear s\u00e1u a\u00f0 kappinn var dau\u00f0ur, fl\u00fd\u00f0u \u00feeir.<a name=\"52\"><span class=\"versanumer\">52<\/span><\/a>Og \u00cdsraels og J\u00fadamenn, t\u00f3ku sig til og \u00e6ptu miki\u00f0 her\u00f3p, og eltu Filistea allt \u00e1 m\u00f3ts vi\u00f0 dalinn og a\u00f0 Ekrons borgarhli\u00f0i; og \u00fear l\u00e1gu fallnir Filistear \u00e1 veginum til Saaraim <span class='VideyAth'>b)<\/span> allt til Gat og allt til Ekron.<a name=\"53\"><span class=\"versanumer\">53<\/span><\/a>Og \u00cdsraelssynir sneru aftur, og h\u00e6ttu a\u00f0 elta Filisteana og r\u00e6ndu herb\u00fa\u00f0irnar.<a name=\"54\"><span class=\"versanumer\">54<\/span><\/a>Og Dav\u00ed\u00f0 t\u00f3k h\u00f6fu\u00f0 Filisteans, og f\u00f3r me\u00f0 \u00fea\u00f0 til Jer\u00fasalem, en vopn hans lag\u00f0i hann \u00ed sitt tjald. <br \/><a name=\"55\"><span class=\"versanumer\">55<\/span><\/a>En er S\u00e1l s\u00e1 Dav\u00ed\u00f0 fara m\u00f3ti Filisteanum m\u00e6lti hann vi\u00f0 Abner hersh\u00f6f\u00f0ingjann: Abner, hv\u00f6rs son er \u00feessi ungi ma\u00f0ur? Og Abner svara\u00f0i: svo sannarlega sem \u00fe\u00fa lifir, \u00f3 konungur! veit eg \u00fea\u00f0 ekki.<a name=\"56\"><span class=\"versanumer\">56<\/span><\/a>Og konungurinn sag\u00f0i: spyr a\u00f0 \u00fev\u00ed hv\u00f6rs son \u00feessi ungi ma\u00f0ur er!<a name=\"57\"><span class=\"versanumer\">57<\/span><\/a>Og \u00feegar Dav\u00ed\u00f0 kom til baka og haf\u00f0i lagt a\u00f0 velli Filisteann, t\u00f3k Abner hann og leiddi fyrir S\u00e1l, en hann haf\u00f0i \u00ed hendi s\u00e9r h\u00f6fu\u00f0 Filisteans.<a name=\"58\"><span class=\"versanumer\">58<\/span><\/a>Og S\u00e1l sag\u00f0i til hans: hv\u00f6rs son ertu \u00fe\u00fa, ungmenni! og Dav\u00ed\u00f0 svara\u00f0i: sonur \u00fe\u00edns \u00fe\u00e9nara \u00cdsa\u00ed, Betlehem\u00edtans.<\/p>\n<div class=\"footnoteVidey\">V. 1. d. 1 Kron. 11,13.  V. 4. c. A\u00f0r. h\u00f3lmg\u00f6nguma\u00f0urinn sbr. v. 23.  V. 6. f. E\u00f0a kesju.  V. 7. g. 2 Sam. 21,19.  V. 10. h. 2 K\u00f3ng. 19,4.16.  V. 13. i. Nefnist annars Simea 2 Sam. 13,3.  V. 18. a. Nl. til vissu um, a\u00f0 \u00fe\u00fa hafir fundi\u00f0 \u00fe\u00e1.  V. 23. b. Sbr. v. 4.  V. 29. c. Kap. 20,1. 26,18. d. m\u00e1tti eg ekki tala \u00feetta?  V. 36. e. \u00de. e. lj\u00f3ninu og birninum.  V. 43. a. 2 Sam. 3,8.  V. 52. b. J\u00f3s. 15,36.<\/div>\n","protected":false},"excerpt":{"rendered":"<p>Gol\u00edat er felldur af Dav\u00ed\u00f0. 1Og Filistear samandr\u00f3gu her sinn til str\u00ed\u00f0s og samans\u00f6fnu\u00f0ust \u00ed Sok\u00f3, sem heyrir til J\u00fada og settu herb\u00fa\u00f0ir milli Sok\u00f3 og Aseka hj\u00e1 Efes-Dammim d).2Og S\u00e1l og \u00cdsraelsmenn, samans\u00f6fnu\u00f0ust og settu herb\u00fa\u00f0ir s\u00ednar \u00ed Eikidalnum og bjuggu sig \u00fat til str\u00ed\u00f0s m\u00f3ti Filisteunum.3En Filistear voru \u00e1 h\u00e6\u00f0 nokkurri hinumegin, og \u00cdsrael \u00e1 annarri h\u00e6\u00f0inni h\u00e9rnamegin vi\u00f0 dalinn.4\u00de\u00e1 gekk fram \u00far herb\u00fa\u00f0um Filisteanna kappinn e) fr\u00e1 Gat sem h\u00e9t Gol\u00edat; hann var \u00e1 h\u00e6\u00f0 6 \u00e1lnir og sp\u00f6nn.5En hann haf\u00f0i eirhj\u00e1lm \u00e1 h\u00f6f\u00f0i s\u00e9r, og spanga brynju var hann \u00ed; h\u00fan v\u00f3g vi\u00f0 5 \u00fe\u00fasund sikla <a href=\"https:\/\/biblian.is\/videy\/fyrri-samuelsbok-17-kafli\/\"> [&#8230;]<\/a><\/p>\n","protected":false},"author":1,"featured_media":0,"parent":0,"menu_order":0,"comment_status":"open","ping_status":"open","template":"bibliukaflar.php","meta":{"footnotes":""},"class_list":["post-21102","page","type-page","status-publish","hentry"],"_links":{"self":[{"href":"https:\/\/biblian.is\/videy\/wp-json\/wp\/v2\/pages\/21102","targetHints":{"allow":["GET"]}}],"collection":[{"href":"https:\/\/biblian.is\/videy\/wp-json\/wp\/v2\/pages"}],"about":[{"href":"https:\/\/biblian.is\/videy\/wp-json\/wp\/v2\/types\/page"}],"author":[{"embeddable":true,"href":"https:\/\/biblian.is\/videy\/wp-json\/wp\/v2\/users\/1"}],"replies":[{"embeddable":true,"href":"https:\/\/biblian.is\/videy\/wp-json\/wp\/v2\/comments?post=21102"}],"version-history":[{"count":0,"href":"https:\/\/biblian.is\/videy\/wp-json\/wp\/v2\/pages\/21102\/revisions"}],"wp:attachment":[{"href":"https:\/\/biblian.is\/videy\/wp-json\/wp\/v2\/media?parent=21102"}],"curies":[{"name":"wp","href":"https:\/\/api.w.org\/{rel}","templated":true}]}}