{"id":21097,"date":"2018-01-02T01:00:19","date_gmt":"2018-01-02T01:00:19","guid":{"rendered":"http:\/\/biblian.is\/videy\/fyrri-samuelsbok-12-kafli\/"},"modified":"2018-01-02T01:00:19","modified_gmt":"2018-01-02T01:00:19","slug":"fyrri-samuelsbok-12-kafli","status":"publish","type":"page","link":"https:\/\/biblian.is\/videy\/fyrri-samuelsbok-12-kafli\/","title":{"rendered":"Fyrri Sam\u00faelsb\u00f3k 12. kafli"},"content":{"rendered":"<div class=\"fyrirsognVidey\">Sam\u00faels r\u00e6\u00f0a til f\u00f3lksins.<\/div>\n<p><a name=\"1\"><span class=\"versanumer\">1<\/span><\/a>Og Sam\u00fael tala\u00f0i til alls \u00cdsraels: sj\u00e1! eg hefi hl\u00fdtt y\u00f0ar raust \u00ed \u00f6llu sem \u00fe\u00e9r hafi\u00f0 til m\u00edn tala\u00f0, og sett yfir y\u00f0ur konung.<a name=\"2\"><span class=\"versanumer\">2<\/span><\/a>Og sj\u00e1 n\u00fa! \u00fearna er k\u00f3ngurinn <span class='VideyAth'>c)<\/span>. En eg er or\u00f0inn gamall og gr\u00e1r og synir m\u00ednir eru \u00e1 me\u00f0al y\u00f0ar og eg hefi gengi\u00f0 fyrir y\u00f0ar augliti fr\u00e1 unga aldri allt til \u00feessa dags.<a name=\"3\"><span class=\"versanumer\">3<\/span><\/a>H\u00e9r er eg, vitni\u00f0 m\u00f3ti m\u00e9r fyrir Drottni og hans smur\u00f0a! hv\u00f6rs uxa hefi eg teki\u00f0, og hv\u00f6rs asna hefi eg teki\u00f0, og hv\u00f6rjum hefi eg gj\u00f6rt \u00f3r\u00e9tt og hv\u00f6rjum ofbeldi, og af hv\u00f6rs hendi hefi eg teki\u00f0 vi\u00f0 g\u00e1fum <span class='VideyAth'>(m\u00fatum)<\/span> og l\u00e6st aftur m\u00ednum augum \u00feess vegna? s\u00e9 svo, skal eg y\u00f0ur \u00fea\u00f0 aftur gjalda.<a name=\"4\"><span class=\"versanumer\">4<\/span><\/a>Og \u00feeir m\u00e6ltu: engan \u00f3r\u00e9tt og ekkert ofbeldi hefir \u00fe\u00fa haft \u00ed frammi vi\u00f0 oss, og ekkert hefir \u00fe\u00fa af nokkurs manns hendi teki\u00f0.<a name=\"5\"><span class=\"versanumer\">5<\/span><\/a>Og hann sag\u00f0i til \u00feeirra: Drottinn s\u00e9 vitni m\u00f3ti y\u00f0ur, og vitni s\u00e9 hans smur\u00f0i \u00e1 \u00feessum degi, a\u00f0 \u00fe\u00e9r hafi\u00f0 ekkert fundi\u00f0 \u00ed minni hendi. Og f\u00f3lki\u00f0 ansa\u00f0i: veri \u00feeir vitni.<br \/><a name=\"6\"><span class=\"versanumer\">6<\/span><\/a>Og Sam\u00fael sag\u00f0i til f\u00f3lksins: J\u00e1, <span class='VideyAth'>(vitni s\u00e9)<\/span> Drottinn, s\u00e1 sem <span class='VideyAth'>(\u00fat)<\/span> gj\u00f6r\u00f0i M\u00f3ses og Aron, og sem flutti y\u00f0ar fe\u00f0ur \u00far Egyptalandi!<a name=\"7\"><span class=\"versanumer\">7<\/span><\/a>Og gangi\u00f0 n\u00fa fram a\u00f0 eg f\u00e6ri s\u00f6k vi\u00f0 y\u00f0ur frammi fyrir Drottni um alla \u00fe\u00e1 velgj\u00f6rninga Drottins, sem hann hefir au\u00f0s\u00fdnt y\u00f0ur og y\u00f0ar fe\u00f0rum.<a name=\"8\"><span class=\"versanumer\">8<\/span><\/a>\u00deegar Jakob var kominn til Egyptalands og y\u00f0ar fe\u00f0ur hr\u00f3pu\u00f0u til Drottins, \u00fe\u00e1 sendi Drottinn M\u00f3ses og Aron; \u00feeir leiddu y\u00f0ar fe\u00f0ur \u00fat af Egyptalandi og g\u00e1fu y\u00f0ur b\u00fasta\u00f0 \u00ed \u00feessu landi.<a name=\"9\"><span class=\"versanumer\">9<\/span><\/a>En \u00feeir gleymdu Drottni s\u00ednum Gu\u00f0i og hann seldi \u00fe\u00e1 \u00ed h\u00f6nd Sissera hersh\u00f6f\u00f0ingjans af Hasor <span class='VideyAth'>d)<\/span>, og \u00ed h\u00f6nd Filisteanna og \u00ed h\u00f6nd M\u00f3abskonungs sem str\u00edddu m\u00f3ti \u00feeim.<a name=\"10\"><span class=\"versanumer\">10<\/span><\/a>\u00de\u00e1 hr\u00f3pu\u00f0u \u00feeir til Drottins og s\u00f6g\u00f0u: v\u00e9r h\u00f6fum syndga\u00f0 <span class='VideyAth'>e)<\/span>, a\u00f0 v\u00e9r yfirg\u00e1fum Drottin og \u00fej\u00f3nu\u00f0um Baal og Astarot; og frelsa oss n\u00fa af hendi vorra \u00f3vina, svo viljum v\u00e9r \u00fej\u00f3na \u00fe\u00e9r.<a name=\"11\"><span class=\"versanumer\">11<\/span><\/a>\u00de\u00e1 sendi Drottinn Jer\u00fabaal <span class='VideyAth'>f)<\/span> og Bedan <span class='VideyAth'>g)<\/span> og Jefta <span class='VideyAth'>h)<\/span> og Sam\u00fael <span class='VideyAth'>i)<\/span> og frelsa\u00f0i y\u00f0ur af hendi y\u00f0ar \u00f3vina, svo \u00fe\u00e9r bjuggu\u00f0 \u00f3hultir.<a name=\"12\"><span class=\"versanumer\">12<\/span><\/a>En er \u00fe\u00e9r s\u00e1u\u00f0 a\u00f0 Nahas, k\u00f3ngur Ammonssona, kom m\u00f3ti y\u00f0ur, svo s\u00f6g\u00f0u\u00f0 \u00fe\u00e9r vi\u00f0 mig: nei! heldur skal konungur drottna yfir oss, \u00fe\u00f3 var Drottinn y\u00f0ar Gu\u00f0 y\u00f0ar konungur.<a name=\"13\"><span class=\"versanumer\">13<\/span><\/a>Og sj\u00e1i\u00f0 n\u00fa! \u00fearna er k\u00f3ngurinn sem \u00fe\u00e9r hafi\u00f0 vali\u00f0, sem \u00fe\u00e9r hafi\u00f0 heimt, sj\u00e1! Drottinn hefir sett yfir y\u00f0ur konung.<a name=\"14\"><span class=\"versanumer\">14<\/span><\/a>Ef \u00fe\u00e9r \u00f3ttist Drottin og \u00fej\u00f3ni\u00f0 honum og heyri\u00f0 hans raust og \u00feverskallist ekki vi\u00f0 Drottins skipanir, og hl\u00fd\u00f0i\u00f0, b\u00e6\u00f0i \u00fe\u00e9r og y\u00f0ar konungur, sem yfir y\u00f0ur r\u00edkir, Drottni y\u00f0ar Gu\u00f0 <span class='VideyAth'>(\u00fe\u00e1 er)<\/span> hann me\u00f0 y\u00f0ur.<a name=\"15\"><span class=\"versanumer\">15<\/span><\/a>En ef \u00fe\u00e9r hl\u00fd\u00f0i\u00f0 ekki raustinni Drottins og \u00feverskallist vi\u00f0 Drottins skipanir, svo mun h\u00f6nd Drottins vera \u00e1 m\u00f3ti y\u00f0ur, eins og \u00e1 m\u00f3ti y\u00f0ar fe\u00f0rum.<a name=\"16\"><span class=\"versanumer\">16<\/span><\/a>En komi\u00f0 n\u00fa hinga\u00f0 og sj\u00e1i\u00f0 \u00feann mikla hlut sem Drottinn gj\u00f6rir fyrir y\u00f0ar augum.<a name=\"17\"><span class=\"versanumer\">17<\/span><\/a>Er n\u00fa ekki hveitiuppskera? Eg kalla til Drottins, og hann mun senda rei\u00f0arsl\u00f6g og regn; kannist \u00fe\u00e1 vi\u00f0 og sj\u00e1i\u00f0, a\u00f0 \u00fe\u00e9r hafi\u00f0 illa gj\u00f6rt fyrir Drottni, a\u00f0 bei\u00f0ast konungs.<a name=\"18\"><span class=\"versanumer\">18<\/span><\/a>Og svo kalla\u00f0i Sam\u00fael til Drottins, og Drottinn sendi rei\u00f0arsl\u00f6g og regn \u00feann sama dag, \u00fe\u00e1 var\u00f0 allt f\u00f3lki\u00f0 skelka\u00f0 fyrir Drottni og fyrir Sam\u00fael.<br \/><a name=\"19\"><span class=\"versanumer\">19<\/span><\/a>Og allt f\u00f3lki\u00f0 sag\u00f0i til Sam\u00faels: bi\u00f0 til Drottins <span class='VideyAth'>a)<\/span> fyrir \u00fe\u00ednum \u00fer\u00e6lum, til \u00fe\u00edns Gu\u00f0s, a\u00f0 v\u00e9r ekki deyjum, \u00fev\u00ed v\u00e9r h\u00f6fum b\u00e6tt \u00feeirri vonsku ofan \u00e1 allar vorar syndir, a\u00f0 v\u00e9r h\u00f6fum bei\u00f0st konungs.<a name=\"20\"><span class=\"versanumer\">20<\/span><\/a>Og Sam\u00fael sag\u00f0i til f\u00f3lksins: \u00f3ttist ekki! \u00fe\u00e9r hafi\u00f0 a\u00f0hafst allt \u00feetta illa; v\u00edki\u00f0 a\u00f0eins ekki fr\u00e1 Drottni <span class='VideyAth'>b)<\/span>, og \u00fej\u00f3ni\u00f0 Drottni me\u00f0 \u00f6llu y\u00f0ar hjarta,<a name=\"21\"><span class=\"versanumer\">21<\/span><\/a>v\u00edki\u00f0 ekki, sn\u00fai\u00f0 y\u00f0ur ekki til \u00feeirra f\u00e1n\u00fdtu afgu\u00f0a, sem hv\u00f6rki hj\u00e1lpa n\u00e9 frelsa; \u00fev\u00ed \u00f3n\u00fdtir <span class='VideyAth'>(ekkert)<\/span> eru \u00feeir <span class='VideyAth'>c)<\/span>.<a name=\"22\"><span class=\"versanumer\">22<\/span><\/a>\u00dev\u00ed Drottinn mun ekki yfirgefa sitt f\u00f3lk vegna s\u00edns mikla nafns, \u00fev\u00ed Drottni hefir \u00fe\u00f3knast a\u00f0 gj\u00f6ra y\u00f0ur a\u00f0 s\u00ednu f\u00f3lki.<a name=\"23\"><span class=\"versanumer\">23<\/span><\/a>Og fj\u00e6rri s\u00e9 m\u00e9r \u00fea\u00f0 a\u00f0 syndga m\u00f3ti Drottni, a\u00f0 eg skyldi afl\u00e1ta a\u00f0 bi\u00f0ja fyrir y\u00f0ur, og eg vil kenna y\u00f0ur \u00feann g\u00f3\u00f0a og r\u00e9tta veg.<a name=\"24\"><span class=\"versanumer\">24<\/span><\/a>\u00d3ttist alleina Drottin, og \u00fej\u00f3ni\u00f0 honum me\u00f0 \u00f6llu y\u00f0ar hjarta dyggilega; \u00fev\u00ed sj\u00e1i\u00f0, hv\u00f6rsu miki\u00f0 hann hefir vi\u00f0 y\u00f0ur gj\u00f6rt.<a name=\"25\"><span class=\"versanumer\">25<\/span><\/a>En ef \u00fe\u00e9r breyti\u00f0 illa, svo ver\u00f0ur b\u00e6\u00f0i y\u00f0ur og y\u00f0ar k\u00f3ngi \u00ed burtu kippt.<\/p>\n<div class=\"footnoteVidey\">V. 2. c. Hebr. K\u00f3ngurinn gengur fyrir y\u00f0ar augliti.  V. 3. d. Kap. 8,3.  V. 9. e. D\u00f3m. 4,2.  V. 10. f. Kap. 7,6. D\u00f3m. 10,10.15.  V. 11. g. D\u00f3m. 6,14. h. \u00de. e. Ja\u00edr ellegar Samson af Dans\u00e6tt. D\u00f3m. 10,3. 1 Kron. 7,17. i. D\u00f3m. 11,2.29. k. 1 Sam. 7,10.  V. 19. a. Ex. 9,28.  V. 20. b. Devt. 17,11.  V. 21. c. Devt. 32,37.38. D\u00f3m. 10,14.<\/div>\n","protected":false},"excerpt":{"rendered":"<p>Sam\u00faels r\u00e6\u00f0a til f\u00f3lksins. 1Og Sam\u00fael tala\u00f0i til alls \u00cdsraels: sj\u00e1! eg hefi hl\u00fdtt y\u00f0ar raust \u00ed \u00f6llu sem \u00fe\u00e9r hafi\u00f0 til m\u00edn tala\u00f0, og sett yfir y\u00f0ur konung.2Og sj\u00e1 n\u00fa! \u00fearna er k\u00f3ngurinn c). En eg er or\u00f0inn gamall og gr\u00e1r og synir m\u00ednir eru \u00e1 me\u00f0al y\u00f0ar og eg hefi gengi\u00f0 fyrir y\u00f0ar augliti fr\u00e1 unga aldri allt til \u00feessa dags.3H\u00e9r er eg, vitni\u00f0 m\u00f3ti m\u00e9r fyrir Drottni og hans smur\u00f0a! hv\u00f6rs uxa hefi eg teki\u00f0, og hv\u00f6rs asna hefi eg teki\u00f0, og hv\u00f6rjum hefi eg gj\u00f6rt \u00f3r\u00e9tt og hv\u00f6rjum ofbeldi, og af hv\u00f6rs hendi hefi eg teki\u00f0 <a href=\"https:\/\/biblian.is\/videy\/fyrri-samuelsbok-12-kafli\/\"> [&#8230;]<\/a><\/p>\n","protected":false},"author":1,"featured_media":0,"parent":0,"menu_order":0,"comment_status":"open","ping_status":"open","template":"bibliukaflar.php","meta":{"footnotes":""},"class_list":["post-21097","page","type-page","status-publish","hentry"],"_links":{"self":[{"href":"https:\/\/biblian.is\/videy\/wp-json\/wp\/v2\/pages\/21097","targetHints":{"allow":["GET"]}}],"collection":[{"href":"https:\/\/biblian.is\/videy\/wp-json\/wp\/v2\/pages"}],"about":[{"href":"https:\/\/biblian.is\/videy\/wp-json\/wp\/v2\/types\/page"}],"author":[{"embeddable":true,"href":"https:\/\/biblian.is\/videy\/wp-json\/wp\/v2\/users\/1"}],"replies":[{"embeddable":true,"href":"https:\/\/biblian.is\/videy\/wp-json\/wp\/v2\/comments?post=21097"}],"version-history":[{"count":0,"href":"https:\/\/biblian.is\/videy\/wp-json\/wp\/v2\/pages\/21097\/revisions"}],"wp:attachment":[{"href":"https:\/\/biblian.is\/videy\/wp-json\/wp\/v2\/media?parent=21097"}],"curies":[{"name":"wp","href":"https:\/\/api.w.org\/{rel}","templated":true}]}}