{"id":21078,"date":"2018-01-02T01:00:14","date_gmt":"2018-01-02T01:00:14","guid":{"rendered":"http:\/\/biblian.is\/videy\/domarabokin-18-kafli\/"},"modified":"2018-01-02T01:00:14","modified_gmt":"2018-01-02T01:00:14","slug":"domarabokin-18-kafli","status":"publish","type":"page","link":"https:\/\/biblian.is\/videy\/domarabokin-18-kafli\/","title":{"rendered":"D\u00f3marab\u00f3kin 18. kafli"},"content":{"rendered":"<div class=\"fyrirsognVidey\">Dan\u00edtar lei\u00f0ast og til afgu\u00f0ad\u00fdrkunar. Vinna La\u00eds.<\/div>\n<p><a name=\"1\"><span class=\"versanumer\">1<\/span><\/a>\u00c1 \u00feeim d\u00f6gum var enginn k\u00f3ngur \u00ed \u00cdsrael, og Dans kynkv\u00edsl leita\u00f0ist vi\u00f0 a\u00f0 f\u00e1 s\u00e9r eign, hvar h\u00fan b\u00fai\u00f0 g\u00e6ti, \u00fev\u00ed henni var inn til \u00feess dags engin eign tilfallin me\u00f0al \u00cdsraels \u00e6ttkv\u00edsla.<a name=\"2\"><span class=\"versanumer\">2<\/span><\/a>Og Dansni\u00f0jar sendu \u00fat af sinni \u00e6ttkv\u00edsl fimm menn, fr\u00e1 s\u00ednum endim\u00f6rkum, hraustmenni, fr\u00e1 S\u00f3ra og Estah\u00f3l, til a\u00f0 nj\u00f3sna um landi\u00f0 og sko\u00f0a \u00fea\u00f0, og s\u00f6g\u00f0u til \u00feeirra: fari\u00f0 og sko\u00f0i\u00f0 landi\u00f0! og \u00feeir komu \u00e1 Efraimsfjall a\u00f0 h\u00fasi Mika, og voru \u00fear um n\u00f3tt.<a name=\"3\"><span class=\"versanumer\">3<\/span><\/a>\u00deegar \u00feeir voru n\u00fa \u00fear \u00ed h\u00fasi Mika, t\u00f3ku \u00feeir eftir m\u00e1lf\u00e6ri \u00feess unga manns Lev\u00edtans, viku \u00feess vegna afs\u00ed\u00f0is og s\u00f6g\u00f0u vi\u00f0 hann: hv\u00f6r hefir f\u00e6rt \u00feig hinga\u00f0? hva\u00f0 er \u00fea\u00f0, sem \u00fe\u00fa a\u00f0hefst h\u00e9r? og hva\u00f0 fyrir kosti hefir \u00fe\u00fa h\u00e9r?<a name=\"4\"><span class=\"versanumer\">4<\/span><\/a>Og hann sag\u00f0i \u00feeim \u00e1 hv\u00f6rn h\u00e1tt a\u00f0 Mika hef\u00f0i breytt vi\u00f0 sig, og a\u00f0 hann hef\u00f0i leigt sig og gj\u00f6rt sig a\u00f0 presti s\u00ednum.<a name=\"5\"><span class=\"versanumer\">5<\/span><\/a>\u00de\u00e1 s\u00f6g\u00f0u \u00feeir til hans: k\u00e6ri, a\u00f0spyr \u00fe\u00fa \u00fe\u00e1 Gu\u00f0, svo v\u00e9r f\u00e1um a\u00f0 vita, hv\u00f6rt \u00fea\u00f0 \u00e1form, sem v\u00e9r h\u00f6fum fyrir stafni, skal vel lukkast? Presturinn sag\u00f0i \u00feeim: fari\u00f0 \u00ed fri\u00f0i!<a name=\"6\"><span class=\"versanumer\">6<\/span><\/a>\u00e1form \u00fea\u00f0, sem \u00fe\u00e9r hafi\u00f0 fyrir stafni, ge\u00f0jast Drottni! S\u00ed\u00f0an f\u00f3ru \u00feessir fimm menn af sta\u00f0, og komu til La\u00eds,<a name=\"7\"><span class=\"versanumer\">7<\/span><\/a>og s\u00e1u a\u00f0 f\u00f3lk \u00fea\u00f0, sem \u00fear bj\u00f3, var, eftir s\u00edd\u00f3niskra h\u00e6tti, r\u00f3legt og \u00f3hult um sig; og \u00fear var enginn \u00ed landinu, <span class='VideyAth'>(sem gj\u00f6r\u00f0i \u00feeim \u00f3skunda)<\/span>, e\u00f0a sem vald hef\u00f0i yfir \u00feeim; og \u00feeir voru \u00ed fjarl\u00e6g\u00f0 vi\u00f0 \u00fe\u00e1 s\u00edd\u00f3nisku, og h\u00f6f\u00f0u ekkert saman vi\u00f0 f\u00f3lk a\u00f0 s\u00e6lda.<a name=\"8\"><span class=\"versanumer\">8<\/span><\/a>Og <span class='VideyAth'>(nj\u00f3snarmennirnir)<\/span> f\u00f3ru <span class='VideyAth'>(til baka)<\/span> til br\u00e6\u00f0ra sinna \u00ed S\u00f3ra og Estah\u00f3l; og br\u00e6\u00f0ur \u00feeirra sv\u00f6ru\u00f0u: hva\u00f0 segi\u00f0 \u00fe\u00e9r? \u00feeir sv\u00f6ru\u00f0u: taki\u00f0 y\u00f0ur upp, og l\u00e1tum oss hefja herf\u00f6r \u00e1 m\u00f3ti \u00feeim;<a name=\"9\"><span class=\"versanumer\">9<\/span><\/a>\u00fev\u00ed v\u00e9r h\u00f6fum s\u00e9\u00f0 landi\u00f0 og a\u00f0 \u00fea\u00f0 er yfri\u00f0 gott. Og\u2014hva\u00f0; vilji\u00f0 \u00fe\u00e9r hika vi\u00f0 \u00feetta? <span class='VideyAth'>*)<\/span> veri\u00f0 ekki tregir a\u00f0 fara fer\u00f0 \u00feessa, svo \u00fe\u00e9r geti\u00f0 eignast landi\u00f0.<a name=\"10\"><span class=\"versanumer\">10<\/span><\/a>N\u00e6r \u00fe\u00e9r komi\u00f0 \u00fear, munu\u00f0 \u00fe\u00e9r hitta ugglaust f\u00f3lk, en landi\u00f0 er b\u00e6\u00f0i v\u00edtt og breitt, og Gu\u00f0 hefir gefi\u00f0 \u00fea\u00f0 \u00ed y\u00f0ar hendur, j\u00e1 \u00fev\u00edl\u00edkt eitt pl\u00e1ss, hvar enginn skortur er \u00e1 neinu \u00fev\u00ed, sem til er \u00ed landinu.<a name=\"11\"><span class=\"versanumer\">11<\/span><\/a>\u00dear eftir fer\u00f0u\u00f0ust \u00fea\u00f0an, af Dans \u00e6ttkv\u00edsl fr\u00e1 S\u00f3ra og Estah\u00f3l, sex hundru\u00f0 manna, \u00fatb\u00fanir me\u00f0 hervopnum.<a name=\"12\"><span class=\"versanumer\">12<\/span><\/a>Og \u00feeir f\u00f3ru upp eftir og settu herb\u00fa\u00f0ir \u00ed Kir\u00edat Jear\u00edm \u00ed J\u00fada; \u00feess vegna kalla menn \u00feann sama sta\u00f0: Dans herb\u00fa\u00f0ir, allt fram \u00e1 \u00feennan dag, hv\u00f6r e\u00f0 liggur \u00e1 baka til vi\u00f0 Kir\u00edat Jear\u00edm.<a name=\"13\"><span class=\"versanumer\">13<\/span><\/a>Svo f\u00f3ru \u00feeir \u00fea\u00f0an og yfir \u00e1 Efraimsfjall, og komu til Mika h\u00fass.<a name=\"14\"><span class=\"versanumer\">14<\/span><\/a>\u00de\u00e1 h\u00f3fu \u00feeir fimm menn, sem \u00fat h\u00f6f\u00f0u fari\u00f0 a\u00f0 sko\u00f0a landi\u00f0 La\u00eds, m\u00e1ls, og s\u00f6g\u00f0u til sinna br\u00e6\u00f0ra: viti\u00f0 \u00fe\u00e9r a\u00f0 \u00ed \u00feessu h\u00fasi er h\u00f6kull, h\u00fasgo\u00f0, b\u00e6\u00f0i \u00fatskori\u00f0 og steypt b\u00edl\u00e6ti, hugsi\u00f0 \u00fe\u00e9r y\u00f0ur n\u00fa um, hva\u00f0 \u00fe\u00e9r skulu\u00f0 gj\u00f6ra!<a name=\"15\"><span class=\"versanumer\">15<\/span><\/a>Og \u00feeir viku <span class='VideyAth'>(s\u00e9r af vegi)<\/span> \u00feanga\u00f0, og komu \u00ed h\u00fas ens unga manns, <span class='VideyAth'>(nefnilega)<\/span> \u00feess Lev\u00edta, sem var \u00e1 heimili Mika, og \u00feeir heilsu\u00f0u honum k\u00e6rlega <span class='VideyAth'>*)<\/span>.<a name=\"16\"><span class=\"versanumer\">16<\/span><\/a>En \u00feau sex hundru\u00f0 manna, sem \u00fatb\u00fain voru me\u00f0 hervopnum, af ni\u00f0jum Dans, st\u00f3\u00f0u \u00fati fyrir portdyrunum.<a name=\"17\"><span class=\"versanumer\">17<\/span><\/a>En \u00feeir fimm menn, sem \u00fat h\u00f6f\u00f0u fari\u00f0 a\u00f0 nj\u00f3sna um landi\u00f0, f\u00f3ru upp \u00feanga\u00f0, og t\u00f3ku \u00fatskorna b\u00edl\u00e6ti\u00f0, h\u00f6kulinn, h\u00fasgo\u00f0in, og hi\u00f0 steypta b\u00edl\u00e6ti; en presturinn st\u00f3\u00f0 \u00fati fyrir portdyrunum og \u00feau sex hundru\u00f0 manna, sem \u00fatb\u00fain voru me\u00f0 hervopnum.<a name=\"18\"><span class=\"versanumer\">18<\/span><\/a>N\u00fa sem hinir voru komnir \u00ed h\u00fas Mika, og h\u00f6f\u00f0u teki\u00f0 hi\u00f0 \u00fatskorna b\u00edl\u00e6ti, h\u00f6kulinn, h\u00fasgo\u00f0in, og \u00fea\u00f0 steypta b\u00edl\u00e6ti, \u00fe\u00e1 sag\u00f0i presturinn til \u00feeirra: hva\u00f0 hafist \u00fei\u00f0 a\u00f0?<a name=\"19\"><span class=\"versanumer\">19<\/span><\/a>En \u00feeir sv\u00f6ru\u00f0u honum: \u00feegi \u00fe\u00fa og halt munni \u00fe\u00ednum <span class='VideyAth'>*)<\/span>, og far me\u00f0 oss og vertu vor fa\u00f0ir og prestur. Er \u00fe\u00e9r \u00fea\u00f0 betra a\u00f0 \u00fe\u00fa s\u00e9rt prestur \u00ed eins manns h\u00fasi, en \u00e1 me\u00f0al heillrar kynkv\u00edslar og \u00e6ttar \u00ed \u00cdsrael?<a name=\"20\"><span class=\"versanumer\">20<\/span><\/a>Og presturinn l\u00e9t s\u00e9r \u00feetta miki\u00f0 vel lynda, svo hann t\u00f3k h\u00f6kulinn, h\u00fas go\u00f0in, og \u00fea\u00f0 \u00fatskorna b\u00edl\u00e6ti og komst \u00ed f\u00f6r me\u00f0 f\u00f3lkinu.<a name=\"21\"><span class=\"versanumer\">21<\/span><\/a>Og sem \u00feeir <span class='VideyAth'>(Dan\u00edtar)<\/span> sneru vi\u00f0 og f\u00f3ru \u00fea\u00f0an, \u00fe\u00e1 sendu \u00feeir undan s\u00e9r b\u00f6rn og b\u00fasmala og annan farangur.<a name=\"22\"><span class=\"versanumer\">22<\/span><\/a>En sem \u00feeir voru komnir langt \u00e1lei\u00f0is, fr\u00e1 h\u00fasi Mika, \u00fe\u00e1 voru \u00feeir menn, sem bjuggu \u00ed h\u00fasum n\u00e1l\u00e6gt h\u00fasi Mika, samankalla\u00f0ir, og \u00feeir s\u00f3ttu fast eftir Dansni\u00f0jum.<a name=\"23\"><span class=\"versanumer\">23<\/span><\/a>S\u00ed\u00f0an k\u00f6llu\u00f0u \u00feeir til \u00feeirra; en Dansni\u00f0jar sneru s\u00e9r vi\u00f0 og s\u00f6g\u00f0u til Mika: hva\u00f0 vantar \u00feig, a\u00f0 \u00fe\u00fa fer\u00f0 me\u00f0 <span class='VideyAth'>(sl\u00edkan)<\/span> samandreginn fj\u00f6lda manns <span class='VideyAth'>(eftir oss)<\/span>?<a name=\"24\"><span class=\"versanumer\">24<\/span><\/a>Hann svara\u00f0i: \u00fe\u00e9r hafi\u00f0 teki\u00f0 m\u00edna gu\u00f0i, \u00fe\u00e1 sem eg haf\u00f0i gj\u00f6rt <span class='VideyAth'>(m\u00e9r)<\/span> og svo prestinn, og eru\u00f0 farnir burt, hva\u00f0 hefi eg \u00fe\u00e1 eftir framar? hv\u00f6rnig kemur \u00fea\u00f0 \u00fe\u00e1 til, a\u00f0 \u00fe\u00e9r spyrji\u00f0: hva\u00f0 <span class='VideyAth'>(vantar)<\/span> \u00feig?<a name=\"25\"><span class=\"versanumer\">25<\/span><\/a>\u00de\u00e1 s\u00f6g\u00f0u Dans ni\u00f0jar til hans: l\u00e1t \u00fe\u00fa ekki heyrast \u00fe\u00edna raust hj\u00e1 oss, svo f\u00f3lki\u00f0, fullt af gremju ekki yfirfalli \u00feig, og \u00fe\u00fa glatir svo l\u00edfi \u00fe\u00ednu og l\u00edfi \u00fe\u00edns h\u00fass.<a name=\"26\"><span class=\"versanumer\">26<\/span><\/a>Dansni\u00f0jar f\u00f3ru svo lei\u00f0ar sinnar; og af \u00fev\u00ed a\u00f0 Mika s\u00e1, a\u00f0 \u00feeir voru s\u00e9r yfirsterkari, sneri hann til baka og f\u00f3r heim aftur.<a name=\"27\"><span class=\"versanumer\">27<\/span><\/a>En hinir t\u00f3ku h\u00fasgo\u00f0in sem Mika haf\u00f0i tilb\u00fai\u00f0, og prest hans, og f\u00e9llu <span class='VideyAth'>(\u00f3v\u00f6rum)<\/span> yfir La\u00eds, yfir r\u00f3legt f\u00f3lk, sem ekki hug\u00f0i a\u00f0 s\u00e9r, og sl\u00f3gu \u00fea\u00f0 me\u00f0 sver\u00f0seggjum, en l\u00f6g\u00f0u eld \u00ed borgina.<a name=\"28\"><span class=\"versanumer\">28<\/span><\/a>Og \u00fear var enginn sem k\u00e6mi \u00feeim til hj\u00e1lpar, \u00fev\u00ed borgin l\u00e1 langt fr\u00e1 S\u00eddon, og \u00feeir h\u00f6f\u00f0u engin m\u00f6k vi\u00f0 nokkra \u00fej\u00f3\u00f0, \u00fev\u00ed borgin var \u00ed dal nokkrum, sem liggur hj\u00e1 Bet-Rekob. Svo bygg\u00f0u \u00feeir <span class='VideyAth'>(Dansni\u00f0jar)<\/span> borgina upp <span class='VideyAth'>(aftur)<\/span>, og settust \u00fear a\u00f0.<a name=\"29\"><span class=\"versanumer\">29<\/span><\/a>Og \u00feeir k\u00f6llu\u00f0u nafn borgarinnar Dan, eftir nafni Dans, \u00feeirra forf\u00f6\u00f0urs, sem var \u00cdsraelssonur; en borgarinnar nafn haf\u00f0i \u00fe\u00f3 \u00ed \u00f6ndver\u00f0u veri\u00f0 La\u00eds.<a name=\"30\"><span class=\"versanumer\">30<\/span><\/a>En Dansni\u00f0jar uppreistu h\u00e9r \u00fea\u00f0 \u00fatskorna b\u00edl\u00e6ti handa s\u00e9r <span class='VideyAth'>(til d\u00fdrkunar)<\/span>; og J\u00f3natan, sonur Gersons, sonar Manassis og ni\u00f0jar hans voru prestar me\u00f0al Dans \u00e6ttkv\u00edslar, uns \u00feeir <span class='VideyAth'>(herleiddir)<\/span> fluttu sig af landi burt.<a name=\"31\"><span class=\"versanumer\">31<\/span><\/a>Svolei\u00f0is settu \u00feeir \u00fea\u00f0 \u00fatskorna b\u00edl\u00e6ti, sem Mika haf\u00f0i tilb\u00fai\u00f0, upp, s\u00edn \u00e1 me\u00f0al, svo lengi sem Gu\u00f0s h\u00fas var \u00ed S\u00edl\u00f3.<\/p>\n<div class=\"footnoteVidey\">V. 1. D\u00f3m. 17,6. 19,1. 21,25.  V. 2. D\u00f3m. 13,25. 17,1.  V. 3. D\u00f3m. 17,7. nl. a\u00f0 hann var ekki \u00fear uppalin. V. 5. \u00c1form. heb. vegur.  V. 9. *) Hebr. og \u00fe\u00e9r \u00feegi\u00f0.  V. 12. J\u00f3s. 15,9.60.  V. 13. D\u00f3m. 17,1. 18,2.  V. 14. D\u00f3m. 17,4.5.  V. 15. *) Hebr. \u00f3sku\u00f0u honum fri\u00f0ar.  V. 19. *) Hebr. legg h\u00f6nd \u00fe\u00edna yfir munn \u00feinn.  V. 20. D\u00f3m. 16,25.  V. 28. 2 Sam. 10,6.8.  V. 31. J\u00f3s. 18,1.  V. 30. 1 K\u00f3ng. 12,28. og s. fr. 2 K\u00f3ng. 17,29.  V. 31. J\u00f3s. 18,1.<\/div>\n","protected":false},"excerpt":{"rendered":"<p>Dan\u00edtar lei\u00f0ast og til afgu\u00f0ad\u00fdrkunar. Vinna La\u00eds. 1\u00c1 \u00feeim d\u00f6gum var enginn k\u00f3ngur \u00ed \u00cdsrael, og Dans kynkv\u00edsl leita\u00f0ist vi\u00f0 a\u00f0 f\u00e1 s\u00e9r eign, hvar h\u00fan b\u00fai\u00f0 g\u00e6ti, \u00fev\u00ed henni var inn til \u00feess dags engin eign tilfallin me\u00f0al \u00cdsraels \u00e6ttkv\u00edsla.2Og Dansni\u00f0jar sendu \u00fat af sinni \u00e6ttkv\u00edsl fimm menn, fr\u00e1 s\u00ednum endim\u00f6rkum, hraustmenni, fr\u00e1 S\u00f3ra og Estah\u00f3l, til a\u00f0 nj\u00f3sna um landi\u00f0 og sko\u00f0a \u00fea\u00f0, og s\u00f6g\u00f0u til \u00feeirra: fari\u00f0 og sko\u00f0i\u00f0 landi\u00f0! og \u00feeir komu \u00e1 Efraimsfjall a\u00f0 h\u00fasi Mika, og voru \u00fear um n\u00f3tt.3\u00deegar \u00feeir voru n\u00fa \u00fear \u00ed h\u00fasi Mika, t\u00f3ku \u00feeir eftir m\u00e1lf\u00e6ri \u00feess unga manns <a href=\"https:\/\/biblian.is\/videy\/domarabokin-18-kafli\/\"> [&#8230;]<\/a><\/p>\n","protected":false},"author":1,"featured_media":0,"parent":0,"menu_order":0,"comment_status":"open","ping_status":"open","template":"bibliukaflar.php","meta":{"footnotes":""},"class_list":["post-21078","page","type-page","status-publish","hentry"],"_links":{"self":[{"href":"https:\/\/biblian.is\/videy\/wp-json\/wp\/v2\/pages\/21078","targetHints":{"allow":["GET"]}}],"collection":[{"href":"https:\/\/biblian.is\/videy\/wp-json\/wp\/v2\/pages"}],"about":[{"href":"https:\/\/biblian.is\/videy\/wp-json\/wp\/v2\/types\/page"}],"author":[{"embeddable":true,"href":"https:\/\/biblian.is\/videy\/wp-json\/wp\/v2\/users\/1"}],"replies":[{"embeddable":true,"href":"https:\/\/biblian.is\/videy\/wp-json\/wp\/v2\/comments?post=21078"}],"version-history":[{"count":0,"href":"https:\/\/biblian.is\/videy\/wp-json\/wp\/v2\/pages\/21078\/revisions"}],"wp:attachment":[{"href":"https:\/\/biblian.is\/videy\/wp-json\/wp\/v2\/media?parent=21078"}],"curies":[{"name":"wp","href":"https:\/\/api.w.org\/{rel}","templated":true}]}}