{"id":21073,"date":"2018-01-02T01:00:14","date_gmt":"2018-01-02T01:00:14","guid":{"rendered":"http:\/\/biblian.is\/videy\/domarabokin-13-kafli\/"},"modified":"2018-01-02T01:00:14","modified_gmt":"2018-01-02T01:00:14","slug":"domarabokin-13-kafli","status":"publish","type":"page","link":"https:\/\/biblian.is\/videy\/domarabokin-13-kafli\/","title":{"rendered":"D\u00f3marab\u00f3kin 13. kafli"},"content":{"rendered":"<div class=\"fyrirsognVidey\">Samson f\u00e6\u00f0ist.<\/div>\n<p><a name=\"1\"><span class=\"versanumer\">1<\/span><\/a>Og \u00cdsraelsb\u00f6rn h\u00e9ldu \u00e1fram a\u00f0 gj\u00f6ra \u00fea\u00f0 sem illt var \u00ed augliti Drottins, og Drottinn seldi \u00fe\u00e1 \u00ed Filisteanna h\u00f6nd \u00ed fj\u00f6rut\u00edu \u00e1r. <br \/><a name=\"2\"><span class=\"versanumer\">2<\/span><\/a>En \u00fear var ma\u00f0ur nokkur af S\u00f3ra af Dans\u00e6tt, hv\u00f6rs nafn var Man\u00f3a; og ektakvinna hans var \u00f3byrja, svo h\u00fan \u00e1tti ekki barn.<a name=\"3\"><span class=\"versanumer\">3<\/span><\/a>Og engill Drottins birtist kvinnunni og sag\u00f0i til hennar: sj\u00e1! \u00fe\u00fa ert \u00f3byrja og f\u00e6\u00f0ir ekki, en n\u00fa skalt \u00fe\u00fa \u00feungu\u00f0 ver\u00f0a og f\u00e6\u00f0a son.<a name=\"4\"><span class=\"versanumer\">4<\/span><\/a>En vara \u00fe\u00fa \u00feig vel, a\u00f0 \u00fe\u00fa drekkir ekki v\u00edn, n\u00e9 annan \u00e1fengan drykk, og a\u00f0 \u00fe\u00fa etir ekkert \u00f3hreint!<a name=\"5\"><span class=\"versanumer\">5<\/span><\/a>\u00dev\u00ed \u00fe\u00fa skalt \u00f3l\u00e9tt ver\u00f0a og son f\u00e6\u00f0a \u00e1 hv\u00f6rs h\u00f6fu\u00f0 enginn rakkn\u00edfur skal koma, \u00fev\u00ed a\u00f0 \u00feessi sveinn skal ver\u00f0a Gu\u00f0i helga\u00f0ur allt fr\u00e1 m\u00f3\u00f0url\u00edfi, og hann skal byrja a\u00f0 frelsa \u00cdsrael af Filisteanna hendi.<a name=\"6\"><span class=\"versanumer\">6<\/span><\/a>\u00de\u00e1 f\u00f3r kvinnan og sag\u00f0i til manns s\u00edns, svolei\u00f0is: \u00fear kom gu\u00f0sma\u00f0ur nokkur til m\u00edn, og hans yfirbrag\u00f0 var sem Gu\u00f0s engils, mj\u00f6g <span class='VideyAth'>(\u00f3ttalegt)<\/span>, svo eg spur\u00f0i hann ekki hva\u00f0an hann k\u00e6mi, og ei heldur sag\u00f0i hann m\u00e9r nafn sitt.<a name=\"7\"><span class=\"versanumer\">7<\/span><\/a>En hann sag\u00f0i til m\u00edn: \u00fe\u00fa munt \u00f3l\u00e9tt ver\u00f0a, og son f\u00e6\u00f0a; \u00fe\u00fa skalt ekki v\u00edn drekka n\u00e9 \u00e1fengan drykk og ekkert \u00f3hreint eta, \u00fev\u00ed sveinninn skal vera Gu\u00f0i helga\u00f0ur \u00ed fr\u00e1 m\u00f3\u00f0url\u00edfi til dau\u00f0adags.<a name=\"8\"><span class=\"versanumer\">8<\/span><\/a>\u00de\u00e1 ba\u00f0 Man\u00f3a Drottin og sag\u00f0i: Heyr mig Herra! \u00e6 l\u00e1t \u00feann gu\u00f0smann koma til vor aftur, sem \u00fe\u00fa \u00fatsendir, svo hann kenni okkur hv\u00f6rnig vi\u00f0 skulum fara me\u00f0 sveininn, sem f\u00e6\u00f0ast skal.<a name=\"9\"><span class=\"versanumer\">9<\/span><\/a>Og Gu\u00f0 heyr\u00f0i raustu Man\u00f3a, svo engill Gu\u00f0s kom \u00e1 n\u00fd til kvinnunnar, \u00feegar h\u00fan sat \u00fati \u00e1 m\u00f6rkinni; en ma\u00f0ur hennar Man\u00f3a var \u00fe\u00e1 ekki hj\u00e1 henni.<a name=\"10\"><span class=\"versanumer\">10<\/span><\/a>\u00de\u00e1 fl\u00fdtti kvinnan s\u00e9r og hlj\u00f3p til manns s\u00edns, og kunngj\u00f6r\u00f0i honum segjandi: s\u00e1 ma\u00f0ur hefir byrst m\u00e9r, sem kom til m\u00edn um daginn.<a name=\"11\"><span class=\"versanumer\">11<\/span><\/a>\u00de\u00e1 spratt Man\u00f3a upp og gekk eftir konu sinni, og hann kom til mannsins og sag\u00f0i til hans: ert\u00fa ma\u00f0urinn, sem tala\u00f0ir vi\u00f0 konuna? og hinn svara\u00f0i: j\u00e1, eg er.<a name=\"12\"><span class=\"versanumer\">12<\/span><\/a>Og Man\u00f3a sag\u00f0i: \u00feegar \u00fea\u00f0 r\u00e6tist, sem \u00fe\u00fa hefir sagt, hv\u00f6rja framfer\u00f0 og i\u00f0ju skal \u00fe\u00e1 \u00feessi sveinn hafa?<a name=\"13\"><span class=\"versanumer\">13<\/span><\/a>Drottins engill sag\u00f0i \u00fe\u00e1 til Man\u00f3a: kvinnan skal taka s\u00e9r vara vi\u00f0 \u00f6llu \u00fev\u00ed sem eg hefi sagt henni.<a name=\"14\"><span class=\"versanumer\">14<\/span><\/a>H\u00fan skal \u00e1 engu \u00fev\u00ed bergja, sem af v\u00ednvi\u00f0i kemur, ekki drekka v\u00edn n\u00e9 \u00e1fengan drykk, og ekkert \u00f3hreint eta; allt \u00fea\u00f0, sem eg hefi bo\u00f0i\u00f0 henni, skal h\u00fan halda.<a name=\"15\"><span class=\"versanumer\">15<\/span><\/a>Og Man\u00f3a sag\u00f0i til engils Drottins: leyf okkur a\u00f0 halda \u00fe\u00e9r <span class='VideyAth'>(nokkurn t\u00edma)<\/span> vi\u00f0 viljum \u00fe\u00e1 matb\u00faa handa \u00fe\u00e9r eitt hafurki\u00f0.<a name=\"16\"><span class=\"versanumer\">16<\/span><\/a>En Drottins engill sag\u00f0i til Man\u00f3a: \u00fe\u00f3 \u00fe\u00fa f\u00e1ir haldi\u00f0 m\u00e9r <span class='VideyAth'>(h\u00e9r um t\u00edma)<\/span> \u00fe\u00e1 et eg <span class='VideyAth'>(samt)<\/span> ekki af \u00fe\u00ednum mat; en ef \u00fe\u00fa vilt gj\u00f6ra brennif\u00f3rn, \u00fe\u00e1 m\u00e1ttu offra henni Drottni, \u00fev\u00ed Man\u00f3a vissi ekki a\u00f0 \u00fea\u00f0 var engill Drottins.<a name=\"17\"><span class=\"versanumer\">17<\/span><\/a>\u00de\u00e1 sag\u00f0i Man\u00f3a til engils Drottins: hv\u00f6rt er nafn \u00feitt, svo v\u00e9r megum vegsama \u00feig, n\u00e6r \u00fea\u00f0 er fram komi\u00f0, sem \u00fe\u00fa hefir sagt?<a name=\"18\"><span class=\"versanumer\">18<\/span><\/a>Engill Drottins svara\u00f0i honum: \u00fev\u00ed spyr \u00fe\u00fa svo um mitt nafn, \u00fev\u00ed \u00fea\u00f0 er undarlegt.<a name=\"19\"><span class=\"versanumer\">19<\/span><\/a>\u00de\u00e1 t\u00f3k Man\u00f3a hafurki\u00f0 eitt og matoffur, og hann offra\u00f0i \u00fev\u00ed Drottni \u00e1 <span class='VideyAth'>(einum)<\/span> kletti; en hann <span class='VideyAth'>(engillinn)<\/span> gj\u00f6r\u00f0i undur, svo Man\u00f3a og hans kvinna horf\u00f0u \u00e1.<a name=\"20\"><span class=\"versanumer\">20<\/span><\/a>\u00dev\u00ed \u00feegar logann lag\u00f0i upp af altarinu \u00ed himininn, \u00fe\u00e1 f\u00f3r engill Drottins upp \u00ed loganum af altarinu; \u00feegar Man\u00f3a og kona hans s\u00e1u \u00fea\u00f0, f\u00e9llu \u00feau fram \u00e1 s\u00ednar \u00e1sj\u00f3nur til jar\u00f0ar.<a name=\"21\"><span class=\"versanumer\">21<\/span><\/a>Og engill Drottins birtist ekki framar fyrir Man\u00f3a og kvinnu hans; \u00fe\u00e1 skildi Man\u00f3a a\u00f0 \u00feetta var engill Drottins.<a name=\"22\"><span class=\"versanumer\">22<\/span><\/a>Og hann sag\u00f0i til sinnar kvinnu: vissulega munum vi\u00f0 deyja, \u00fear e\u00f0 vi\u00f0 h\u00f6fum s\u00e9\u00f0 Gu\u00f0.<a name=\"23\"><span class=\"versanumer\">23<\/span><\/a>En kona hans svara\u00f0i honum: ef Drottinn hef\u00f0i vilja\u00f0 dey\u00f0a okkur, \u00fe\u00e1 hef\u00f0i hann hv\u00f6rki \u00feegi\u00f0 brennif\u00f3rnina n\u00e9 matoffri\u00f0 af okkar h\u00f6ndum. Hann hef\u00f0i ekki heldur l\u00e1ti\u00f0 okkur sj\u00e1 allt \u00feetta, og \u00e1 \u00feessum t\u00edma ekki unnt okkur a\u00f0 heyra \u00fev\u00edl\u00edka hluti.<a name=\"24\"><span class=\"versanumer\">24<\/span><\/a>Og kvinnan f\u00e6ddi son, og kalla\u00f0i nafn hans Samson; og sveinninn v\u00f3x upp, og Drottinn blessa\u00f0i hann.<a name=\"25\"><span class=\"versanumer\">25<\/span><\/a>Og Andi Drottins t\u00f3k a\u00f0 kn\u00fdja hann <span class='VideyAth'>(til afreksverka)<\/span> \u00ed herb\u00fa\u00f0um Dans, <span class='VideyAth'>(sem l\u00e1gu)<\/span> millum Sora og Estah\u00f3l.<\/p>\n<div class=\"footnoteVidey\">V. 1. D\u00f3m. 3,12. 8,33. 10,6.  V. 2. J\u00f3s. 19,41.  V. 3. L\u00fak. 1,13.31.  V. 4. 4 M\u00f3s. 6,3. 3 M\u00f3s. 10,9.  V. 5. 1 M\u00f3s. 16,11. L\u00fak. 1,31. 4 M\u00f3s. 6,5. 1 Sam. 1,11.  V. 7. 4 M\u00f3s. 6,3.  V. 13. Engillinn svara\u00f0i ekki beint upp \u00e1 spurningu Man\u00f3a, \u00fear hann s\u00fdndist hn\u00fdsast vilja um barnsins forl\u00f6g.  V. 14. 4 M\u00f3s. 6,3. Ez. 44,21. L\u00fak. 1,15.  V. 15. D\u00f3m. 6,18.  V. 17. 1 M\u00f3s. 32,29.  V. 17. 1 M\u00f3s. 32,29.  V. 18. Es. 9,6. mitt nafn er undarlegt e\u00f0a \u00f3gr\u00edpanlegt.  V. 22. D\u00f3m. 6,22.23. 2 M\u00f3s. 19,21. 33,20.  V. 25. Matth. 4,1. L\u00fak. 4,1. D\u00f3m. 18,8.11.<\/div>\n","protected":false},"excerpt":{"rendered":"<p>Samson f\u00e6\u00f0ist. 1Og \u00cdsraelsb\u00f6rn h\u00e9ldu \u00e1fram a\u00f0 gj\u00f6ra \u00fea\u00f0 sem illt var \u00ed augliti Drottins, og Drottinn seldi \u00fe\u00e1 \u00ed Filisteanna h\u00f6nd \u00ed fj\u00f6rut\u00edu \u00e1r. 2En \u00fear var ma\u00f0ur nokkur af S\u00f3ra af Dans\u00e6tt, hv\u00f6rs nafn var Man\u00f3a; og ektakvinna hans var \u00f3byrja, svo h\u00fan \u00e1tti ekki barn.3Og engill Drottins birtist kvinnunni og sag\u00f0i til hennar: sj\u00e1! \u00fe\u00fa ert \u00f3byrja og f\u00e6\u00f0ir ekki, en n\u00fa skalt \u00fe\u00fa \u00feungu\u00f0 ver\u00f0a og f\u00e6\u00f0a son.4En vara \u00fe\u00fa \u00feig vel, a\u00f0 \u00fe\u00fa drekkir ekki v\u00edn, n\u00e9 annan \u00e1fengan drykk, og a\u00f0 \u00fe\u00fa etir ekkert \u00f3hreint!5\u00dev\u00ed \u00fe\u00fa skalt \u00f3l\u00e9tt ver\u00f0a og son f\u00e6\u00f0a \u00e1 hv\u00f6rs <a href=\"https:\/\/biblian.is\/videy\/domarabokin-13-kafli\/\"> [&#8230;]<\/a><\/p>\n","protected":false},"author":1,"featured_media":0,"parent":0,"menu_order":0,"comment_status":"open","ping_status":"open","template":"bibliukaflar.php","meta":{"footnotes":""},"class_list":["post-21073","page","type-page","status-publish","hentry"],"_links":{"self":[{"href":"https:\/\/biblian.is\/videy\/wp-json\/wp\/v2\/pages\/21073","targetHints":{"allow":["GET"]}}],"collection":[{"href":"https:\/\/biblian.is\/videy\/wp-json\/wp\/v2\/pages"}],"about":[{"href":"https:\/\/biblian.is\/videy\/wp-json\/wp\/v2\/types\/page"}],"author":[{"embeddable":true,"href":"https:\/\/biblian.is\/videy\/wp-json\/wp\/v2\/users\/1"}],"replies":[{"embeddable":true,"href":"https:\/\/biblian.is\/videy\/wp-json\/wp\/v2\/comments?post=21073"}],"version-history":[{"count":0,"href":"https:\/\/biblian.is\/videy\/wp-json\/wp\/v2\/pages\/21073\/revisions"}],"wp:attachment":[{"href":"https:\/\/biblian.is\/videy\/wp-json\/wp\/v2\/media?parent=21073"}],"curies":[{"name":"wp","href":"https:\/\/api.w.org\/{rel}","templated":true}]}}