{"id":21070,"date":"2018-01-02T01:00:14","date_gmt":"2018-01-02T01:00:14","guid":{"rendered":"http:\/\/biblian.is\/videy\/domarabokin-10-kafli\/"},"modified":"2018-01-02T01:00:14","modified_gmt":"2018-01-02T01:00:14","slug":"domarabokin-10-kafli","status":"publish","type":"page","link":"https:\/\/biblian.is\/videy\/domarabokin-10-kafli\/","title":{"rendered":"D\u00f3marab\u00f3kin 10. kafli"},"content":{"rendered":"<div class=\"fyrirsognVidey\">T\u00f3la og Ja\u00edr (d\u00f3marar); \u00cdsraelsf\u00f3lk kemst aftur \u00ed kr\u00f6ggur.<\/div>\n<p><a name=\"1\"><span class=\"versanumer\">1<\/span><\/a>Eftir Ab\u00edmelek uppreis T\u00f3la, sonur P\u00faa, sonar Dod\u00f3, ma\u00f0ur af \u00cdsaskars\u00e6tt til a\u00f0 frelsa \u00cdsrael.<a name=\"2\"><span class=\"versanumer\">2<\/span><\/a>Og hann bj\u00f3 \u00ed Sam\u00edr \u00e1 Efraimsfjalli. Hann d\u00e6mdi \u00cdsrael tuttugu og \u00ferj\u00fa \u00e1r, dey\u00f0i s\u00ed\u00f0an og var grafinn \u00ed Sam\u00edr. <br \/><a name=\"3\"><span class=\"versanumer\">3<\/span><\/a>Eftir hann uppreis Ja\u00edr, G\u00edlea\u00f0\u00edti, og d\u00e6mdi \u00cdsrael \u00ed tuttugu og tv\u00f6 \u00e1r.<a name=\"4\"><span class=\"versanumer\">4<\/span><\/a>Hann \u00e1tti \u00ferj\u00e1t\u00edu sonu, hv\u00f6rjir e\u00f0 ri\u00f0u \u00e1 \u00ferj\u00e1t\u00edu \u00f6snufolum. Hann \u00e1tti og \u00ferj\u00e1t\u00edu sta\u00f0i, sem k\u00f6llu\u00f0ust Ja\u00edrs\u00feorp, allt til \u00feessa dags, og liggja \u00ed G\u00edlea\u00f0slandi.<a name=\"5\"><span class=\"versanumer\">5<\/span><\/a>Og Ja\u00edr d\u00f3, og var grafinn \u00ed Kamon.<br \/><a name=\"6\"><span class=\"versanumer\">6<\/span><\/a>\u00cdsraels b\u00f6rn h\u00e9ldu s\u00ed\u00f0an \u00e1fram a\u00f0 gj\u00f6ra illt \u00ed augliti Drottins og \u00fej\u00f3nu\u00f0u Baal\u00edm og Astarot og afgu\u00f0unum \u00ed Syr\u00eda og \u00ed S\u00eddon, l\u00edka M\u00f3abs gu\u00f0um, samt Ammons og Filisteanna gu\u00f0um, en yfirg\u00e1fu Drottin og \u00fej\u00f3nu\u00f0u honum ekki.<a name=\"7\"><span class=\"versanumer\">7<\/span><\/a>\u00de\u00e1 uppkveiktist rei\u00f0i Drottins m\u00f3ti \u00cdsrael, og hann seldi \u00fe\u00e1 undir hendur Filisteanna og Ammonsbarna.<a name=\"8\"><span class=\"versanumer\">8<\/span><\/a>Og \u00feeir \u00fevingu\u00f0u og \u00fej\u00e1\u00f0u \u00cdsraelsb\u00f6rn \u00e1 \u00fev\u00ed <span class='VideyAth'>(sama)<\/span> \u00e1ri; j\u00e1, \u00ed \u00e1tj\u00e1n \u00e1r <span class='VideyAth'>(pl\u00e1gu\u00f0u \u00feeir)<\/span> \u00f6ll \u00cdsraelsb\u00f6rn, sem voru hinumegin J\u00f3rdanar \u00ed landi Amor\u00edtanna, sem er \u00ed G\u00edlea\u00f0.<a name=\"9\"><span class=\"versanumer\">9<\/span><\/a>S\u00ed\u00f0an f\u00f3ru Ammonsb\u00f6rn yfirum J\u00f3rdan, til \u00feess a\u00f0 str\u00ed\u00f0a l\u00edka m\u00f3ti J\u00fada og Benjam\u00edn og m\u00f3ti Efraims h\u00fasi, svo \u00cdsrael komst \u00ed miklar nau\u00f0ir.<a name=\"10\"><span class=\"versanumer\">10<\/span><\/a>\u00de\u00e1 hr\u00f3pu\u00f0u \u00cdsraelsb\u00f6rn til Drottins, og s\u00f6g\u00f0u: v\u00e9r h\u00f6fum syndga\u00f0 m\u00f3ti \u00fe\u00e9r, \u00fev\u00ed v\u00e9r h\u00f6fum yfirgefi\u00f0 vorn Gu\u00f0 og \u00fej\u00f3na\u00f0 Baal\u00edm.<a name=\"11\"><span class=\"versanumer\">11<\/span><\/a>En Drottinn sag\u00f0i til \u00cdsraelsbarna: h\u00f6f\u00f0u ekki <span class='VideyAth'>(fjandmenn y\u00f0ar)<\/span> egypskir, Amor\u00edtar, Ammon\u00edtar og Filistear;<a name=\"12\"><span class=\"versanumer\">12<\/span><\/a>l\u00edka S\u00eddon\u00edtar, Amalek\u00edtar og Ma\u00f3n\u00edtar undiroka\u00f0 y\u00f0ur? en sem \u00fe\u00e9r hr\u00f3pu\u00f0u\u00f0 til m\u00edn, frelsa\u00f0i eg y\u00f0ur af \u00feeirra hendi;<a name=\"13\"><span class=\"versanumer\">13<\/span><\/a>og samt hafi\u00f0 \u00fe\u00e9r n\u00fa yfirgefi\u00f0 mig og \u00fej\u00f3na\u00f0 annarlegum gu\u00f0um; \u00feess vegna vil eg ekki framar meir hj\u00e1lpa y\u00f0ur; fari\u00f0 n\u00fa og hr\u00f3pi\u00f0 til \u00feeirra gu\u00f0a, sem \u00fe\u00e9r hafi\u00f0 \u00fatvali\u00f0 y\u00f0ur;<a name=\"14\"><span class=\"versanumer\">14<\/span><\/a>l\u00e1ti\u00f0 \u00fe\u00e1 frelsa y\u00f0ur \u00e1 y\u00f0ar \u00fej\u00e1ningart\u00edma. \u00de\u00e1 s\u00f6g\u00f0u \u00cdsraels b\u00f6rn til Drottins:<a name=\"15\"><span class=\"versanumer\">15<\/span><\/a>v\u00e9r h\u00f6fum syndgast, gj\u00f6r \u00fe\u00fa vi\u00f0 oss r\u00e9tt eftir \u00fev\u00ed sem gott er fyrir \u00fe\u00ednum augum; en frelsa\u00f0\u00fa oss, <span class='VideyAth'>(a\u00f0eins)<\/span> \u00ed \u00feetta sinn.<a name=\"16\"><span class=\"versanumer\">16<\/span><\/a>S\u00ed\u00f0an k\u00f6stu\u00f0u \u00feeir fr\u00e1 s\u00e9r annarlegum gu\u00f0um og \u00fej\u00f3nu\u00f0u Drottni; og \u00fe\u00e1 kenndi hann \u00ed brj\u00f3sti um \u00cdsrael, a\u00f0 hann var svo pl\u00e1ga\u00f0ur.<a name=\"17\"><span class=\"versanumer\">17<\/span><\/a>Og Ammonsb\u00f6rn voru samank\u00f6llu\u00f0, og settu herb\u00fa\u00f0ir s\u00ednar \u00ed G\u00edlea\u00f0, en \u00cdsraelsb\u00f6rn s\u00f6fnu\u00f0ust saman og settu herb\u00fa\u00f0ir \u00ed Mispa. Og h\u00f6f\u00f0ingjar f\u00f3lksins \u00ed G\u00edlea\u00f0 s\u00f6g\u00f0u hv\u00f6r til annars:<a name=\"18\"><span class=\"versanumer\">18<\/span><\/a>hv\u00f6r er s\u00e1 ma\u00f0ur, er fyrstur vill hefja str\u00ed\u00f0 m\u00f3ti Ammonsb\u00f6rnum? hann skal ver\u00f0a h\u00f6f\u00f0ingi allra \u00feeirra, sem b\u00faa \u00ed G\u00edlea\u00f0.<\/p>\n<div class=\"footnoteVidey\">V. 3. 4 M\u00f3s. 32,41.  V. 4. D\u00f3m. 12,14. 1 Kron. 2,22.  V. 6. D\u00f3m. 3,12. 4,1. 1 Sam. 7,34.  V. 7. D\u00f3m. 2,14. 3,8. 4,2.  V. 10. D\u00f3m. 3,9\u201315. 4,3. 4 M\u00f3s. 21,7.  V. 13. 5 M\u00f3s. 32,16.20.21. Jer. 2,3.  V. 14. 5 M\u00f3s. 32,38. 1 Sam. 12,21. Jer. 2,28.  V. 15. 1 Sam. 7,6. 12,10.  V. 16. 1 M\u00f3s. 35,2. 1 Sam. 7,4. 1 M\u00f3s. 6,6. 4 M\u00f3s. 21,4.  V. 18. D\u00f3m. 11,6.8.9.<\/div>\n","protected":false},"excerpt":{"rendered":"<p>T\u00f3la og Ja\u00edr (d\u00f3marar); \u00cdsraelsf\u00f3lk kemst aftur \u00ed kr\u00f6ggur. 1Eftir Ab\u00edmelek uppreis T\u00f3la, sonur P\u00faa, sonar Dod\u00f3, ma\u00f0ur af \u00cdsaskars\u00e6tt til a\u00f0 frelsa \u00cdsrael.2Og hann bj\u00f3 \u00ed Sam\u00edr \u00e1 Efraimsfjalli. Hann d\u00e6mdi \u00cdsrael tuttugu og \u00ferj\u00fa \u00e1r, dey\u00f0i s\u00ed\u00f0an og var grafinn \u00ed Sam\u00edr. 3Eftir hann uppreis Ja\u00edr, G\u00edlea\u00f0\u00edti, og d\u00e6mdi \u00cdsrael \u00ed tuttugu og tv\u00f6 \u00e1r.4Hann \u00e1tti \u00ferj\u00e1t\u00edu sonu, hv\u00f6rjir e\u00f0 ri\u00f0u \u00e1 \u00ferj\u00e1t\u00edu \u00f6snufolum. Hann \u00e1tti og \u00ferj\u00e1t\u00edu sta\u00f0i, sem k\u00f6llu\u00f0ust Ja\u00edrs\u00feorp, allt til \u00feessa dags, og liggja \u00ed G\u00edlea\u00f0slandi.5Og Ja\u00edr d\u00f3, og var grafinn \u00ed Kamon.6\u00cdsraels b\u00f6rn h\u00e9ldu s\u00ed\u00f0an \u00e1fram a\u00f0 gj\u00f6ra illt \u00ed augliti Drottins og <a href=\"https:\/\/biblian.is\/videy\/domarabokin-10-kafli\/\"> [&#8230;]<\/a><\/p>\n","protected":false},"author":1,"featured_media":0,"parent":0,"menu_order":0,"comment_status":"open","ping_status":"open","template":"bibliukaflar.php","meta":{"footnotes":""},"class_list":["post-21070","page","type-page","status-publish","hentry"],"_links":{"self":[{"href":"https:\/\/biblian.is\/videy\/wp-json\/wp\/v2\/pages\/21070","targetHints":{"allow":["GET"]}}],"collection":[{"href":"https:\/\/biblian.is\/videy\/wp-json\/wp\/v2\/pages"}],"about":[{"href":"https:\/\/biblian.is\/videy\/wp-json\/wp\/v2\/types\/page"}],"author":[{"embeddable":true,"href":"https:\/\/biblian.is\/videy\/wp-json\/wp\/v2\/users\/1"}],"replies":[{"embeddable":true,"href":"https:\/\/biblian.is\/videy\/wp-json\/wp\/v2\/comments?post=21070"}],"version-history":[{"count":0,"href":"https:\/\/biblian.is\/videy\/wp-json\/wp\/v2\/pages\/21070\/revisions"}],"wp:attachment":[{"href":"https:\/\/biblian.is\/videy\/wp-json\/wp\/v2\/media?parent=21070"}],"curies":[{"name":"wp","href":"https:\/\/api.w.org\/{rel}","templated":true}]}}