{"id":21059,"date":"2018-01-02T01:00:08","date_gmt":"2018-01-02T01:00:08","guid":{"rendered":"http:\/\/biblian.is\/videy\/josuabok-23-kafli\/"},"modified":"2018-01-02T01:00:08","modified_gmt":"2018-01-02T01:00:08","slug":"josuabok-23-kafli","status":"publish","type":"page","link":"https:\/\/biblian.is\/videy\/josuabok-23-kafli\/","title":{"rendered":"J\u00f3s\u00faab\u00f3k 23. kafli"},"content":{"rendered":"<div class=\"fyrirsognVidey\">J\u00f3s\u00faa stefnir \u00feing; hans \u00e1minning til f\u00f3lksins.<\/div>\n<p><a name=\"1\"><span class=\"versanumer\">1<\/span><\/a>L\u00f6ngum t\u00edma eftir \u00fea\u00f0 a\u00f0 Drottinn haf\u00f0i gefi\u00f0 \u00cdsrael fri\u00f0 fyrir \u00f6llum \u00feeirra \u00f3vinum allt \u00ed kring, og J\u00f3s\u00faa var mj\u00f6g hniginn \u00e1 hinn efra aldur,<a name=\"2\"><span class=\"versanumer\">2<\/span><\/a>kalla\u00f0i hann saman allan \u00cdsraelsl\u00fd\u00f0, \u00f6ldungana, h\u00f6f\u00f0ingjana, d\u00f3mendur og skrifara, og sag\u00f0i til \u00feeirra: gamall gj\u00f6rist eg n\u00fa og aldurhniginn;<a name=\"3\"><span class=\"versanumer\">3<\/span><\/a>\u00fe\u00e9r hafi\u00f0 sj\u00e1lfir s\u00e9\u00f0 allt \u00fea\u00f0 sem Drottinn, y\u00f0ar Gu\u00f0 hefir gj\u00f6rt \u00f6llum \u00feessum hei\u00f0ingjum y\u00f0ar vegna, \u00fev\u00ed Drottinn, y\u00f0ar Gu\u00f0, hefir barist fyrir y\u00f0ur.<a name=\"4\"><span class=\"versanumer\">4<\/span><\/a>Sj\u00e1i\u00f0! me\u00f0 hlutkesti hefi eg \u00fathluta\u00f0 s\u00e9rhv\u00f6rri \u00e6ttkv\u00edsl y\u00f0ar til arfs \u00feeim hei\u00f0ingjum, sem enn eru eftir, og eins \u00f6llum \u00feeim hei\u00f0ingjum, sem eg hefi eytt, fr\u00e1 J\u00f3rdanar\u00e1 til Hafsins mikla, \u00fear sem s\u00f3lin gengur ni\u00f0ur;<a name=\"5\"><span class=\"versanumer\">5<\/span><\/a>og Drottinn y\u00f0ar Gu\u00f0 mun st\u00f6kkva \u00feeim undan y\u00f0ur, og \u00fatreka \u00fe\u00e1 fr\u00e1 y\u00f0ur og \u00fe\u00e9r skulu\u00f0 f\u00e1 land \u00feeirra til eignar, eins og Drottinn, y\u00f0ar Gu\u00f0, hefir lofa\u00f0 y\u00f0ur<a name=\"6\"><span class=\"versanumer\">6<\/span><\/a>veri\u00f0 n\u00fa einhuga \u00ed \u00fev\u00ed, a\u00f0 halda og gj\u00f6ra allt \u00fea\u00f0 sem fyrirskrifa\u00f0 er \u00ed l\u00f6gb\u00f3k M\u00f3sis, svo \u00fe\u00e9r skeiki\u00f0 ekki \u00fearfr\u00e1 til h\u00e6gri n\u00e9 vinstri handar;<a name=\"7\"><span class=\"versanumer\">7<\/span><\/a>svo a\u00f0 \u00fe\u00e9r samlagi\u00f0 y\u00f0ur ekki \u00feeim \u00fej\u00f3\u00f0um, sem eftir eru hj\u00e1 y\u00f0ur, nefni\u00f0 ekki Gu\u00f0i \u00feeirra \u00e1 nafn, sverji\u00f0 ekki vi\u00f0 \u00fe\u00e1, \u00fej\u00f3ni\u00f0 \u00feeim ekki, og falli\u00f0 ekki fram fyrir \u00feeim,<a name=\"8\"><span class=\"versanumer\">8<\/span><\/a>heldur veri\u00f0 fastheldnir vi\u00f0 Drottin y\u00f0ar Gu\u00f0, eins og \u00fe\u00e9r hinga\u00f0 til hafi\u00f0 veri\u00f0;<a name=\"9\"><span class=\"versanumer\">9<\/span><\/a>hann hefir l\u00edka reki\u00f0 upp fr\u00e1 y\u00f0ur miklar og voldugar \u00fej\u00f3\u00f0ir, og hefir enginn geta\u00f0 veitt y\u00f0ur m\u00f3tst\u00f6\u00f0u til \u00feessa.<a name=\"10\"><span class=\"versanumer\">10<\/span><\/a>\u00de\u00fasund \u00feeirra skal fyrir einum y\u00f0ar fl\u00f3ttaf\u00f6r fara, \u00fev\u00ed Drottinn y\u00f0ar Gu\u00f0, berst fyrir y\u00f0ur, eins og hann hefir lofa\u00f0 y\u00f0ur.<a name=\"11\"><span class=\"versanumer\">11<\/span><\/a>G\u00e6ti\u00f0 \u00fear fyrir vandlega y\u00f0ar hugskots, svo a\u00f0 \u00fe\u00e9r elski\u00f0 Drottin y\u00f0ar Gu\u00f0.<a name=\"12\"><span class=\"versanumer\">12<\/span><\/a>En ef \u00fe\u00e9r sn\u00fai\u00f0 y\u00f0ur fr\u00e1 honum, og a\u00f0hyllist \u00fe\u00e6r \u00fej\u00f3\u00f0ir, sem enn eru eftir hj\u00e1 y\u00f0ur, bindi\u00f0 tengdir vi\u00f0 \u00fe\u00e6r og blandist vi\u00f0 \u00fe\u00e6r, og \u00fe\u00e6r vi\u00f0 y\u00f0ur,<a name=\"13\"><span class=\"versanumer\">13<\/span><\/a>\u00fe\u00e1 viti\u00f0 fyrir v\u00edst, a\u00f0 Drottinn y\u00f0ar Gu\u00f0, mun ekki framar st\u00f6kkva \u00feessum \u00fej\u00f3\u00f0um burt fr\u00e1 y\u00f0ur, heldur skulu \u00fe\u00e6r ver\u00f0a y\u00f0ur a\u00f0 sn\u00f6ru og f\u00f3takefli, a\u00f0 hirtingarhr\u00edsi \u00e1 y\u00f0ur og a\u00f0 \u00feyrnum \u00ed y\u00f0ar augum, \u00fear til \u00fe\u00e9r ver\u00f0i\u00f0 afm\u00e1\u00f0ir \u00far \u00feessu g\u00f3\u00f0a landi, sem Drottinn, y\u00f0ar Gu\u00f0, hefir gefi\u00f0 y\u00f0ur.<a name=\"14\"><span class=\"versanumer\">14<\/span><\/a>Sj\u00e1i\u00f0! senn geng eg veg allrar veraldar, en \u00fe\u00e9r skulu\u00f0 vita af \u00f6llu y\u00f0ar hjarta, og allri y\u00f0ar s\u00e1lu, a\u00f0 ekkert hefir brug\u00f0ist af \u00f6llum \u00feeim fyrirheitum, sem Drottinn, y\u00f0ar Gu\u00f0, hefir gefi\u00f0 y\u00f0ur; \u00f6ll eru \u00feau uppfyllt, svo ekkert hefir \u00e1brosti\u00f0.<a name=\"15\"><span class=\"versanumer\">15<\/span><\/a>En eins og \u00f6ll fyrirheit Drottins, y\u00f0ar Gu\u00f0s, hafa r\u00e6st \u00e1 y\u00f0ur, svo mun Drottinn l\u00e1ta s\u00ednar h\u00f3tanir \u00e1 y\u00f0ur r\u00e6tast, \u00fear til hann hefir afm\u00e1\u00f0 y\u00f0ur af \u00feessu g\u00f3\u00f0a landi, sem Drottinn, y\u00f0ar Gu\u00f0, hefir gefi\u00f0 y\u00f0ur.<a name=\"16\"><span class=\"versanumer\">16<\/span><\/a>Ef \u00fe\u00e9r rj\u00fafi\u00f0 \u00fea\u00f0 s\u00e1ttm\u00e1l, sem Drottinn, y\u00f0ar Gu\u00f0, bau\u00f0 y\u00f0ur a\u00f0 halda, fari\u00f0 og \u00fej\u00f3ni\u00f0 annarlegum gu\u00f0um, og tilbi\u00f0ji\u00f0 \u00fe\u00e1, \u00fe\u00e1 skal rei\u00f0i Drottins upptendrast gegn y\u00f0ur, og y\u00f0ur skal skyndilega ver\u00f0a \u00ed burtu svipt \u00far \u00feessu fagra landi, sem hann hefir gefi\u00f0 y\u00f0ur.<\/p>\n<div class=\"footnoteVidey\"><\/div>\n","protected":false},"excerpt":{"rendered":"<p>J\u00f3s\u00faa stefnir \u00feing; hans \u00e1minning til f\u00f3lksins. 1L\u00f6ngum t\u00edma eftir \u00fea\u00f0 a\u00f0 Drottinn haf\u00f0i gefi\u00f0 \u00cdsrael fri\u00f0 fyrir \u00f6llum \u00feeirra \u00f3vinum allt \u00ed kring, og J\u00f3s\u00faa var mj\u00f6g hniginn \u00e1 hinn efra aldur,2kalla\u00f0i hann saman allan \u00cdsraelsl\u00fd\u00f0, \u00f6ldungana, h\u00f6f\u00f0ingjana, d\u00f3mendur og skrifara, og sag\u00f0i til \u00feeirra: gamall gj\u00f6rist eg n\u00fa og aldurhniginn;3\u00fe\u00e9r hafi\u00f0 sj\u00e1lfir s\u00e9\u00f0 allt \u00fea\u00f0 sem Drottinn, y\u00f0ar Gu\u00f0 hefir gj\u00f6rt \u00f6llum \u00feessum hei\u00f0ingjum y\u00f0ar vegna, \u00fev\u00ed Drottinn, y\u00f0ar Gu\u00f0, hefir barist fyrir y\u00f0ur.4Sj\u00e1i\u00f0! me\u00f0 hlutkesti hefi eg \u00fathluta\u00f0 s\u00e9rhv\u00f6rri \u00e6ttkv\u00edsl y\u00f0ar til arfs \u00feeim hei\u00f0ingjum, sem enn eru eftir, og eins \u00f6llum \u00feeim hei\u00f0ingjum, sem eg hefi <a href=\"https:\/\/biblian.is\/videy\/josuabok-23-kafli\/\"> [&#8230;]<\/a><\/p>\n","protected":false},"author":1,"featured_media":0,"parent":0,"menu_order":0,"comment_status":"open","ping_status":"open","template":"bibliukaflar.php","meta":{"footnotes":""},"class_list":["post-21059","page","type-page","status-publish","hentry"],"_links":{"self":[{"href":"https:\/\/biblian.is\/videy\/wp-json\/wp\/v2\/pages\/21059","targetHints":{"allow":["GET"]}}],"collection":[{"href":"https:\/\/biblian.is\/videy\/wp-json\/wp\/v2\/pages"}],"about":[{"href":"https:\/\/biblian.is\/videy\/wp-json\/wp\/v2\/types\/page"}],"author":[{"embeddable":true,"href":"https:\/\/biblian.is\/videy\/wp-json\/wp\/v2\/users\/1"}],"replies":[{"embeddable":true,"href":"https:\/\/biblian.is\/videy\/wp-json\/wp\/v2\/comments?post=21059"}],"version-history":[{"count":0,"href":"https:\/\/biblian.is\/videy\/wp-json\/wp\/v2\/pages\/21059\/revisions"}],"wp:attachment":[{"href":"https:\/\/biblian.is\/videy\/wp-json\/wp\/v2\/media?parent=21059"}],"curies":[{"name":"wp","href":"https:\/\/api.w.org\/{rel}","templated":true}]}}