{"id":21058,"date":"2018-01-02T01:00:08","date_gmt":"2018-01-02T01:00:08","guid":{"rendered":"http:\/\/biblian.is\/videy\/josuabok-22-kafli\/"},"modified":"2018-01-02T01:00:08","modified_gmt":"2018-01-02T01:00:08","slug":"josuabok-22-kafli","status":"publish","type":"page","link":"https:\/\/biblian.is\/videy\/josuabok-22-kafli\/","title":{"rendered":"J\u00f3s\u00faab\u00f3k 22. kafli"},"content":{"rendered":"<div class=\"fyrirsognVidey\">R\u00fabens, Ga\u00f0s og Manassis \u00e6ttkv\u00edsl fara til heimkynna sinna; byggja altari vi\u00f0 J\u00f3rdan.<\/div>\n<p><a name=\"1\"><span class=\"versanumer\">1<\/span><\/a>N\u00fa kalla\u00f0i J\u00f3s\u00faa R\u00fabens, Ga\u00f0s, og \u00fe\u00e1 h\u00e1lfu Manassis \u00e6ttkv\u00edsl fyrir sig,<a name=\"2\"><span class=\"versanumer\">2<\/span><\/a>og sag\u00f0i vi\u00f0 \u00fe\u00e1: dyggilega hafi\u00f0 \u00fe\u00e9r hl\u00fdtt \u00fev\u00ed \u00f6llu, sem M\u00f3ses Drottins \u00fej\u00f3n bau\u00f0 y\u00f0ur; m\u00e9r hafi\u00f0 \u00fe\u00e9r og hl\u00fd\u00f0nir veri\u00f0 \u00ed \u00f6llu, sem eg hefi fyrir y\u00f0ur lagt.<a name=\"3\"><span class=\"versanumer\">3<\/span><\/a>\u00cd langan t\u00edma og allt fram \u00e1 \u00feenna dag hafi\u00f0 \u00fe\u00e9r fylgi veitt br\u00e6\u00f0rum y\u00f0ar, og var\u00f0veitt hl\u00fd\u00f0ni vi\u00f0 bo\u00f0or\u00f0 Drottins, y\u00f0ar Gu\u00f0s.<a name=\"4\"><span class=\"versanumer\">4<\/span><\/a>En n\u00fa hefir Drottinn eftir lofor\u00f0i s\u00ednu gefi\u00f0 br\u00e6\u00f0rum y\u00f0ar hv\u00edld, fari\u00f0 \u00fe\u00e9r \u00feess vegna til baka til tjalda y\u00f0varra og y\u00f0ar eignarlands, sem M\u00f3ses Drottins \u00fej\u00f3n \u00fathluta\u00f0i y\u00f0ur hinumegin J\u00f3rdanar.<a name=\"5\"><span class=\"versanumer\">5<\/span><\/a>G\u00e6ti\u00f0 \u00feess einungis, a\u00f0 \u00fe\u00e9r haldi\u00f0 vel l\u00f6gm\u00e1l \u00fea\u00f0 og bo\u00f0, sem M\u00f3ses Drottins \u00fej\u00f3n gaf y\u00f0ur, a\u00f0 \u00fe\u00e9r elski\u00f0 Drottin y\u00f0ar Gu\u00f0, gangi\u00f0 \u00e1 \u00f6llum hans vegum, geymi\u00f0 hans bo\u00f0, haldi\u00f0 y\u00f0ur fastlega til hans og \u00fej\u00f3ni\u00f0 honum af \u00f6llu y\u00f0ar hjarta og allri y\u00f0ar s\u00e1lu!<a name=\"6\"><span class=\"versanumer\">6<\/span><\/a>S\u00ed\u00f0an blessa\u00f0i J\u00f3s\u00faa \u00fe\u00e1 og gaf \u00feeim fararleyfi, og f\u00f3ru \u00feeir til tjalda sinna. <br \/><a name=\"7\"><span class=\"versanumer\">7<\/span><\/a>\u00d6\u00f0rum helmingi Manassis \u00e6ttkv\u00edslar haf\u00f0i M\u00f3ses landi skipt \u00ed Basan; en hinum helmingnum J\u00f3s\u00faa h\u00e9rnamegin J\u00f3rdanar a\u00f0 vestanver\u00f0u. En \u00feegar J\u00f3s\u00faa gaf \u00feeim fararleyfi til tjalda sinna, blessa\u00f0i hann \u00fe\u00e1,<a name=\"8\"><span class=\"versanumer\">8<\/span><\/a>og sag\u00f0i til \u00feeirra: \u00fe\u00e9r fari\u00f0 n\u00fa heim til y\u00f0ar tjalda me\u00f0 au\u00f0\u00e6fi mikil, me\u00f0 miklar hjar\u00f0ir, silfur, gull, eir og j\u00e1rn, og mj\u00f6g miki\u00f0 af kl\u00e6\u00f0na\u00f0i, mi\u00f0li\u00f0 n\u00fa br\u00e6\u00f0rum y\u00f0ar nokkru af \u00feessu, sem \u00fe\u00e9r hafi\u00f0 a\u00f0 herfangi teki\u00f0 af \u00f3vinunum.<br \/><a name=\"9\"><span class=\"versanumer\">9<\/span><\/a>Eftir \u00feetta sneru \u00feeir R\u00fabens og Ga\u00f0s ni\u00f0jar og helmingur Manassis \u00e6ttkv\u00edslar til baka, og skildu vi\u00f0 \u00cdsraelsb\u00f6rn \u00ed S\u00edl\u00f3 \u00ed Kanaanslandi, og f\u00f3ru til G\u00edlea\u00f0slands, \u00feeirra eignar, sem \u00feeir t\u00f3ku \u00ed arf eftir bo\u00f0i Drottins fyrir h\u00f6nd M\u00f3sis.<a name=\"10\"><span class=\"versanumer\">10<\/span><\/a>En er \u00feeir komu til Gel\u00edl\u00f3t hj\u00e1 J\u00f3rdan \u00ed Kanaanslandi, \u00fe\u00e1 reistu \u00feeir R\u00fabens og Ga\u00f0s ni\u00f0jar og h\u00e1lf Manassis \u00e6ttkv\u00edsl \u00fear vi\u00f0 J\u00f3rdan st\u00f3rt og \u00e1litlegt altari.<a name=\"11\"><span class=\"versanumer\">11<\/span><\/a>En er \u00cdsraels b\u00f6rn spur\u00f0u \u00fea\u00f0, a\u00f0 R\u00fabens og Ga\u00f0s ni\u00f0jar og h\u00e1lf Manassis \u00e6ttkv\u00edsl h\u00f6f\u00f0u byggt altari \u00ed Gel\u00edl\u00f3t vi\u00f0 J\u00f3rdan gegnt Kanaanslandi hj\u00e1 va\u00f0i \u00cdsraelsbarna,<a name=\"12\"><span class=\"versanumer\">12<\/span><\/a>\u00fe\u00e1 safna\u00f0ist allur s\u00f6fnu\u00f0ur \u00cdsraelsbarna saman \u00ed S\u00edl\u00f3 til a\u00f0 f\u00e6ra \u00feeim str\u00ed\u00f0 \u00e1 hendur;<a name=\"13\"><span class=\"versanumer\">13<\/span><\/a>\u00fe\u00e1 sendu \u00cdsraelsmenn Pineas son prestsins Eleasar til R\u00fabens og Ga\u00f0s ni\u00f0ja og h\u00e1lfrar Manassis \u00e6ttkv\u00edslar til Gilea\u00f0s lands,<a name=\"14\"><span class=\"versanumer\">14<\/span><\/a>og t\u00edu h\u00f6f\u00f0ingja me\u00f0 honum, sinn h\u00f6f\u00f0ingja af hv\u00f6rri \u00e6tt fyrir allar \u00cdsraels \u00e6ttkv\u00edslir; og hv\u00f6r \u00feeirra var \u00e6ttfa\u00f0ir me\u00f0al kyn\u00fe\u00e1tta \u00cdsraelsmanna.<a name=\"15\"><span class=\"versanumer\">15<\/span><\/a>\u00deessir komu til R\u00fabens og Ga\u00f0s ni\u00f0ja og h\u00e1lfrar Manassis \u00e6ttkv\u00edslar, \u00ed G\u00edlea\u00f0 landi, og s\u00f6g\u00f0u vi\u00f0 \u00fe\u00e1 \u00e1 \u00feessa lei\u00f0.<a name=\"16\"><span class=\"versanumer\">16<\/span><\/a>Svo segir allur s\u00f6fnu\u00f0ur Drottins: hv\u00edl\u00edk er s\u00fa \u00f3tr\u00famennska, sem \u00fe\u00e9r hafi\u00f0 s\u00fdnt gegn \u00cdsraels Gu\u00f0i, a\u00f0 \u00fe\u00e9r \u00ed dag hafi\u00f0 sn\u00fai\u00f0 y\u00f0ur fr\u00e1 Drottni og \u00fea\u00f0 skuli ske, a\u00f0 \u00fe\u00e9r \u00ed dag gj\u00f6ri\u00f0 uppreisn m\u00f3ti Drottni, svo a\u00f0 hann \u00e1 morgun rei\u00f0ist \u00f6llum \u00cdsraels s\u00f6fnu\u00f0i!<a name=\"19\"><span class=\"versanumer\">19<\/span><\/a>En s\u00e9 y\u00f0ar eignarland or\u00f0i\u00f0 saurga\u00f0, \u00fe\u00e1 fari\u00f0 yfirum aftur, \u00ed land \u00fea\u00f0, sem Drottni tilheyrir, og hvar b\u00fasta\u00f0ur \u00fe. e. samkundutjaldb\u00fa\u00f0in, Drottins er, og taki\u00f0 arf me\u00f0 oss, en gj\u00f6ri\u00f0 ekki uppreisn m\u00f3ti Drottni og ekki m\u00f3ti oss, me\u00f0 \u00fev\u00ed a\u00f0 byggja y\u00f0ur anna\u00f0 altari, en altari Drottins vors Gu\u00f0s!<a name=\"20\"><span class=\"versanumer\">20<\/span><\/a>syndga\u00f0ist ekki Akan <span class='VideyAth'>**)<\/span> Seraksson \u00e1 \u00fev\u00ed bannf\u00e6r\u00f0a, og fyrir \u00fea\u00f0 kom rei\u00f0i <span class='VideyAth'>(Drottins)<\/span>, yfir allan \u00cdsraelss\u00f6fnu\u00f0, og Akan d\u00f3 ekki einn fyrir sinn gl\u00e6p.<br \/><a name=\"21\"><span class=\"versanumer\">21<\/span><\/a>\u00deeir R\u00fabens og Ga\u00f0s ni\u00f0jar og h\u00e1lf Manassis \u00e6ttkv\u00edsl sv\u00f6ru\u00f0u og s\u00f6g\u00f0u til \u00e6ttfe\u00f0ra \u00cdsraelsmanna:<a name=\"22\"><span class=\"versanumer\">22<\/span><\/a>Gu\u00f0 Drottinn alm\u00e1ttugur, Gu\u00f0 Drottinn alm\u00e1ttugur, hann veit \u00fea\u00f0, og \u00cdsrael skal vita \u00fea\u00f0, a\u00f0 ef vi\u00f0 h\u00f6fum \u00feetta gj\u00f6rt \u00ed \u00fev\u00ed skyni a\u00f0 gj\u00f6ra uppreisn m\u00f3ti Drottni, e\u00f0a falla fr\u00e1 Drottni, \u00fe\u00e1 hj\u00e1lpa \u00fe\u00fa <span class='VideyAth'>(Drottinn)<\/span> oss ekki \u00ed dag;<a name=\"23\"><span class=\"versanumer\">23<\/span><\/a>og ef vi\u00f0 h\u00f6fum altari\u00f0 reist til \u00feess a\u00f0 sn\u00faa oss burt fr\u00e1 Drottni, j\u00e1, s\u00e9 \u00fea\u00f0 ske\u00f0 til a\u00f0 f\u00f3rna brennif\u00f3rn \u00fear \u00e1 e\u00f0a matf\u00f3rn e\u00f0a til a\u00f0 f\u00e6ra \u00feakkarf\u00f3rn <span class='VideyAth'>***)<\/span>, \u00fe\u00e1 hefni Drottinn \u00feess!<a name=\"24\"><span class=\"versanumer\">24<\/span><\/a>og ef v\u00e9r h\u00f6fum ekki gj\u00f6rt \u00feetta af \u00e1hyggju, vegna \u00feess v\u00e9r hugsu\u00f0um: seinna meir munu y\u00f0ar ni\u00f0jar segja til vorra ni\u00f0ja: \u201ehva\u00f0 kemur Drottinn \u00cdsraels Gu\u00f0 y\u00f0ur vi\u00f0?<a name=\"25\"><span class=\"versanumer\">25<\/span><\/a>Drottinn hefir sett J\u00f3rdan sem landamerki millum vor og y\u00f0ar, \u00fe\u00e9r R\u00fabens og Ga\u00f0s ni\u00f0jar! \u00fe\u00e9r hafi\u00f0 enga hlutdeild \u00ed Drottni,\u201c og \u00fe\u00e1 kynnu y\u00f0ar ni\u00f0jar a\u00f0 koma vorum ni\u00f0jum til \u00feess a\u00f0 h\u00e6tta a\u00f0 \u00f3ttast Drottin!<a name=\"26\"><span class=\"versanumer\">26<\/span><\/a>\u00feess vegna kom oss \u00fea\u00f0 \u00e1samt a\u00f0 reisa altari \u00feetta, ekki fyrir brennif\u00f3rnir og ekki fyrir sl\u00e1tursf\u00f3rnir,<a name=\"27\"><span class=\"versanumer\">27<\/span><\/a>heldur til vitnis millum vor og y\u00f0ar og vorra eftirkomenda eftir oss, a\u00f0 v\u00e9r viljum \u00fej\u00f3na Drottni fyrir hans augliti me\u00f0 vorum brennif\u00f3rnum, sl\u00e1tursf\u00f3rnum og \u00feakkarf\u00f3rnum, og a\u00f0 ni\u00f0jar y\u00f0ar s\u00ed\u00f0ar meir ekki geti sagt til vorra ni\u00f0ja: \u00fe\u00e9r hafi\u00f0 enga hlutdeild \u00ed Drottni!<a name=\"28\"><span class=\"versanumer\">28<\/span><\/a>\u00fear fyrir s\u00f6g\u00f0um v\u00e9r: ef \u00feeir s\u00ed\u00f0ar meir tala svo til vor og vorra eftirkomenda, \u00fe\u00e1 viljum v\u00e9r svara: l\u00edti\u00f0 h\u00e9r eftir mynd Drottins altaris, sem fe\u00f0ur vorir gj\u00f6r\u00f0u, ekki til a\u00f0 bera \u00fear \u00e1 offur brennif\u00f3rnar e\u00f0a sl\u00e1tursf\u00f3rnar, heldur til vitnisbur\u00f0ar millum vor og y\u00f0ar!<a name=\"29\"><span class=\"versanumer\">29<\/span><\/a>\u00dea\u00f0 f\u00f3r fj\u00e6rri, a\u00f0 v\u00e9r vildum falla fr\u00e1 Drottni, e\u00f0a \u00ed dag sn\u00faa oss \u00ed burt fr\u00e1 Drottni me\u00f0 \u00fev\u00ed a\u00f0 byggja anna\u00f0 altari til brennif\u00f3rna, matf\u00f3rna og sl\u00e1tursf\u00f3rna, en altari\u00f0 Drottins vors Gu\u00f0s, sem stendur fyrir framan hans tjaldb\u00fa\u00f0.<a name=\"30\"><span class=\"versanumer\">30<\/span><\/a>\u00deegar presturinn Pineas og h\u00f6f\u00f0ingjar safna\u00f0arins, \u00e6ttfe\u00f0ur \u00cdsraels kyn\u00fe\u00e1tta, sem me\u00f0 honum v\u00f3ru, fengu \u00feessi sv\u00f6r af R\u00fabens, Ga\u00f0s og Manassis ni\u00f0jum, l\u00edku\u00f0u \u00feau \u00feeim vel;<a name=\"31\"><span class=\"versanumer\">31<\/span><\/a>\u00fe\u00e1 sag\u00f0i P\u00edneas, sonur prestsins Eleasar vi\u00f0 R\u00fabens, Ga\u00f0s og Manassis ni\u00f0ja: \u00ed dag sj\u00e1um v\u00e9r, a\u00f0 Drottinn er \u00e1 me\u00f0al vor, \u00fear \u00fe\u00e9r hafi\u00f0 ekki s\u00fdnt \u00f3tr\u00famennsku m\u00f3ti Drottni \u00ed \u00feessu; n\u00fa hafi\u00f0 \u00fe\u00e9r frelsa\u00f0 \u00cdsraels b\u00f6rn fr\u00e1 hendi Drottins.<a name=\"32\"><span class=\"versanumer\">32<\/span><\/a>Sneri n\u00fa P\u00edneas sonur Eleasars prests og h\u00f6f\u00f0ingjarnir heim aftur fr\u00e1 R\u00fabens og Ga\u00f0s ni\u00f0jum \u00ed G\u00edlea\u00f0 landi til \u00cdsraelsbarna \u00ed Kanaanslandi, og f\u00e6r\u00f0u \u00feeim \u00feessi sv\u00f6r;<a name=\"33\"><span class=\"versanumer\">33<\/span><\/a>l\u00edku\u00f0u \u00feeim \u00feau vel, lofu\u00f0u Gu\u00f0, og t\u00f6lu\u00f0u ekki um a\u00f0 fara herf\u00f6r m\u00f3t R\u00fabens og Ga\u00f0s ni\u00f0jum til a\u00f0 ey\u00f0a land \u00feeirra.<a name=\"34\"><span class=\"versanumer\">34<\/span><\/a>En R\u00fabens og Ga\u00f0s ni\u00f0jar k\u00f6llu\u00f0u altari\u00f0: \u201evitni milli okkar, a\u00f0 Drottinn er <span class='VideyAth'>(vor)<\/span> Gu\u00f0\u201c.<\/p>\n<div class=\"footnoteVidey\">*) 4 M\u00f3s. b: 25,3. **) J\u00f3sv. 7,24\u201326. ***) Nefnil: til hei\u00f0ur einhv\u00f6rjum hj\u00e1gu\u00f0um.<\/div>\n","protected":false},"excerpt":{"rendered":"<p>R\u00fabens, Ga\u00f0s og Manassis \u00e6ttkv\u00edsl fara til heimkynna sinna; byggja altari vi\u00f0 J\u00f3rdan. 1N\u00fa kalla\u00f0i J\u00f3s\u00faa R\u00fabens, Ga\u00f0s, og \u00fe\u00e1 h\u00e1lfu Manassis \u00e6ttkv\u00edsl fyrir sig,2og sag\u00f0i vi\u00f0 \u00fe\u00e1: dyggilega hafi\u00f0 \u00fe\u00e9r hl\u00fdtt \u00fev\u00ed \u00f6llu, sem M\u00f3ses Drottins \u00fej\u00f3n bau\u00f0 y\u00f0ur; m\u00e9r hafi\u00f0 \u00fe\u00e9r og hl\u00fd\u00f0nir veri\u00f0 \u00ed \u00f6llu, sem eg hefi fyrir y\u00f0ur lagt.3\u00cd langan t\u00edma og allt fram \u00e1 \u00feenna dag hafi\u00f0 \u00fe\u00e9r fylgi veitt br\u00e6\u00f0rum y\u00f0ar, og var\u00f0veitt hl\u00fd\u00f0ni vi\u00f0 bo\u00f0or\u00f0 Drottins, y\u00f0ar Gu\u00f0s.4En n\u00fa hefir Drottinn eftir lofor\u00f0i s\u00ednu gefi\u00f0 br\u00e6\u00f0rum y\u00f0ar hv\u00edld, fari\u00f0 \u00fe\u00e9r \u00feess vegna til baka til tjalda y\u00f0varra og y\u00f0ar eignarlands, sem M\u00f3ses <a href=\"https:\/\/biblian.is\/videy\/josuabok-22-kafli\/\"> [&#8230;]<\/a><\/p>\n","protected":false},"author":1,"featured_media":0,"parent":0,"menu_order":0,"comment_status":"open","ping_status":"open","template":"bibliukaflar.php","meta":{"footnotes":""},"class_list":["post-21058","page","type-page","status-publish","hentry"],"_links":{"self":[{"href":"https:\/\/biblian.is\/videy\/wp-json\/wp\/v2\/pages\/21058","targetHints":{"allow":["GET"]}}],"collection":[{"href":"https:\/\/biblian.is\/videy\/wp-json\/wp\/v2\/pages"}],"about":[{"href":"https:\/\/biblian.is\/videy\/wp-json\/wp\/v2\/types\/page"}],"author":[{"embeddable":true,"href":"https:\/\/biblian.is\/videy\/wp-json\/wp\/v2\/users\/1"}],"replies":[{"embeddable":true,"href":"https:\/\/biblian.is\/videy\/wp-json\/wp\/v2\/comments?post=21058"}],"version-history":[{"count":0,"href":"https:\/\/biblian.is\/videy\/wp-json\/wp\/v2\/pages\/21058\/revisions"}],"wp:attachment":[{"href":"https:\/\/biblian.is\/videy\/wp-json\/wp\/v2\/media?parent=21058"}],"curies":[{"name":"wp","href":"https:\/\/api.w.org\/{rel}","templated":true}]}}