{"id":21054,"date":"2018-01-02T01:00:08","date_gmt":"2018-01-02T01:00:08","guid":{"rendered":"http:\/\/biblian.is\/videy\/josuabok-18-kafli\/"},"modified":"2018-01-02T01:00:08","modified_gmt":"2018-01-02T01:00:08","slug":"josuabok-18-kafli","status":"publish","type":"page","link":"https:\/\/biblian.is\/videy\/josuabok-18-kafli\/","title":{"rendered":"J\u00f3s\u00faab\u00f3k 18. kafli"},"content":{"rendered":"<div class=\"fyrirsognVidey\">Samkundutjaldb\u00fa\u00f0in flutt til S\u00edl\u00f3; landinu l\u00fdst; hlutur Benjam\u00edns \u00e6ttkv\u00edslar.<\/div>\n<p><a name=\"1\"><span class=\"versanumer\">1<\/span><\/a>Eftir \u00feetta safna\u00f0ist allur s\u00f6fnu\u00f0ur \u00cdsraelsbarna \u00ed S\u00edl\u00f3 og reistu \u00fear samkundutjaldb\u00fa\u00f0ina; \u00feeir h\u00f6f\u00f0u \u00fe\u00e1 lagt undir sig allt landi\u00f0.<a name=\"2\"><span class=\"versanumer\">2<\/span><\/a>En enn voru eftir 7 \u00e6ttkv\u00edslir af \u00cdsraels b\u00f6rnum, sem ekki h\u00f6f\u00f0u skipt \u00feeirra erf\u00f0ahluta.<a name=\"3\"><span class=\"versanumer\">3<\/span><\/a>J\u00f3s\u00faa sag\u00f0i \u00fe\u00e1 til \u00cdsraels barna: \u00fev\u00ed eru\u00f0 \u00fe\u00e9r svo t\u00f3ml\u00e1tir, a\u00f0 \u00fe\u00e9r fari\u00f0 ekki og taki\u00f0 \u00fea\u00f0 land, sem Drottinn Gu\u00f0 fe\u00f0ra y\u00f0ar hefir gefi\u00f0 y\u00f0ur?<a name=\"4\"><span class=\"versanumer\">4<\/span><\/a>Velji\u00f0 n\u00fa \u00ferj\u00e1 menn af hv\u00f6rri \u00e6ttkv\u00edsl, og eg vil senda \u00fe\u00e1 \u00fat, og \u00feeir skulu taka sig upp og fara um landi\u00f0, og gj\u00f6ra skriflega l\u00fdsingu yfir \u00fea\u00f0 eftir s\u00e9rhv\u00f6rs erf\u00f0ahluta, og koma til m\u00edn aftur,<a name=\"5\"><span class=\"versanumer\">5<\/span><\/a>skipti\u00f0 svo landinu \u00ed sj\u00f6 parta; J\u00fada \u00e6ttkv\u00edsl skal standa \u00e1 s\u00ednum landamerkjum a\u00f0 sunnanver\u00f0u, og J\u00f3seps afkomendur a\u00f0 nor\u00f0anver\u00f0u;<a name=\"6\"><span class=\"versanumer\">6<\/span><\/a>en \u00fe\u00e9r skulu\u00f0 gj\u00f6ra l\u00fdsingu yfir \u00feessa sj\u00f6 hluti landsins, og f\u00e6ri\u00f0 m\u00e9r hana hinga\u00f0, svo skal eg kasta hlutkesti fyrir y\u00f0ur, fyrir augliti Drottins vors Gu\u00f0s.<a name=\"7\"><span class=\"versanumer\">7<\/span><\/a>\u00dev\u00ed Lev\u00edtarnir f\u00e1 engan hlut \u00e1 me\u00f0al y\u00f0ar, \u00feeirra hlutur er kennimannskapur Drottins; Ga\u00f0 og R\u00faben og helmingur Manassis \u00e6ttkv\u00edslar hafa teki\u00f0 s\u00edna hluti hinumegin fyrir austan J\u00f3rdan, sem M\u00f3ses Drottins \u00fej\u00f3n \u00fathluta\u00f0i \u00feeim.<a name=\"8\"><span class=\"versanumer\">8<\/span><\/a>\u00deessir menn t\u00f3ku sig upp og f\u00f3ru, og bau\u00f0 J\u00f3s\u00faa \u00feeim, \u00fe\u00e1 \u00feeir f\u00f3ru, a\u00f0 gj\u00f6ra l\u00fdsingu yfir landi\u00f0 og sag\u00f0i: fari\u00f0 \u00fei\u00f0 n\u00fa af sta\u00f0, og fer\u00f0ist um landi\u00f0, gj\u00f6ri\u00f0 l\u00fdsingu yfir \u00fea\u00f0 og komi\u00f0 svo til m\u00edn aftur, og \u00fe\u00e1 vil eg kasta hlutkesti y\u00f0ur til handa fyrir Drottins augliti \u00ed S\u00edl\u00f3.<a name=\"9\"><span class=\"versanumer\">9<\/span><\/a>\u00deeir f\u00f3ru, fer\u00f0u\u00f0ust um landi\u00f0 og skrifu\u00f0u l\u00fdsingu \u00feess \u00ed eina b\u00f3k, eftir borgunum og eftir \u00feeim sj\u00f6 erf\u00f0a hlutum og komu til J\u00f3s\u00faa \u00ed herb\u00fa\u00f0irnar \u00ed S\u00edl\u00f3;<a name=\"10\"><span class=\"versanumer\">10<\/span><\/a>kasta\u00f0i J\u00f3s\u00faa hlutum fyrir \u00fe\u00e1 \u00ed S\u00edl\u00f3, fyrir augliti Drottins, og skipti \u00fear landinu milli \u00cdsraels barna, eins og hlutir f\u00e9llu.<br \/><a name=\"11\"><span class=\"versanumer\">11<\/span><\/a>Kom \u00fe\u00e1 <span class='VideyAth'>(fyrst)<\/span> upp hlutur Benjam\u00edns \u00e6ttkv\u00edslar, eftir kyn\u00fe\u00e1ttum hennar; og landamerki arfahluta hennar ur\u00f0u \u00e1 milli landa \u00feeirra J\u00fada og J\u00f3seps ni\u00f0ja:<a name=\"12\"><span class=\"versanumer\">12<\/span><\/a>landamerki \u00feeirra stefna til nor\u00f0urs fr\u00e1 J\u00f3rdan, og liggja upp fyrir nor\u00f0an Jer\u00edk\u00f3, og vestur yfir fjalli\u00f0, og enda \u00ed ey\u00f0im\u00f6rkinni hj\u00e1 Betaven.<a name=\"13\"><span class=\"versanumer\">13<\/span><\/a>\u00dea\u00f0an liggja takm\u00f6rkin til L\u00fas, nefnilega sunnanvert vi\u00f0 L\u00fas, \u00f6\u00f0ru nafni Betel, svo ni\u00f0ur til Atarot-Addar yfir fjalli\u00f0, sem er fyrir sunnan Ne\u00f0ra-Bethoron;<a name=\"14\"><span class=\"versanumer\">14<\/span><\/a>beygjast \u00fe\u00e1 landamerkin vestur \u00e1 vi\u00f0 fyrir sunnan \u00fea\u00f0 fjall, sem liggur m\u00f3t su\u00f0ri \u00fevers yfir fr\u00e1 Bethoron og enda vi\u00f0 Kirjat-Baal, \u00fea\u00f0 er Kirjat-Jearim, sem er ein af borgum J\u00fada \u00e6ttkv\u00edslar; \u00feetta voru takm\u00f6rkin a\u00f0 vestanver\u00f0u.<a name=\"15\"><span class=\"versanumer\">15<\/span><\/a>Sy\u00f0ra hornli\u00f0 liggur fr\u00e1 endanum \u00e1 Kirjat Jearim og ganga landamerkin til vesturs, og n\u00e1 a\u00f0 Neft\u00f3aks vatnsuppsprettu,<a name=\"16\"><span class=\"versanumer\">16<\/span><\/a>\u00fe\u00e1 liggja \u00feau ni\u00f0ur til fjallsendans, sem gegnt liggur Hinnomssonardal, nor\u00f0anvert \u00ed Risadalnum, svo ofan \u00ed Hinnomsdal sunnanvert vi\u00f0 Jeb\u00fas\u00edta land og ni\u00f0ur til R\u00f3gelslindar;<a name=\"17\"><span class=\"versanumer\">17<\/span><\/a>S\u00ed\u00f0an beygja landamerkin sig nor\u00f0ur \u00e1 vi\u00f0 til Ensemes, \u00fe\u00e1 til Gelilot, sem liggur \u00fear gegnt, sem gengi\u00f0 er upp til Adum\u00edm, \u00fea\u00f0an ni\u00f0ur til Steins Bohans R\u00fabenssonar.<a name=\"18\"><span class=\"versanumer\">18<\/span><\/a>S\u00ed\u00f0an liggja \u00feau til hli\u00f0ar, \u00fevers yfir fr\u00e1 Araba til nor\u00f0urs og ni\u00f0ur til Araba, \u00fe\u00e1 ganga landamerkin nor\u00f0ur me\u00f0 Bethogla,<a name=\"19\"><span class=\"versanumer\">19<\/span><\/a>og lenda \u00ed nor\u00f0urv\u00edk Saltasj\u00f3ar vi\u00f0 su\u00f0urenda J\u00f3rdanar; \u00feessi eru landamerkin a\u00f0 sunnanver\u00f0u;<a name=\"20\"><span class=\"versanumer\">20<\/span><\/a>en a\u00f0 austanver\u00f0u er J\u00f3rdan landamerkin. \u00deetta var Benjam\u00ednsni\u00f0ja og \u00feeirra kyn\u00fe\u00e1tta arfahluti, me\u00f0 s\u00ednum takm\u00f6rkum allt \u00ed kring. <br \/><a name=\"21\"><span class=\"versanumer\">21<\/span><\/a>\u00deessir eru sta\u00f0ir Benjam\u00edns \u00e6ttkv\u00edslar og hennar kyn\u00fe\u00e1tta, Jer\u00edk\u00f3, Bethogla, Emek-Kesis,<a name=\"22\"><span class=\"versanumer\">22<\/span><\/a>Betaraba, Semara\u00edm, Betel.<a name=\"23\"><span class=\"versanumer\">23<\/span><\/a>Av\u00edm, Para, Ofra,<a name=\"24\"><span class=\"versanumer\">24<\/span><\/a>Kefar-Amonai, Ofni, Gaba, eru \u00fea\u00f0 t\u00f3lf sta\u00f0ir me\u00f0 \u00feorpum, sem \u00fear til heyra;<a name=\"25\"><span class=\"versanumer\">25<\/span><\/a>Gibeon, Rama, Beerot,<a name=\"26\"><span class=\"versanumer\">26<\/span><\/a>Mispe, Kef\u00edra, Mosa,<a name=\"27\"><span class=\"versanumer\">27<\/span><\/a>Rekem, Jirpeel, Tarala,<a name=\"28\"><span class=\"versanumer\">28<\/span><\/a>Sela, Elef og Jeb\u00fas, <span class='VideyAth'>(\u00fea\u00f0 er Jer\u00fasalem)<\/span> G\u00edbeat og Kirjat, fj\u00f3rt\u00e1n sta\u00f0ir me\u00f0 tilheyrandi \u00feorpum; \u00feetta var erf\u00f0ahluti Benjam\u00ednsni\u00f0ja eftir \u00feeirra kyn\u00fe\u00e1ttum.<\/p>\n<div class=\"footnoteVidey\"><\/div>\n","protected":false},"excerpt":{"rendered":"<p>Samkundutjaldb\u00fa\u00f0in flutt til S\u00edl\u00f3; landinu l\u00fdst; hlutur Benjam\u00edns \u00e6ttkv\u00edslar. 1Eftir \u00feetta safna\u00f0ist allur s\u00f6fnu\u00f0ur \u00cdsraelsbarna \u00ed S\u00edl\u00f3 og reistu \u00fear samkundutjaldb\u00fa\u00f0ina; \u00feeir h\u00f6f\u00f0u \u00fe\u00e1 lagt undir sig allt landi\u00f0.2En enn voru eftir 7 \u00e6ttkv\u00edslir af \u00cdsraels b\u00f6rnum, sem ekki h\u00f6f\u00f0u skipt \u00feeirra erf\u00f0ahluta.3J\u00f3s\u00faa sag\u00f0i \u00fe\u00e1 til \u00cdsraels barna: \u00fev\u00ed eru\u00f0 \u00fe\u00e9r svo t\u00f3ml\u00e1tir, a\u00f0 \u00fe\u00e9r fari\u00f0 ekki og taki\u00f0 \u00fea\u00f0 land, sem Drottinn Gu\u00f0 fe\u00f0ra y\u00f0ar hefir gefi\u00f0 y\u00f0ur?4Velji\u00f0 n\u00fa \u00ferj\u00e1 menn af hv\u00f6rri \u00e6ttkv\u00edsl, og eg vil senda \u00fe\u00e1 \u00fat, og \u00feeir skulu taka sig upp og fara um landi\u00f0, og gj\u00f6ra skriflega l\u00fdsingu yfir \u00fea\u00f0 eftir s\u00e9rhv\u00f6rs erf\u00f0ahluta, <a href=\"https:\/\/biblian.is\/videy\/josuabok-18-kafli\/\"> [&#8230;]<\/a><\/p>\n","protected":false},"author":1,"featured_media":0,"parent":0,"menu_order":0,"comment_status":"open","ping_status":"open","template":"bibliukaflar.php","meta":{"footnotes":""},"class_list":["post-21054","page","type-page","status-publish","hentry"],"_links":{"self":[{"href":"https:\/\/biblian.is\/videy\/wp-json\/wp\/v2\/pages\/21054","targetHints":{"allow":["GET"]}}],"collection":[{"href":"https:\/\/biblian.is\/videy\/wp-json\/wp\/v2\/pages"}],"about":[{"href":"https:\/\/biblian.is\/videy\/wp-json\/wp\/v2\/types\/page"}],"author":[{"embeddable":true,"href":"https:\/\/biblian.is\/videy\/wp-json\/wp\/v2\/users\/1"}],"replies":[{"embeddable":true,"href":"https:\/\/biblian.is\/videy\/wp-json\/wp\/v2\/comments?post=21054"}],"version-history":[{"count":0,"href":"https:\/\/biblian.is\/videy\/wp-json\/wp\/v2\/pages\/21054\/revisions"}],"wp:attachment":[{"href":"https:\/\/biblian.is\/videy\/wp-json\/wp\/v2\/media?parent=21054"}],"curies":[{"name":"wp","href":"https:\/\/api.w.org\/{rel}","templated":true}]}}