{"id":21050,"date":"2018-01-02T01:00:08","date_gmt":"2018-01-02T01:00:08","guid":{"rendered":"http:\/\/biblian.is\/videy\/josuabok-14-kafli\/"},"modified":"2018-01-02T01:00:08","modified_gmt":"2018-01-02T01:00:08","slug":"josuabok-14-kafli","status":"publish","type":"page","link":"https:\/\/biblian.is\/videy\/josuabok-14-kafli\/","title":{"rendered":"J\u00f3s\u00faab\u00f3k 14. kafli"},"content":{"rendered":"<div class=\"fyrirsognVidey\">Kanaanslandi skipt. Arfur Kalebs.<\/div>\n<p><a name=\"1\"><span class=\"versanumer\">1<\/span><\/a>\u00deetta er \u00fea\u00f0 sem \u00cdsraelsb\u00f6rn fengu \u00ed arf \u00ed Kanaanslandi, hv\u00f6rju presturinn Eleasar, J\u00f3s\u00faa N\u00fansson og \u00e6ttfe\u00f0ur kynkv\u00edsla \u00cdsraelsbarna skiptu \u00feeim \u00ed arf,<a name=\"2\"><span class=\"versanumer\">2<\/span><\/a>eftir \u00feeirra arfahluta, eins og Drottinn haf\u00f0i bo\u00f0i\u00f0 fyrir h\u00f6nd M\u00f3ses, nefnilega \u00feeirri h\u00e1lfri t\u00edundu \u00e6ttkv\u00edsl;<a name=\"3\"><span class=\"versanumer\">3<\/span><\/a>\u00fev\u00ed M\u00f3ses haf\u00f0i \u00fathluta\u00f0 h\u00e1lfri \u00feri\u00f0ju kynkv\u00edsl arf hinumegin J\u00f3rdanar, en Lev\u00edtunum haf\u00f0i hann engum arfi \u00fathluta\u00f0 \u00e1 me\u00f0al \u00feeirra;<a name=\"4\"><span class=\"versanumer\">4<\/span><\/a>\u00fev\u00ed J\u00f3sepssynir v\u00f3ru tv\u00e6r \u00e6ttkv\u00edslir Manasse og Efra\u00edm; en \u00fe\u00e6r g\u00e1fu Lev\u00edtunum \u00f6ngvan hlut \u00ed landinu, heldur sta\u00f0i a\u00f0 b\u00faa \u00ed og beitiland handa f\u00e9na\u00f0i \u00feeirra og skepnum.<a name=\"5\"><span class=\"versanumer\">5<\/span><\/a>\u00cdsraelsb\u00f6rn gj\u00f6r\u00f0u eins og Drottinn haf\u00f0i bo\u00f0i\u00f0 M\u00f3ses, og skiptu landinu. <br \/><a name=\"6\"><span class=\"versanumer\">6<\/span><\/a>J\u00fadani\u00f0jar komu til J\u00f3s\u00faa \u00ed Gilgal, og Kaleb Jef\u00fannisson af Ken\u00eds \u00e6tt sag\u00f0i til hans: \u00fe\u00fa veist hva\u00f0 Drottinn sag\u00f0i vi\u00f0 gu\u00f0smanninn M\u00f3ses \u00ed Kadesbarnea \u00e1hr\u00e6randi mig og \u00feig:<a name=\"7\"><span class=\"versanumer\">7<\/span><\/a>eg var \u00fe\u00e1 fertugur, \u00feegar M\u00f3ses \u00fej\u00f3n Drottins sendi mig fr\u00e1 Kadesbarnea nj\u00f3snarf\u00f6r inn \u00ed land \u00feetta, og eg sag\u00f0i honum satt og r\u00e9tt fr\u00e1 eftir samvisku minni;<a name=\"8\"><span class=\"versanumer\">8<\/span><\/a>hinir, sem me\u00f0 m\u00e9r f\u00f3ru, t\u00f6ldu kjark \u00far f\u00f3lkinu; en eg fylgdi Drottni Gu\u00f0i m\u00ednum tr\u00falega.<a name=\"9\"><span class=\"versanumer\">9<\/span><\/a>\u00de\u00e1 s\u00f3r M\u00f3ses hinn sama dag, og sag\u00f0i: land \u00fea\u00f0, sem \u00fe\u00fa st\u00e9st f\u00e6ti \u00e1, skal vera \u00fe\u00edn og \u00feinna \u00e6vinlega eign, \u00fev\u00ed \u00fe\u00fa fylgdir Drottni Gu\u00f0i m\u00ednum tr\u00falega.<a name=\"10\"><span class=\"versanumer\">10<\/span><\/a>Og sj\u00e1 n\u00fa! Drottinn hefir l\u00e1ti\u00f0 mig lifa, eins og hann lofa\u00f0i \u00ed \u00feessi fj\u00f6rut\u00edu og fimm \u00e1r, s\u00ed\u00f0an a\u00f0 Drottinn sag\u00f0i \u00feetta vi\u00f0 M\u00f3ses, \u00e1 me\u00f0an Gy\u00f0ingar v\u00f3ru \u00ed ey\u00f0im\u00f6rkinni; og sj\u00e1! \u00ed dag hefi eg fimm um \u00e1ttr\u00e6tt,<a name=\"11\"><span class=\"versanumer\">11<\/span><\/a>og enn \u00feann dag \u00ed dag er eins hraustur og \u00feegar M\u00f3ses sendi mig; eins og m\u00edn orka var \u00fe\u00e1, eins er m\u00edn orka enn til a\u00f0 berjast, og gegna m\u00ednum daglegu st\u00f6rfum;<a name=\"12\"><span class=\"versanumer\">12<\/span><\/a>gef m\u00e9r n\u00fa \u00feessa fjallbygg\u00f0, sem Drottinn lofa\u00f0i \u00feann dag; \u00fev\u00ed \u00fe\u00fa heyr\u00f0ir \u00fe\u00e1, a\u00f0 Enakar eru \u00fear, sem b\u00faa \u00ed st\u00f3rum og v\u00edggirtum st\u00f6\u00f0um. Kannske Drottinn veiti m\u00e9r fulltingi, svo eg f\u00e1i \u00fatreki\u00f0 \u00fe\u00e1, eins og Drottinn hefir lofa\u00f0.<a name=\"13\"><span class=\"versanumer\">13<\/span><\/a>Og J\u00f3s\u00faa blessa\u00f0i hann og gaf Kaleb Jef\u00fann\u00edssyni Hebron til eignar.<a name=\"14\"><span class=\"versanumer\">14<\/span><\/a>\u00deannig eigna\u00f0ist Kaleb Jef\u00fannisson, Kenasni\u00f0ji, Hebron, og h\u00e9lst eign s\u00fa \u00ed \u00e6tt hans enn, \u00fev\u00ed hann fylgdi tr\u00falega Drottni, \u00cdsraels Gu\u00f0i.<a name=\"15\"><span class=\"versanumer\">15<\/span><\/a>En fyrrum var Hebron kalla\u00f0 Arbaborg, eftir mikilmenni einhv\u00f6rju me\u00f0al Enakanna. \u00de\u00e1 f\u00e9kk landi\u00f0 hv\u00edld fr\u00e1 str\u00ed\u00f0i.<\/p>\n<div class=\"footnoteVidey\"><\/div>\n","protected":false},"excerpt":{"rendered":"<p>Kanaanslandi skipt. Arfur Kalebs. 1\u00deetta er \u00fea\u00f0 sem \u00cdsraelsb\u00f6rn fengu \u00ed arf \u00ed Kanaanslandi, hv\u00f6rju presturinn Eleasar, J\u00f3s\u00faa N\u00fansson og \u00e6ttfe\u00f0ur kynkv\u00edsla \u00cdsraelsbarna skiptu \u00feeim \u00ed arf,2eftir \u00feeirra arfahluta, eins og Drottinn haf\u00f0i bo\u00f0i\u00f0 fyrir h\u00f6nd M\u00f3ses, nefnilega \u00feeirri h\u00e1lfri t\u00edundu \u00e6ttkv\u00edsl;3\u00fev\u00ed M\u00f3ses haf\u00f0i \u00fathluta\u00f0 h\u00e1lfri \u00feri\u00f0ju kynkv\u00edsl arf hinumegin J\u00f3rdanar, en Lev\u00edtunum haf\u00f0i hann engum arfi \u00fathluta\u00f0 \u00e1 me\u00f0al \u00feeirra;4\u00fev\u00ed J\u00f3sepssynir v\u00f3ru tv\u00e6r \u00e6ttkv\u00edslir Manasse og Efra\u00edm; en \u00fe\u00e6r g\u00e1fu Lev\u00edtunum \u00f6ngvan hlut \u00ed landinu, heldur sta\u00f0i a\u00f0 b\u00faa \u00ed og beitiland handa f\u00e9na\u00f0i \u00feeirra og skepnum.5\u00cdsraelsb\u00f6rn gj\u00f6r\u00f0u eins og Drottinn haf\u00f0i bo\u00f0i\u00f0 M\u00f3ses, og skiptu landinu. 6J\u00fadani\u00f0jar komu <a href=\"https:\/\/biblian.is\/videy\/josuabok-14-kafli\/\"> [&#8230;]<\/a><\/p>\n","protected":false},"author":1,"featured_media":0,"parent":0,"menu_order":0,"comment_status":"open","ping_status":"open","template":"bibliukaflar.php","meta":{"footnotes":""},"class_list":["post-21050","page","type-page","status-publish","hentry"],"_links":{"self":[{"href":"https:\/\/biblian.is\/videy\/wp-json\/wp\/v2\/pages\/21050","targetHints":{"allow":["GET"]}}],"collection":[{"href":"https:\/\/biblian.is\/videy\/wp-json\/wp\/v2\/pages"}],"about":[{"href":"https:\/\/biblian.is\/videy\/wp-json\/wp\/v2\/types\/page"}],"author":[{"embeddable":true,"href":"https:\/\/biblian.is\/videy\/wp-json\/wp\/v2\/users\/1"}],"replies":[{"embeddable":true,"href":"https:\/\/biblian.is\/videy\/wp-json\/wp\/v2\/comments?post=21050"}],"version-history":[{"count":0,"href":"https:\/\/biblian.is\/videy\/wp-json\/wp\/v2\/pages\/21050\/revisions"}],"wp:attachment":[{"href":"https:\/\/biblian.is\/videy\/wp-json\/wp\/v2\/media?parent=21050"}],"curies":[{"name":"wp","href":"https:\/\/api.w.org\/{rel}","templated":true}]}}