{"id":21048,"date":"2018-01-02T01:00:02","date_gmt":"2018-01-02T01:00:02","guid":{"rendered":"http:\/\/biblian.is\/videy\/josuabok-12-kafli\/"},"modified":"2018-01-02T01:00:02","modified_gmt":"2018-01-02T01:00:02","slug":"josuabok-12-kafli","status":"publish","type":"page","link":"https:\/\/biblian.is\/videy\/josuabok-12-kafli\/","title":{"rendered":"J\u00f3s\u00faab\u00f3k 12. kafli"},"content":{"rendered":"<div class=\"fyrirsognVidey\">Um sigurvinningar \u00cdsraelsbarna.<\/div>\n<p><a name=\"1\"><span class=\"versanumer\">1<\/span><\/a>\u00deessir eru \u00feeir k\u00f3ngar landsins, sem \u00cdsraelsmenn unnu og hv\u00f6rra l\u00f6nd \u00feeir t\u00f3ku undir sig, hinumegin J\u00f3rdanar a\u00f0 austanver\u00f0u, fr\u00e1 Arnonsl\u00e6k til Hermonsfjalls, og allt sl\u00e9ttlendi\u00f0 \u00ed m\u00f3ti austri.<a name=\"2\"><span class=\"versanumer\">2<\/span><\/a>S\u00edhon Amor\u00edtak\u00f3ngur, sem sat \u00ed Hesbon, og r\u00edkti fr\u00e1 Ar\u00f3er, er liggur \u00e1 Arnons l\u00e6kjarbakka, fr\u00e1 mi\u00f0jum l\u00e6knum, og yfir h\u00e1lfu G\u00edlea\u00f0 til l\u00e6ksins Jaboks, sem er landamerki Ammon\u00edta;<a name=\"3\"><span class=\"versanumer\">3<\/span><\/a>og yfir sl\u00e9ttlendinu til Genesaretssj\u00f3ar a\u00f0 austanver\u00f0u, og til Ey\u00f0imerkurhafsins, \u00fea\u00f0 er Saltahafsins, austur til Betjes\u00edmots, og til su\u00f0urs a\u00f0 P\u00edsga fjallsr\u00f3tum.<a name=\"4\"><span class=\"versanumer\">4<\/span><\/a>Ennfremur land \u00d3gs, Basansk\u00f3ngs, sem eftir var af risa\u00e6ttinni, og sat \u00ed Astarot, og Edrei,<a name=\"5\"><span class=\"versanumer\">5<\/span><\/a>og r\u00edkti yfir Hermonsfjalli, Salka, og Basan allt til landamerkja Ges\u00fara og Makata, og yfir h\u00e1lfu G\u00edlea\u00f0 til landamerkja S\u00edhons Hesbonsk\u00f3ngs.<a name=\"6\"><span class=\"versanumer\">6<\/span><\/a>M\u00f3ses \u00fej\u00f3n Drottins og \u00cdsraelsb\u00f6rn h\u00f6f\u00f0u slegi\u00f0 \u00fe\u00e1, og M\u00f3ses \u00fej\u00f3n Drottins gaf R\u00fabens, Ga\u00f0s og h\u00e1lfri Manassis \u00e6ttkv\u00edsl \u00feetta land til eignar.<br \/><a name=\"7\"><span class=\"versanumer\">7<\/span><\/a>\u00deessir eru konungar landsins, sem J\u00f3s\u00faa og \u00cdsraelsmenn brutu undir sig fyrir vestan J\u00f3rdan, fr\u00e1 Baalga\u00f0 \u00ed L\u00edbanonsdal til Skallabergs, sem liggur upp a\u00f0 Seirsfjalli; \u00feetta land gaf J\u00f3s\u00faa \u00cdsraels \u00e6ttkv\u00edslum, hv\u00f6rri \u00e6ttkv\u00edsl sinn part,<a name=\"8\"><span class=\"versanumer\">8<\/span><\/a>\u00e1 fjallinu, \u00e1 flatlendinu, \u00e1 sl\u00e9ttlendinu, \u00e1 l\u00e1glendinu, \u00ed ey\u00f0im\u00f6rkinni og \u00e1 su\u00f0urlandinu, land Hev\u00edta, Amor\u00edta, Kanan\u00edta, Feres\u00edta, Hev\u00edta og Jeb\u00fas\u00edta: <br \/><a name=\"9\"><span class=\"versanumer\">9<\/span><\/a>Jer\u00edk\u00f3sk\u00f3ngur var einn; k\u00f3ngurinn \u00ed A\u00ed, sem liggur hj\u00e1 Betel, var einn;<a name=\"10\"><span class=\"versanumer\">10<\/span><\/a>Jer\u00fasalemsk\u00f3ngur var einn; Hebronsk\u00f3ngur var einn;<a name=\"11\"><span class=\"versanumer\">11<\/span><\/a>Jarm\u00fatsk\u00f3ngur var einn;<a name=\"12\"><span class=\"versanumer\">12<\/span><\/a>Eglonsk\u00f3ngur var einn; Gesersk\u00f3ngur var einn;<a name=\"13\"><span class=\"versanumer\">13<\/span><\/a>Deb\u00edrsk\u00f3ngur var einn; Gedersk\u00f3ngur var einn;<a name=\"14\"><span class=\"versanumer\">14<\/span><\/a>Hormak\u00f3ngur var einn; Aradsk\u00f3ngur var einn;<a name=\"15\"><span class=\"versanumer\">15<\/span><\/a>Libnak\u00f3ngur var einn; Ad\u00fallamsk\u00f3ngur var einn;<a name=\"16\"><span class=\"versanumer\">16<\/span><\/a>Makkedak\u00f3ngur var einn; Betelsk\u00f3ngur var einn;<a name=\"17\"><span class=\"versanumer\">17<\/span><\/a>Tapp\u00faaksk\u00f3ngur var einn; Hefersk\u00f3ngur var einn;<a name=\"18\"><span class=\"versanumer\">18<\/span><\/a>Afeksk\u00f3ngur var einn; Lassaronsk\u00f3ngur var einn;<a name=\"19\"><span class=\"versanumer\">19<\/span><\/a>Madonsk\u00f3ngur var einn; Hads\u00f3rsk\u00f3ngur var einn;<a name=\"20\"><span class=\"versanumer\">20<\/span><\/a>Simron-Meromsk\u00f3ngur var einn; Aksafsk\u00f3ngur var einn;<a name=\"21\"><span class=\"versanumer\">21<\/span><\/a>Taanaksk\u00f3ngur var einn; Megidd\u00f3k\u00f3ngur var einn;<a name=\"22\"><span class=\"versanumer\">22<\/span><\/a>Kadessk\u00f3ngur var einn; J\u00f3kneamsk\u00f3ngur hj\u00e1 Karmel var einn;<a name=\"23\"><span class=\"versanumer\">23<\/span><\/a>D\u00f3rsk\u00f3ngur \u00ed D\u00f3rsh\u00e6\u00f0um var einn; G\u00f3imsk\u00f3ngur hj\u00e1 Gilgal var einn;<a name=\"24\"><span class=\"versanumer\">24<\/span><\/a>Tirsak\u00f3ngur var einn.<br \/>K\u00f3ngarnir voru alls 31.<\/p>\n<div class=\"footnoteVidey\"><\/div>\n","protected":false},"excerpt":{"rendered":"<p>Um sigurvinningar \u00cdsraelsbarna. 1\u00deessir eru \u00feeir k\u00f3ngar landsins, sem \u00cdsraelsmenn unnu og hv\u00f6rra l\u00f6nd \u00feeir t\u00f3ku undir sig, hinumegin J\u00f3rdanar a\u00f0 austanver\u00f0u, fr\u00e1 Arnonsl\u00e6k til Hermonsfjalls, og allt sl\u00e9ttlendi\u00f0 \u00ed m\u00f3ti austri.2S\u00edhon Amor\u00edtak\u00f3ngur, sem sat \u00ed Hesbon, og r\u00edkti fr\u00e1 Ar\u00f3er, er liggur \u00e1 Arnons l\u00e6kjarbakka, fr\u00e1 mi\u00f0jum l\u00e6knum, og yfir h\u00e1lfu G\u00edlea\u00f0 til l\u00e6ksins Jaboks, sem er landamerki Ammon\u00edta;3og yfir sl\u00e9ttlendinu til Genesaretssj\u00f3ar a\u00f0 austanver\u00f0u, og til Ey\u00f0imerkurhafsins, \u00fea\u00f0 er Saltahafsins, austur til Betjes\u00edmots, og til su\u00f0urs a\u00f0 P\u00edsga fjallsr\u00f3tum.4Ennfremur land \u00d3gs, Basansk\u00f3ngs, sem eftir var af risa\u00e6ttinni, og sat \u00ed Astarot, og Edrei,5og r\u00edkti yfir Hermonsfjalli, Salka, og <a href=\"https:\/\/biblian.is\/videy\/josuabok-12-kafli\/\"> [&#8230;]<\/a><\/p>\n","protected":false},"author":1,"featured_media":0,"parent":0,"menu_order":0,"comment_status":"open","ping_status":"open","template":"bibliukaflar.php","meta":{"footnotes":""},"class_list":["post-21048","page","type-page","status-publish","hentry"],"_links":{"self":[{"href":"https:\/\/biblian.is\/videy\/wp-json\/wp\/v2\/pages\/21048","targetHints":{"allow":["GET"]}}],"collection":[{"href":"https:\/\/biblian.is\/videy\/wp-json\/wp\/v2\/pages"}],"about":[{"href":"https:\/\/biblian.is\/videy\/wp-json\/wp\/v2\/types\/page"}],"author":[{"embeddable":true,"href":"https:\/\/biblian.is\/videy\/wp-json\/wp\/v2\/users\/1"}],"replies":[{"embeddable":true,"href":"https:\/\/biblian.is\/videy\/wp-json\/wp\/v2\/comments?post=21048"}],"version-history":[{"count":0,"href":"https:\/\/biblian.is\/videy\/wp-json\/wp\/v2\/pages\/21048\/revisions"}],"wp:attachment":[{"href":"https:\/\/biblian.is\/videy\/wp-json\/wp\/v2\/media?parent=21048"}],"curies":[{"name":"wp","href":"https:\/\/api.w.org\/{rel}","templated":true}]}}