{"id":21036,"date":"2018-01-02T01:00:02","date_gmt":"2018-01-02T01:00:02","guid":{"rendered":"http:\/\/biblian.is\/videy\/fimmta-mosebok-34-kafli\/"},"modified":"2018-01-02T01:00:02","modified_gmt":"2018-01-02T01:00:02","slug":"fimmta-mosebok-34-kafli","status":"publish","type":"page","link":"https:\/\/biblian.is\/videy\/fimmta-mosebok-34-kafli\/","title":{"rendered":"Fimmta M\u00f3seb\u00f3k 34. kafli"},"content":{"rendered":"<div class=\"fyrirsognVidey\">Dau\u00f0i og greftrun M\u00f3ses.<\/div>\n<p><a name=\"1\"><span class=\"versanumer\">1<\/span><\/a>M\u00f3ses gekk s\u00ed\u00f0an af M\u00f3ab\u00edtavelli upp \u00e1 fjalli\u00f0 Nebo, \u00e1 gn\u00edpu fjallsins Pisga, \u00e1 m\u00f3ts vi\u00f0 Jer\u00edk\u00f3, \u00fea\u00f0an s\u00fdndi Drottinn honum gj\u00f6rvallt landi\u00f0 Gilea\u00f0 allt til Dan,<a name=\"2\"><span class=\"versanumer\">2<\/span><\/a>og allt Neftal\u00ed og Efraim og Manasseland og allt J\u00fadaland allt til vesturhafsins,<a name=\"3\"><span class=\"versanumer\">3<\/span><\/a>og \u00ed m\u00f3ti su\u00f0ri \u00fea\u00f0 sl\u00e9tta dalverpi kringum Jer\u00edk\u00f3 sem l\u00edka nefnist P\u00e1lmavi\u00f0arborgin, allt til S\u00f3ar;<a name=\"4\"><span class=\"versanumer\">4<\/span><\/a>og Drottinn sag\u00f0i vi\u00f0 hann: \u00feetta er landi\u00f0, sem eg s\u00f3r Abraham, \u00cdsaak og Jakob, segjandi: eg vil gefa \u00fe\u00ednu s\u00e6\u00f0i \u00fea\u00f0; \u00fe\u00fa hefir n\u00fa s\u00e9\u00f0 \u00fea\u00f0 me\u00f0 \u00fe\u00ednum eigin augum en ei skalt\u00fa sj\u00e1lfur komast \u00feanga\u00f0 yfir um,<a name=\"5\"><span class=\"versanumer\">5<\/span><\/a>og M\u00f3ses, s\u00e1 Drottins \u00fe\u00e9nari, anda\u00f0ist \u00fear \u00ed M\u00f3ab\u00edtalandi eftir or\u00f0i Drottins,<a name=\"6\"><span class=\"versanumer\">6<\/span><\/a>og hann var jar\u00f0a\u00f0ur \u00ed dalverpi nokkru \u00ed M\u00f3ab\u00edtalandi, \u00e1 m\u00f3ts vi\u00f0 Bet-Peor, og enginn ma\u00f0ur veit enn til \u00feessa dags hvar gr\u00f6f hans er.<a name=\"7\"><span class=\"versanumer\">7<\/span><\/a>M\u00f3ses var hundra\u00f0 og tuttugu \u00e1ra gamall, \u00fe\u00e1 hann l\u00e9st, honum glaptist ei s\u00fdn, og ei \u00feverra\u00f0i m\u00e1ttur hans.<br \/><a name=\"8\"><span class=\"versanumer\">8<\/span><\/a>En \u00cdsraelsb\u00f6rn gr\u00e9tu M\u00f3ses \u00ed \u00ferj\u00e1t\u00edu daga \u00e1 sl\u00e9ttu v\u00f6llunum \u00ed M\u00f3ab\u00edtalandi, og \u00fear me\u00f0 endu\u00f0u gr\u00e1ts- og sorgardagar eftir M\u00f3ses.<br \/><a name=\"9\"><span class=\"versanumer\">9<\/span><\/a>J\u00f3s\u00faa N\u00fansson var g\u00e6ddur miklum v\u00edsd\u00f3msanda, \u00fev\u00ed M\u00f3ses haf\u00f0i lagt hendur s\u00ednar yfir hann, og \u00cdsraelsb\u00f6rn hl\u00fdddu honum, og gj\u00f6r\u00f0u eins og Drottinn haf\u00f0i bo\u00f0i\u00f0 M\u00f3ses.<a name=\"10\"><span class=\"versanumer\">10<\/span><\/a>En aldrei s\u00ed\u00f0an reis upp \u00ed \u00cdsrael sl\u00edkur sp\u00e1ma\u00f0ur sem M\u00f3ses haf\u00f0i veri\u00f0, hv\u00f6rn Drottinn umgengist svo augliti til auglitis,<a name=\"11\"><span class=\"versanumer\">11<\/span><\/a>\u00fev\u00ed Drottinn haf\u00f0i gj\u00f6rt hann \u00fat til a\u00f0 gj\u00f6ra svo m\u00f6rg teikn og fur\u00f0uverk \u00ed Egyptalandi \u00e1 fara\u00f3, hans hir\u00f0m\u00f6nnum og \u00f6llu hans landi,<a name=\"12\"><span class=\"versanumer\">12<\/span><\/a>og svo m\u00f6rg afreksverk og mikil fur\u00f0uverk sem M\u00f3ses gj\u00f6r\u00f0i a\u00f0 \u00e1sj\u00e1andi \u00f6llum \u00cdsrael\u00edtum.<\/p>\n<div class=\"footnoteVidey\"><\/div>\n","protected":false},"excerpt":{"rendered":"<p>Dau\u00f0i og greftrun M\u00f3ses. 1M\u00f3ses gekk s\u00ed\u00f0an af M\u00f3ab\u00edtavelli upp \u00e1 fjalli\u00f0 Nebo, \u00e1 gn\u00edpu fjallsins Pisga, \u00e1 m\u00f3ts vi\u00f0 Jer\u00edk\u00f3, \u00fea\u00f0an s\u00fdndi Drottinn honum gj\u00f6rvallt landi\u00f0 Gilea\u00f0 allt til Dan,2og allt Neftal\u00ed og Efraim og Manasseland og allt J\u00fadaland allt til vesturhafsins,3og \u00ed m\u00f3ti su\u00f0ri \u00fea\u00f0 sl\u00e9tta dalverpi kringum Jer\u00edk\u00f3 sem l\u00edka nefnist P\u00e1lmavi\u00f0arborgin, allt til S\u00f3ar;4og Drottinn sag\u00f0i vi\u00f0 hann: \u00feetta er landi\u00f0, sem eg s\u00f3r Abraham, \u00cdsaak og Jakob, segjandi: eg vil gefa \u00fe\u00ednu s\u00e6\u00f0i \u00fea\u00f0; \u00fe\u00fa hefir n\u00fa s\u00e9\u00f0 \u00fea\u00f0 me\u00f0 \u00fe\u00ednum eigin augum en ei skalt\u00fa sj\u00e1lfur komast \u00feanga\u00f0 yfir um,5og M\u00f3ses, s\u00e1 Drottins \u00fe\u00e9nari, <a href=\"https:\/\/biblian.is\/videy\/fimmta-mosebok-34-kafli\/\"> [&#8230;]<\/a><\/p>\n","protected":false},"author":1,"featured_media":0,"parent":0,"menu_order":0,"comment_status":"open","ping_status":"open","template":"bibliukaflar.php","meta":{"footnotes":""},"class_list":["post-21036","page","type-page","status-publish","hentry"],"_links":{"self":[{"href":"https:\/\/biblian.is\/videy\/wp-json\/wp\/v2\/pages\/21036","targetHints":{"allow":["GET"]}}],"collection":[{"href":"https:\/\/biblian.is\/videy\/wp-json\/wp\/v2\/pages"}],"about":[{"href":"https:\/\/biblian.is\/videy\/wp-json\/wp\/v2\/types\/page"}],"author":[{"embeddable":true,"href":"https:\/\/biblian.is\/videy\/wp-json\/wp\/v2\/users\/1"}],"replies":[{"embeddable":true,"href":"https:\/\/biblian.is\/videy\/wp-json\/wp\/v2\/comments?post=21036"}],"version-history":[{"count":0,"href":"https:\/\/biblian.is\/videy\/wp-json\/wp\/v2\/pages\/21036\/revisions"}],"wp:attachment":[{"href":"https:\/\/biblian.is\/videy\/wp-json\/wp\/v2\/media?parent=21036"}],"curies":[{"name":"wp","href":"https:\/\/api.w.org\/{rel}","templated":true}]}}