{"id":21032,"date":"2018-01-02T01:00:02","date_gmt":"2018-01-02T01:00:02","guid":{"rendered":"http:\/\/biblian.is\/videy\/fimmta-mosebok-30-kafli\/"},"modified":"2018-01-02T01:00:02","modified_gmt":"2018-01-02T01:00:02","slug":"fimmta-mosebok-30-kafli","status":"publish","type":"page","link":"https:\/\/biblian.is\/videy\/fimmta-mosebok-30-kafli\/","title":{"rendered":"Fimmta M\u00f3seb\u00f3k 30. kafli"},"content":{"rendered":"<div class=\"fyrirsognVidey\">Gu\u00f0 miskunnar \u00feeim er sj\u00e1 a\u00f0 s\u00e9r.<\/div>\n<p><a name=\"1\"><span class=\"versanumer\">1<\/span><\/a>\u00deegar allt \u00feetta kemur yfir \u00feig, anna\u00f0 hv\u00f6rt blessanin e\u00f0a <span class='VideyAth'>(b\u00f6lvanin)<\/span>, sem eg hefi lagt fyrir \u00feig, a\u00f0 \u00fe\u00fa leggur \u00fe\u00e9r \u00fea\u00f0 \u00e1 hjarta \u00e1 me\u00f0al \u00feeirra \u00fej\u00f3\u00f0a til hv\u00f6rra Drottinn \u00feinn Gu\u00f0 rekur \u00feig,<a name=\"2\"><span class=\"versanumer\">2<\/span><\/a>og \u00fe\u00fa sn\u00fdr \u00fe\u00e9r aftur til Drottins \u00fe\u00edns Gu\u00f0s, og gegnir, b\u00e6\u00f0i \u00fe\u00fa og ni\u00f0jar \u00fe\u00ednir, hans raustu af \u00f6llu hjarta og allri s\u00e1lu, \u00ed \u00f6llu sem eg legg fyrir \u00feig \u00ed dag;<a name=\"3\"><span class=\"versanumer\">3<\/span><\/a>\u00fe\u00e1 mun Drottinn \u00feinn Gu\u00f0 gj\u00f6ra enda \u00e1 \u00feinni herlei\u00f0ingu og aumkast yfir \u00feig, og safna \u00fe\u00e9r aftur saman af \u00f6llum \u00fej\u00f3\u00f0um \u00e1 me\u00f0al hv\u00f6rra Drottinn \u00feinn Gu\u00f0 haf\u00f0i dreift \u00fe\u00e9r;<a name=\"4\"><span class=\"versanumer\">4<\/span><\/a>\u00fe\u00f3 \u00fe\u00fa svo hef\u00f0ir tv\u00edstrast allt til heimsskauta, \u00fe\u00e1 mun \u00fe\u00f3 Drottinn \u00feinn Gu\u00f0 samansafna \u00fe\u00e9r og koma \u00fe\u00e9r \u00fea\u00f0an,<a name=\"5\"><span class=\"versanumer\">5<\/span><\/a>og hann mun koma \u00fe\u00e9r \u00ed \u00fea\u00f0 land sem \u00fe\u00ednir fe\u00f0ur hafa \u00e1tt, a\u00f0 \u00fe\u00fa eignist \u00fea\u00f0, og hann mun gj\u00f6ra enn betur til \u00fe\u00edn, og fj\u00f6lga \u00fe\u00e9r enn meir en \u00fe\u00ednum forfe\u00f0rum,<a name=\"6\"><span class=\"versanumer\">6<\/span><\/a>og Drottinn \u00feinn Gu\u00f0 mun umskera \u00feitt hjarta og \u00feinna ni\u00f0ja hjarta, svo a\u00f0 \u00fe\u00fa elskir Drottin \u00feinn Gu\u00f0 af \u00f6llu \u00fe\u00ednu hjarta og af allri s\u00e1lu\u2014\u00fear er \u00feitt l\u00edf undirkomi\u00f0.<a name=\"7\"><span class=\"versanumer\">7<\/span><\/a>En Drottinn \u00feinn Gu\u00f0 mun sn\u00faa \u00f6llum \u00feessum \u00f3blessunum \u00e1 \u00f3vini \u00fe\u00edna, \u00e1 \u00fe\u00e1 sem hata \u00feig og ofs\u00e6kja;<a name=\"8\"><span class=\"versanumer\">8<\/span><\/a>en ef \u00fe\u00fa sn\u00fdst \u00feannig og hl\u00fd\u00f0ir raustu Drottins, svo \u00fe\u00fa breytir eftir \u00f6llum hans bo\u00f0or\u00f0um sem eg legg fyrir \u00feig \u00ed dag, \u00fe\u00e1 mun Drottinn Gu\u00f0 \u00feinn fars\u00e6la \u00feig \u00ed \u00f6llum \u00fe\u00ednum starfa,<a name=\"9\"><span class=\"versanumer\">9<\/span><\/a>me\u00f0 barnal\u00e1ni, me\u00f0 \u00e1vexti af \u00fe\u00ednum f\u00e9na\u00f0i og \u00feinni j\u00f6r\u00f0u, svo \u00fe\u00e9r gangi vel; Drottinn mun \u00fe\u00e1 aftur fara a\u00f0 hafa yndi af a\u00f0 gj\u00f6ra \u00fe\u00e9r gott, eins og hann haf\u00f0i yndi af \u00fev\u00ed vi\u00f0 \u00fe\u00edna forfe\u00f0ur,<a name=\"10\"><span class=\"versanumer\">10<\/span><\/a>ef \u00fe\u00fa a\u00f0eins gegnir raustu Drottins \u00fe\u00edns Gu\u00f0s, \u00ed \u00fev\u00ed a\u00f0 halda hans bo\u00f0or\u00f0 og setninga sem skrifa\u00f0ir eru \u00ed \u00feessari l\u00f6gb\u00f3k, ef \u00fe\u00fa a\u00f0eins sn\u00fdr \u00fe\u00e9r til Drottins \u00fe\u00edns Gu\u00f0s af \u00f6llu hjarta og af allri s\u00e1lu.<a name=\"11\"><span class=\"versanumer\">11<\/span><\/a>\u00dev\u00ed \u00fea\u00f0 bo\u00f0or\u00f0 <span class='VideyAth'>**)<\/span> sem eg hefi lagt fyrir \u00feig \u00ed dag er ekki svo erfitt fyrir \u00feig e\u00f0a fjarl\u00e6gt.<a name=\"12\"><span class=\"versanumer\">12<\/span><\/a>Ekki er \u00fea\u00f0 upp \u00ed himninum svo \u00fe\u00fa \u00feurfir a\u00f0 segja: hv\u00f6r \u00e6tli fari fyrir oss upp \u00ed himininn og s\u00e6ki \u00fea\u00f0 fyrir oss, og \u00fatlisti, svo v\u00e9r getum breytt eftir \u00fev\u00ed;<a name=\"13\"><span class=\"versanumer\">13<\/span><\/a>\u00fea\u00f0 er ekki hinumegin hafsins, svo \u00fe\u00fa \u00feurfir a\u00f0 segja: hv\u00f6r skal vilja fara fyrir oss yfir hafi\u00f0 til a\u00f0 s\u00e6kja \u00fea\u00f0 og \u00fatlista oss, a\u00f0 v\u00e9r f\u00e1um breytt eftir \u00fev\u00ed;<a name=\"14\"><span class=\"versanumer\">14<\/span><\/a>\u00fev\u00ed \u00fea\u00f0 bo\u00f0or\u00f0 liggur mj\u00f6g n\u00e6rri \u00fe\u00e9r, \u00fea\u00f0 er \u00ed \u00fe\u00ednum eigin munni og hjarta, svo a\u00f0 \u00fe\u00fa getur \u00feess vegna breytt eftir \u00fev\u00ed. <br \/><a name=\"15\"><span class=\"versanumer\">15<\/span><\/a>Sj\u00e1! eg legg fyrir \u00feig \u00ed dag l\u00edfi\u00f0 og \u00fea\u00f0 hi\u00f0 g\u00f3\u00f0a, dau\u00f0ann og hi\u00f0 vonda,<a name=\"16\"><span class=\"versanumer\">16<\/span><\/a>me\u00f0 \u00fev\u00ed eg b\u00fd\u00f0 \u00fe\u00e9r \u00ed dag a\u00f0 \u00fe\u00fa skulir elska Drottin Gu\u00f0 \u00feinn og ganga \u00e1 hans vegum og var\u00f0veita hans bo\u00f0or\u00f0, l\u00f6gm\u00e1l og setninga, svo \u00fe\u00fa megir lifa og fj\u00f6lga, og Drottinn \u00feinn Gu\u00f0 blessi \u00feig \u00ed \u00fev\u00ed landi sem \u00fe\u00fa fer n\u00fa til a\u00f0 eignast;<a name=\"17\"><span class=\"versanumer\">17<\/span><\/a>en ef \u00fe\u00e9r sn\u00fdst hugur og hl\u00fd\u00f0ir ekki, en l\u00e6tur villa \u00feig svo \u00fe\u00fa tilbi\u00f0jir annarlega gu\u00f0i og d\u00fdrkir \u00fe\u00e1,<a name=\"18\"><span class=\"versanumer\">18<\/span><\/a>\u00fe\u00e1 kunngj\u00f6ri eg y\u00f0ur \u00ed dag, a\u00f0 \u00fe\u00e9r munu\u00f0 tort\u00fdnast og ekki lengi lifa \u00ed \u00fev\u00ed landi, sem \u00fe\u00fa ert n\u00fa \u00e1 lei\u00f0inni a\u00f0 eignast \u00feegar \u00fe\u00fa ert kominn yfir um J\u00f3rdan.<a name=\"19\"><span class=\"versanumer\">19<\/span><\/a>Kve\u00f0 eg \u00ed dag himin og j\u00f6r\u00f0 til vitnis yfir y\u00f0ur, a\u00f0 eg hefi lagt fyrir y\u00f0ur l\u00edfi\u00f0 og dau\u00f0ann, blessanina og b\u00f6lvanina; veldu \u00fe\u00e1 l\u00edfi\u00f0, svo a\u00f0 \u00fe\u00fa og \u00feinir ni\u00f0jar megi lifa;<a name=\"20\"><span class=\"versanumer\">20<\/span><\/a>elski\u00f0 Drottin y\u00f0ar Gu\u00f0, og hl\u00fd\u00f0i\u00f0 hans raustu og haldi\u00f0 y\u00f0ur til hans, \u00fev\u00ed \u00fear er \u00feitt l\u00edf undirkomi\u00f0 og langg\u00e6fur aldur \u00ed \u00fev\u00ed landi sem Drottinn hefir svari\u00f0 a\u00f0 gefa \u00fe\u00ednum forfe\u00f0rum Abraham, \u00cdsaak og Jakob.<\/p>\n<div class=\"footnoteVidey\">**) Nl. a\u00f0 halda vi\u00f0 tr\u00fana \u00e1 \u00feeim eina sanna Gu\u00f0i.<\/div>\n","protected":false},"excerpt":{"rendered":"<p>Gu\u00f0 miskunnar \u00feeim er sj\u00e1 a\u00f0 s\u00e9r. 1\u00deegar allt \u00feetta kemur yfir \u00feig, anna\u00f0 hv\u00f6rt blessanin e\u00f0a (b\u00f6lvanin), sem eg hefi lagt fyrir \u00feig, a\u00f0 \u00fe\u00fa leggur \u00fe\u00e9r \u00fea\u00f0 \u00e1 hjarta \u00e1 me\u00f0al \u00feeirra \u00fej\u00f3\u00f0a til hv\u00f6rra Drottinn \u00feinn Gu\u00f0 rekur \u00feig,2og \u00fe\u00fa sn\u00fdr \u00fe\u00e9r aftur til Drottins \u00fe\u00edns Gu\u00f0s, og gegnir, b\u00e6\u00f0i \u00fe\u00fa og ni\u00f0jar \u00fe\u00ednir, hans raustu af \u00f6llu hjarta og allri s\u00e1lu, \u00ed \u00f6llu sem eg legg fyrir \u00feig \u00ed dag;3\u00fe\u00e1 mun Drottinn \u00feinn Gu\u00f0 gj\u00f6ra enda \u00e1 \u00feinni herlei\u00f0ingu og aumkast yfir \u00feig, og safna \u00fe\u00e9r aftur saman af \u00f6llum \u00fej\u00f3\u00f0um \u00e1 me\u00f0al hv\u00f6rra Drottinn \u00feinn <a href=\"https:\/\/biblian.is\/videy\/fimmta-mosebok-30-kafli\/\"> [&#8230;]<\/a><\/p>\n","protected":false},"author":1,"featured_media":0,"parent":0,"menu_order":0,"comment_status":"open","ping_status":"open","template":"bibliukaflar.php","meta":{"footnotes":""},"class_list":["post-21032","page","type-page","status-publish","hentry"],"_links":{"self":[{"href":"https:\/\/biblian.is\/videy\/wp-json\/wp\/v2\/pages\/21032","targetHints":{"allow":["GET"]}}],"collection":[{"href":"https:\/\/biblian.is\/videy\/wp-json\/wp\/v2\/pages"}],"about":[{"href":"https:\/\/biblian.is\/videy\/wp-json\/wp\/v2\/types\/page"}],"author":[{"embeddable":true,"href":"https:\/\/biblian.is\/videy\/wp-json\/wp\/v2\/users\/1"}],"replies":[{"embeddable":true,"href":"https:\/\/biblian.is\/videy\/wp-json\/wp\/v2\/comments?post=21032"}],"version-history":[{"count":0,"href":"https:\/\/biblian.is\/videy\/wp-json\/wp\/v2\/pages\/21032\/revisions"}],"wp:attachment":[{"href":"https:\/\/biblian.is\/videy\/wp-json\/wp\/v2\/media?parent=21032"}],"curies":[{"name":"wp","href":"https:\/\/api.w.org\/{rel}","templated":true}]}}