{"id":21031,"date":"2018-01-02T01:00:02","date_gmt":"2018-01-02T01:00:02","guid":{"rendered":"http:\/\/biblian.is\/videy\/fimmta-mosebok-29-kafli\/"},"modified":"2018-01-02T01:00:02","modified_gmt":"2018-01-02T01:00:02","slug":"fimmta-mosebok-29-kafli","status":"publish","type":"page","link":"https:\/\/biblian.is\/videy\/fimmta-mosebok-29-kafli\/","title":{"rendered":"Fimmta M\u00f3seb\u00f3k 29. kafli"},"content":{"rendered":"<div class=\"fyrirsognVidey\">Upphvatning til hl\u00fd\u00f0ni.<\/div>\n<p><a name=\"1\"><span class=\"versanumer\">1<\/span><\/a>\u00deessi eru \u00feau s\u00e1ttm\u00e1lsor\u00f0 sem Drottinn bau\u00f0 M\u00f3ses a\u00f0 semja vi\u00f0 \u00cdsraelsb\u00f6rn \u00ed M\u00f3ab\u00edtalandi, auk s\u00e1ttm\u00e1lans sem hann samdi vi\u00f0 \u00feau \u00e1\u00f0ur \u00ed Horeb.<a name=\"2\"><span class=\"versanumer\">2<\/span><\/a>M\u00f3ses kalla\u00f0i saman allan \u00cdsrael, og sag\u00f0i: \u00fe\u00e9r hafi\u00f0 s\u00e9\u00f0 allt \u00fea\u00f0 sem Drottinn gj\u00f6r\u00f0i y\u00f0ur \u00e1sj\u00e1andi \u00ed Egyptalandi, b\u00e6\u00f0i vi\u00f0 hann fara\u00f3 sj\u00e1lfan, hir\u00f0menn hans og allt landi\u00f0,<a name=\"3\"><span class=\"versanumer\">3<\/span><\/a>eg meina \u00fe\u00e6r miklu pl\u00e1gur sem \u00fe\u00fa hefir s\u00e9\u00f0 me\u00f0 \u00fe\u00ednum eigin augum, \u00feau miklu t\u00e1kn og undur.<a name=\"4\"><span class=\"versanumer\">4<\/span><\/a>Samt hefir Drottinn allt til \u00feessa dags ekki gefi\u00f0 y\u00f0ur r\u00e9ttskynjandi hjarta, e\u00f0ur augu til a\u00f0 sj\u00e1 me\u00f0, e\u00f0a eyru til a\u00f0 heyra me\u00f0;<a name=\"5\"><span class=\"versanumer\">5<\/span><\/a>hann leiddi y\u00f0ur fj\u00f6rut\u00edu \u00e1r \u00ed ey\u00f0im\u00f6rku, y\u00f0ar f\u00f6t fyrndust ekki \u00e1 y\u00f0ur, og y\u00f0ar sk\u00f3r slitnu\u00f0u ekki \u00e1 f\u00f3tum y\u00f0ar;<a name=\"6\"><span class=\"versanumer\">6<\/span><\/a>\u00fe\u00e9r \u00e1tu\u00f0 ekki brau\u00f0, n\u00e9 drukku\u00f0 v\u00edn, e\u00f0a nokkurn \u00e1fengan drykk, svo \u00fe\u00fa skyldir mega skynja a\u00f0 hann v\u00e6ri Drottinn \u00feinn Gu\u00f0,<a name=\"7\"><span class=\"versanumer\">7<\/span><\/a>\u00fe\u00e9r komust hinga\u00f0 \u00e1 \u00feenna sta\u00f0, \u00fe\u00e1 lag\u00f0i S\u00edhon k\u00f3ngurinn af Hesbon og \u00d3gg k\u00f3ngurinn af Basan \u00e1 m\u00f3ts vi\u00f0 oss til orrustu, en v\u00e9r l\u00f6g\u00f0um \u00fe\u00e1 a\u00f0 velli,<a name=\"8\"><span class=\"versanumer\">8<\/span><\/a>t\u00f3kum undir oss \u00feeirra land, og skiptum \u00fev\u00ed me\u00f0 R\u00faben\u00edtum, Ga\u00f0\u00edtum og h\u00e1lfri Manassis \u00e6ttkv\u00edsl.<br \/><a name=\"9\"><span class=\"versanumer\">9<\/span><\/a>Svo haldi\u00f0 \u00fe\u00e1 \u00feessi s\u00e1ttm\u00e1lans or\u00f0 og breyti\u00f0 eftir \u00feeim, svo \u00fe\u00e9r geti\u00f0 or\u00f0i\u00f0 l\u00e1nsamir \u00ed \u00f6llum y\u00f0ar fyrirt\u00e6kjum.<a name=\"10\"><span class=\"versanumer\">10<\/span><\/a>\u00de\u00e9r standi\u00f0 \u00ed dag allir saman frammi fyrir Drottni, y\u00f0ar Gu\u00f0i, h\u00f6fu\u00f0smenn y\u00f0ar \u00e6ttkv\u00edsla, y\u00f0rir \u00f6ldungar, y\u00f0rir emb\u00e6ttismenn og hv\u00f6r ma\u00f0ur \u00ed \u00cdsrael,<a name=\"11\"><span class=\"versanumer\">11<\/span><\/a>y\u00f0ar b\u00f6rn, y\u00f0ar h\u00fasfreyjur, \u00feeir \u00fatlendu, sem eru \u00ed \u00fe\u00ednum landtj\u00f6ldum, \u00feeir sem h\u00f6ggva vi\u00f0 \u00feinn og s\u00e6kja vatn fyrir \u00feig,<a name=\"12\"><span class=\"versanumer\">12<\/span><\/a>til a\u00f0 binda me\u00f0 ei\u00f0i \u00feann s\u00e1ttm\u00e1la sem Drottinn \u00feinn Gu\u00f0 vill gj\u00f6ra vi\u00f0 y\u00f0ur \u00ed dag, til \u00feess hann gj\u00f6ri \u00feig \u00ed dag a\u00f0 sinni \u00fej\u00f3\u00f0,<a name=\"13\"><span class=\"versanumer\">13<\/span><\/a>og hann s\u00e9 \u00feinn Gu\u00f0 eins og hann hefir lofa\u00f0 \u00fe\u00e9r, og eins og hann hefir svari\u00f0 \u00fe\u00ednum forfe\u00f0rum Abraham, \u00cdsaak og Jakob;<a name=\"14\"><span class=\"versanumer\">14<\/span><\/a>\u00fev\u00ed eg bind \u00feenna s\u00e1ttm\u00e1la og ei\u00f0, ekki vi\u00f0 y\u00f0ur einasta,<a name=\"15\"><span class=\"versanumer\">15<\/span><\/a>heldur b\u00e6\u00f0i vi\u00f0 y\u00f0ur sem h\u00e9r eru\u00f0 \u00ed dag og standi\u00f0 h\u00e9r \u00e1samt oss frammi fyrir Drottni vorum Gu\u00f0i, og l\u00edka vi\u00f0 \u00fe\u00e1 sem ekki eru h\u00e9r \u00ed dag me\u00f0 oss, nefnil: vi\u00f0 eftirkomendurnar.<a name=\"16\"><span class=\"versanumer\">16<\/span><\/a>\u00dev\u00ed \u00fe\u00e9r muni\u00f0 eftir verunni okkar \u00ed Egyptalandi, og hv\u00f6rnig v\u00e9r komumst mitt \u00ed gegnum svo margar \u00fej\u00f3\u00f0ir sem yfir var a\u00f0 fara,<a name=\"17\"><span class=\"versanumer\">17<\/span><\/a>\u00fe\u00e9r s\u00e1u\u00f0 \u00feeirra sv\u00edvir\u00f0ilegu gu\u00f0sd\u00fdrkun og sk\u00fargo\u00f0 af tr\u00e9 og steinum, af gulli og silfri sem \u00feeir h\u00f6f\u00f0u hj\u00e1 s\u00e9r,<a name=\"18\"><span class=\"versanumer\">18<\/span><\/a>svo \u00fea\u00f0 m\u00e1 enginn vera me\u00f0al y\u00f0ar, hv\u00f6rki karl n\u00e9 kona, heimili e\u00f0a \u00e6ttkv\u00edsl, sem \u00ed dag sn\u00fai hjarta s\u00ednu fr\u00e1 Drottni vorum Gu\u00f0i, og gangi a\u00f0 d\u00fdrka go\u00f0 \u00feessar \u00fej\u00f3\u00f0a, \u00e1 me\u00f0al y\u00f0ar s\u00e9 engin r\u00f3t sem beri eitur e\u00f0a malurt.<br \/><a name=\"19\"><span class=\"versanumer\">19<\/span><\/a>S\u00e9 s\u00e1 nokkur er heyrir vi\u00f0l\u00f6gur \u00feessa svardaga, og \u00fe\u00f3 hr\u00e6snar fyrir s\u00ednu eigin hjarta og segir: \u201em\u00e9r skal l\u00ed\u00f0a vel, \u00fev\u00ed eg vil ganga eftir minni eigin lyst svo eg geti drukki\u00f0 vi\u00f0 \u00feorstanum\u201c,<a name=\"20\"><span class=\"versanumer\">20<\/span><\/a>\u00fe\u00e1 mun Drottinn ekki \u00feyrma \u00fev\u00edl\u00edkum, heldur mun hans rei\u00f0i og vandl\u00e6ting dynja yfir \u00feann mann, og allar \u00fe\u00e6r \u00f3blessanir sem upptaldar eru \u00ed \u00feessari b\u00f3k skulu hla\u00f0ast \u00e1 hann, og Drottinn mun afm\u00e1 hans nafn undir himninum,<a name=\"21\"><span class=\"versanumer\">21<\/span><\/a>og hann mun taka hann \u00fat af \u00far \u00f6llum \u00e6ttkv\u00edslum \u00cdsraels, til a\u00f0 gj\u00f6ra honum allt \u00fea\u00f0 illt, sem \u00f3blessunaror\u00f0 \u00feess s\u00e1ttm\u00e1la sem er skrifa\u00f0ur \u00ed \u00feessari lagab\u00f3k, hlj\u00f3\u00f0a upp \u00e1.<br \/><a name=\"22\"><span class=\"versanumer\">22<\/span><\/a>\u00deegar eftirkomendurnir, b\u00f6rn y\u00f0ar, sem koma munu eftir y\u00f0ar dag, og \u00fatlendir sem koma a\u00f0 \u00far fjarl\u00e6gum l\u00f6ndum, sj\u00e1 pl\u00e1gur lands \u00feessa, og veikindi sem Drottinn sl\u00e6r \u00fea\u00f0 me\u00f0,<a name=\"23\"><span class=\"versanumer\">23<\/span><\/a>\u00fe\u00e1 munu \u00feeir segja: hann hefir brennt land \u00feetta allt me\u00f0 brennisteini og salti, svo \u00fear ver\u00f0ur ekki s\u00e1\u00f0, og ei getur \u00fear neitt sprotti\u00f0, e\u00f0a nokkur urt komi\u00f0 upp \u00far j\u00f6r\u00f0unni, en allt er umturna\u00f0 eins og S\u00f3d\u00f3ma og Gomorra, Adama og Seboim, sem Drottinn umturna\u00f0i \u00ed rei\u00f0i sinni og hefndarbr\u00e6\u00f0i.<a name=\"24\"><span class=\"versanumer\">24<\/span><\/a>\u00de\u00e1 munu allar \u00fej\u00f3\u00f0ir spyrja: hva\u00f0 kemur til a\u00f0 Drottinn hefir fari\u00f0 svona me\u00f0 \u00feetta land? hv\u00f6rnig stendur \u00e1 \u00feessari hans miklu heiftarrei\u00f0i?<a name=\"25\"><span class=\"versanumer\">25<\/span><\/a>\u00de\u00e1 munu menn svara: \u00fea\u00f0 kemur af \u00fev\u00ed, a\u00f0 \u00feeir yfirg\u00e1fu s\u00e1ttm\u00e1lann sem Drottinn \u00feeirra fe\u00f0ra Gu\u00f0, gj\u00f6r\u00f0i vi\u00f0 \u00fe\u00e1, \u00feegar hann leiddi \u00fe\u00e1 \u00fat \u00far Egyptalandi,<a name=\"26\"><span class=\"versanumer\">26<\/span><\/a>en gengu a\u00f0 d\u00fdrka annarlega gu\u00f0i sem \u00feeir ekki \u00feekktu til, og sem \u00feeim aldrei voru \u00e6tla\u00f0ir <span class='VideyAth'>*)<\/span>,<a name=\"27\"><span class=\"versanumer\">27<\/span><\/a>\u00feess vegna hefir Drottinn or\u00f0i\u00f0 svo br\u00e1\u00f0ur vi\u00f0 \u00feetta land, a\u00f0 hann hefir l\u00e1ti\u00f0 koma yfir \u00fe\u00e1 allar \u00fe\u00e6r \u00f3blessanir sem eru tilnefndar \u00ed \u00feessari b\u00f3k,<a name=\"28\"><span class=\"versanumer\">28<\/span><\/a>og reki\u00f0 \u00fe\u00e1 burt \u00far \u00feeirra landi \u00ed mikilli rei\u00f0i, grimmd og br\u00e6\u00f0i og fleygt \u00feeim \u00ed framandi l\u00f6nd, hva\u00f0 svo stendur enn \u00ed dag. <br \/><a name=\"29\"><span class=\"versanumer\">29<\/span><\/a>Leyndard\u00f3mar eru fyrir Drottin vorn Gu\u00f0, en hva\u00f0 opinbera\u00f0 er tilheyrir oss og ni\u00f0jum vorum \u00e6vinlega, svo a\u00f0 v\u00e9r \u00feess heldur breytum eftir \u00f6llum \u00feessum l\u00f6gm\u00e1lsor\u00f0um.<\/p>\n<div class=\"footnoteVidey\">*) Sj\u00e1 kap. 4,19.<\/div>\n","protected":false},"excerpt":{"rendered":"<p>Upphvatning til hl\u00fd\u00f0ni. 1\u00deessi eru \u00feau s\u00e1ttm\u00e1lsor\u00f0 sem Drottinn bau\u00f0 M\u00f3ses a\u00f0 semja vi\u00f0 \u00cdsraelsb\u00f6rn \u00ed M\u00f3ab\u00edtalandi, auk s\u00e1ttm\u00e1lans sem hann samdi vi\u00f0 \u00feau \u00e1\u00f0ur \u00ed Horeb.2M\u00f3ses kalla\u00f0i saman allan \u00cdsrael, og sag\u00f0i: \u00fe\u00e9r hafi\u00f0 s\u00e9\u00f0 allt \u00fea\u00f0 sem Drottinn gj\u00f6r\u00f0i y\u00f0ur \u00e1sj\u00e1andi \u00ed Egyptalandi, b\u00e6\u00f0i vi\u00f0 hann fara\u00f3 sj\u00e1lfan, hir\u00f0menn hans og allt landi\u00f0,3eg meina \u00fe\u00e6r miklu pl\u00e1gur sem \u00fe\u00fa hefir s\u00e9\u00f0 me\u00f0 \u00fe\u00ednum eigin augum, \u00feau miklu t\u00e1kn og undur.4Samt hefir Drottinn allt til \u00feessa dags ekki gefi\u00f0 y\u00f0ur r\u00e9ttskynjandi hjarta, e\u00f0ur augu til a\u00f0 sj\u00e1 me\u00f0, e\u00f0a eyru til a\u00f0 heyra me\u00f0;5hann leiddi y\u00f0ur fj\u00f6rut\u00edu \u00e1r \u00ed <a href=\"https:\/\/biblian.is\/videy\/fimmta-mosebok-29-kafli\/\"> [&#8230;]<\/a><\/p>\n","protected":false},"author":1,"featured_media":0,"parent":0,"menu_order":0,"comment_status":"open","ping_status":"open","template":"bibliukaflar.php","meta":{"footnotes":""},"class_list":["post-21031","page","type-page","status-publish","hentry"],"_links":{"self":[{"href":"https:\/\/biblian.is\/videy\/wp-json\/wp\/v2\/pages\/21031","targetHints":{"allow":["GET"]}}],"collection":[{"href":"https:\/\/biblian.is\/videy\/wp-json\/wp\/v2\/pages"}],"about":[{"href":"https:\/\/biblian.is\/videy\/wp-json\/wp\/v2\/types\/page"}],"author":[{"embeddable":true,"href":"https:\/\/biblian.is\/videy\/wp-json\/wp\/v2\/users\/1"}],"replies":[{"embeddable":true,"href":"https:\/\/biblian.is\/videy\/wp-json\/wp\/v2\/comments?post=21031"}],"version-history":[{"count":0,"href":"https:\/\/biblian.is\/videy\/wp-json\/wp\/v2\/pages\/21031\/revisions"}],"wp:attachment":[{"href":"https:\/\/biblian.is\/videy\/wp-json\/wp\/v2\/media?parent=21031"}],"curies":[{"name":"wp","href":"https:\/\/api.w.org\/{rel}","templated":true}]}}