{"id":21010,"date":"2018-01-02T00:59:56","date_gmt":"2018-01-02T00:59:56","guid":{"rendered":"http:\/\/biblian.is\/videy\/fimmta-mosebok-8-kafli\/"},"modified":"2018-01-02T00:59:56","modified_gmt":"2018-01-02T00:59:56","slug":"fimmta-mosebok-8-kafli","status":"publish","type":"page","link":"https:\/\/biblian.is\/videy\/fimmta-mosebok-8-kafli\/","title":{"rendered":"Fimmta M\u00f3seb\u00f3k 8. kafli"},"content":{"rendered":"<div class=\"fyrirsognVidey\">Gu\u00f0s velgj\u00f6rningar vi\u00f0 \u00cdsraelsb\u00f6rn eiga a\u00f0 hvetja \u00fe\u00e1 til hl\u00fd\u00f0ni vi\u00f0 hans bo\u00f0.<\/div>\n<p><a name=\"1\"><span class=\"versanumer\">1<\/span><\/a>\u00d6ll \u00feau bo\u00f0or\u00f0 sem eg legg fyrir y\u00f0ur \u00ed dag, skulu\u00f0 \u00fe\u00e9r var\u00f0veita til eftirbreytni, svo \u00fe\u00e9r ver\u00f0i\u00f0 l\u00e1nsamir og fars\u00e6lir, og f\u00e1i\u00f0 til eignar landi\u00f0 sem Drottinn lofa\u00f0i forfe\u00f0rum y\u00f0ar me\u00f0 ei\u00f0i.<a name=\"2\"><span class=\"versanumer\">2<\/span><\/a>L\u00e1ti\u00f0 y\u00f0ur reka minni til allrar \u00feeirrar lei\u00f0ar, sem Drottinn \u00feinn Gu\u00f0 leiddi \u00feig yfir \u00ed \u00feessi 40 \u00e1r \u00ed ey\u00f0im\u00f6rkinni, svo a\u00f0 hann me\u00f0 nokkru m\u00f3tl\u00e6ti reyndi \u00feig, til a\u00f0 \u00feekkja \u00feinn innri mann, hv\u00f6rt \u00fe\u00fa mundir halda hans bo\u00f0or\u00f0 e\u00f0ur ekki. <br \/><a name=\"3\"><span class=\"versanumer\">3<\/span><\/a>Hann l\u00e9t \u00feig rata \u00ed hungursney\u00f0, en \u00fe\u00e1 f\u00e6ddi hann \u00feig \u00e1 manna sem hv\u00f6rki \u00fe\u00fa n\u00e9 \u00fe\u00ednir forfe\u00f0ur \u00feekktu til, svo \u00fe\u00fa skyldir sj\u00e1 a\u00f0 ma\u00f0urinn lifir ekki einasta \u00e1 brau\u00f0i, heldur \u00e1 hv\u00f6rju \u00f6\u00f0ru sem Drottinn leggur honum til;<a name=\"4\"><span class=\"versanumer\">4<\/span><\/a>kl\u00e6\u00f0i \u00fe\u00edn hafa ekki slitna\u00f0 <span class='VideyAth'>*)<\/span>, e\u00f0ur f\u00e6tur \u00fe\u00ednir \u00fer\u00fatna\u00f0 \u00ed \u00feessi 40 \u00e1r. <br \/><a name=\"5\"><span class=\"versanumer\">5<\/span><\/a>\u00de\u00fa m\u00e6ttir \u00fev\u00ed finna \u00fea\u00f0 hj\u00e1 sj\u00e1lfum \u00fe\u00e9r, a\u00f0 eins og fa\u00f0ir f\u00f3strar son sinn, eins hefir Drottinn \u00feinn Gu\u00f0 f\u00f3stra\u00f0 \u00feig;<a name=\"6\"><span class=\"versanumer\">6<\/span><\/a>var\u00f0veittu \u00feess vegna bo\u00f0or\u00f0 Drottins \u00fe\u00edns Gu\u00f0s, a\u00f0 \u00fe\u00fa gangir \u00e1 hans vegum og \u00f3ttist hann.<br \/><a name=\"7\"><span class=\"versanumer\">7<\/span><\/a>\u00deegar Drottinn \u00feinn Gu\u00f0 er b\u00fainn a\u00f0 lei\u00f0a \u00feig inn \u00ed landi\u00f0 g\u00f3\u00f0a, \u00fea\u00f0 landi\u00f0 hvar vatnsf\u00f6ll eru, uppsprettur og st\u00f6\u00f0uv\u00f6tn sem spretta upp \u00ed d\u00f6lum og fj\u00f6llum,<a name=\"8\"><span class=\"versanumer\">8<\/span><\/a>inn \u00ed landi\u00f0 hvar n\u00f3g er af hveiti, byggi, v\u00ednvi\u00f0i, f\u00edkjutrj\u00e1m og granateplum, vi\u00f0smj\u00f6rstrj\u00e1m og hunangi,<a name=\"9\"><span class=\"versanumer\">9<\/span><\/a>inn \u00ed landi\u00f0, hvar \u00fe\u00fa ekki munt \u00feurfa a\u00f0 eta \u00feitt brau\u00f0 me\u00f0 f\u00e1t\u00e6kt, og hvar \u00feig mun ekkert bresta, hv\u00f6rs steinar eru j\u00e1rn, og hvar \u00fe\u00fa getur grafi\u00f0 koparinn \u00far fj\u00f6llunum,<a name=\"10\"><span class=\"versanumer\">10<\/span><\/a>\u00fe\u00e1 skaltu\u2014n\u00e6r \u00fe\u00fa hefir eti\u00f0 \u00feig mettan\u2014\u00feakka Drottni \u00fe\u00ednum Gu\u00f0i fyrir landi\u00f0 \u00fea\u00f0 i\u00f0 g\u00f3\u00f0a, sem hann gaf \u00fe\u00e9r.<a name=\"11\"><span class=\"versanumer\">11<\/span><\/a>En vara\u00f0u \u00feig vi\u00f0 \u00fev\u00ed a\u00f0 \u00fe\u00fa gleymir ekki Drottni Gu\u00f0i \u00fe\u00ednum me\u00f0 \u00fev\u00ed a\u00f0 halda ekki hans bo\u00f0or\u00f0, tilskipanir og l\u00f6g, sem eg \u00ed dag legg fyrir \u00feig,<a name=\"12\"><span class=\"versanumer\">12<\/span><\/a>a\u00f0 \u00feegar \u00fe\u00fa hefir eti\u00f0 \u00feig mettan, og byggt \u00fe\u00e9r pr\u00fd\u00f0ileg h\u00fas a\u00f0 b\u00faa \u00ed,<a name=\"13\"><span class=\"versanumer\">13<\/span><\/a>og \u00feegar \u00fe\u00fa eflist a\u00f0 nautum og sau\u00f0um, silfri og gulli og alls kyns fj\u00e1rmunum,<a name=\"14\"><span class=\"versanumer\">14<\/span><\/a>vara\u00f0u \u00feig, segi eg, a\u00f0 \u00fe\u00fa metnist \u00fe\u00e1 ekki me\u00f0 sj\u00e1lfum \u00fe\u00e9r, og gleymir Drottni \u00fe\u00ednum Gu\u00f0i, sem leiddi \u00feig \u00far Egyptalandi, \u00fev\u00ed \u00fer\u00e6ld\u00f3msfangelsinu,<a name=\"15\"><span class=\"versanumer\">15<\/span><\/a>sem leiddi \u00feig yfir \u00fe\u00e1 miklu og hr\u00e6\u00f0ilegu ey\u00f0im\u00f6rk, hvar e\u00f0 voru stingandi h\u00f6ggormar og spor\u00f0drekar, \u00fear var og hrj\u00f3stur miki\u00f0 og vatnsleysi, en hann l\u00e9t vatn buna fram af har\u00f0ri hellu handa \u00fe\u00e9r,<a name=\"16\"><span class=\"versanumer\">16<\/span><\/a>hann f\u00e6ddi \u00feig \u00ed ey\u00f0im\u00f6rkinni \u00e1 manna sem forfe\u00f0ur \u00fe\u00ednir \u00feekktu ei til, a\u00f0 hann fyrst reyndi \u00feig me\u00f0 nokkurri m\u00e6\u00f0u, en gj\u00f6r\u00f0i \u00fe\u00e9r svo vel til \u00e1 eftir. <br \/><a name=\"17\"><span class=\"versanumer\">17<\/span><\/a>Ekki skalt\u00fa hugsa me\u00f0 sj\u00e1lfum \u00fe\u00e9r: m\u00edn eigin orka, og styrkur minna handa hafa afla\u00f0 m\u00e9r \u00feessarar megunar,<a name=\"18\"><span class=\"versanumer\">18<\/span><\/a>mundu heldur til Drottins \u00fe\u00edns Gu\u00f0s, \u00fev\u00ed hann er \u00fea\u00f0 sem veiti \u00fe\u00e9r krafta til \u00feessarar velmegunar, \u00fev\u00ed hann vildi halda sinn s\u00e1ttm\u00e1la, sem hann haf\u00f0i svari\u00f0 forfe\u00f0rum \u00fe\u00ednum, hv\u00f6rn hann hefir og haldi\u00f0 til \u00feessa.<a name=\"19\"><span class=\"versanumer\">19<\/span><\/a>En ef \u00fe\u00fa gleymir Drottni \u00fe\u00ednum Gu\u00f0i, og gefur \u00feig vi\u00f0 annarlegum gu\u00f0um, d\u00fdrkar \u00fe\u00e1 og tilbi\u00f0ur, \u00fe\u00e1 segi eg \u00fe\u00e9r n\u00fa strax fyrir sann, a\u00f0 \u00fea\u00f0 mun br\u00e1\u00f0lega vera \u00fati me\u00f0 y\u00f0ur,<a name=\"20\"><span class=\"versanumer\">20<\/span><\/a>eins og me\u00f0 \u00fe\u00e6r \u00fej\u00f3\u00f0ir sem Drottinn ey\u00f0ilag\u00f0i fyrir y\u00f0ur, eins munu\u00f0 \u00fe\u00e9r farast, af \u00fev\u00ed \u00fe\u00e9r ekki vildu\u00f0 hl\u00fd\u00f0a vilja Drottins y\u00f0ar Gu\u00f0s.<\/p>\n<div class=\"footnoteVidey\">*) \u00deig hefir aldrei brosti\u00f0 fatna\u00f0.<\/div>\n","protected":false},"excerpt":{"rendered":"<p>Gu\u00f0s velgj\u00f6rningar vi\u00f0 \u00cdsraelsb\u00f6rn eiga a\u00f0 hvetja \u00fe\u00e1 til hl\u00fd\u00f0ni vi\u00f0 hans bo\u00f0. 1\u00d6ll \u00feau bo\u00f0or\u00f0 sem eg legg fyrir y\u00f0ur \u00ed dag, skulu\u00f0 \u00fe\u00e9r var\u00f0veita til eftirbreytni, svo \u00fe\u00e9r ver\u00f0i\u00f0 l\u00e1nsamir og fars\u00e6lir, og f\u00e1i\u00f0 til eignar landi\u00f0 sem Drottinn lofa\u00f0i forfe\u00f0rum y\u00f0ar me\u00f0 ei\u00f0i.2L\u00e1ti\u00f0 y\u00f0ur reka minni til allrar \u00feeirrar lei\u00f0ar, sem Drottinn \u00feinn Gu\u00f0 leiddi \u00feig yfir \u00ed \u00feessi 40 \u00e1r \u00ed ey\u00f0im\u00f6rkinni, svo a\u00f0 hann me\u00f0 nokkru m\u00f3tl\u00e6ti reyndi \u00feig, til a\u00f0 \u00feekkja \u00feinn innri mann, hv\u00f6rt \u00fe\u00fa mundir halda hans bo\u00f0or\u00f0 e\u00f0ur ekki. 3Hann l\u00e9t \u00feig rata \u00ed hungursney\u00f0, en \u00fe\u00e1 f\u00e6ddi hann \u00feig \u00e1 <a href=\"https:\/\/biblian.is\/videy\/fimmta-mosebok-8-kafli\/\"> [&#8230;]<\/a><\/p>\n","protected":false},"author":1,"featured_media":0,"parent":0,"menu_order":0,"comment_status":"open","ping_status":"open","template":"bibliukaflar.php","meta":{"footnotes":""},"class_list":["post-21010","page","type-page","status-publish","hentry"],"_links":{"self":[{"href":"https:\/\/biblian.is\/videy\/wp-json\/wp\/v2\/pages\/21010","targetHints":{"allow":["GET"]}}],"collection":[{"href":"https:\/\/biblian.is\/videy\/wp-json\/wp\/v2\/pages"}],"about":[{"href":"https:\/\/biblian.is\/videy\/wp-json\/wp\/v2\/types\/page"}],"author":[{"embeddable":true,"href":"https:\/\/biblian.is\/videy\/wp-json\/wp\/v2\/users\/1"}],"replies":[{"embeddable":true,"href":"https:\/\/biblian.is\/videy\/wp-json\/wp\/v2\/comments?post=21010"}],"version-history":[{"count":0,"href":"https:\/\/biblian.is\/videy\/wp-json\/wp\/v2\/pages\/21010\/revisions"}],"wp:attachment":[{"href":"https:\/\/biblian.is\/videy\/wp-json\/wp\/v2\/media?parent=21010"}],"curies":[{"name":"wp","href":"https:\/\/api.w.org\/{rel}","templated":true}]}}