{"id":21002,"date":"2018-01-02T00:59:51","date_gmt":"2018-01-02T00:59:51","guid":{"rendered":"http:\/\/biblian.is\/videy\/fjorda-mosebok-36-kafli\/"},"modified":"2018-01-02T00:59:51","modified_gmt":"2018-01-02T00:59:51","slug":"fjorda-mosebok-36-kafli","status":"publish","type":"page","link":"https:\/\/biblian.is\/videy\/fjorda-mosebok-36-kafli\/","title":{"rendered":"Fj\u00f3r\u00f0a M\u00f3seb\u00f3k 36. kafli"},"content":{"rendered":"<div class=\"fyrirsognVidey\">L\u00f6g um d\u00e6tur sem taka arf.<\/div>\n<p><a name=\"1\"><span class=\"versanumer\">1<\/span><\/a>Og h\u00f6fu\u00f0smenn sona Gilea\u00f0s sonar Makirs, sonar Manassis, af \u00e6ttum J\u00f3sepssona, gengu fram og t\u00f6lu\u00f0u vi\u00f0 M\u00f3ses, og vi\u00f0 fyrirmennina, h\u00f6fu\u00f0smenn \u00cdsraelssona,<a name=\"2\"><span class=\"versanumer\">2<\/span><\/a>og m\u00e6ltu: Drottinn hefir bo\u00f0i\u00f0 vorum herra, a\u00f0 gefa me\u00f0 hlutfalli landi\u00f0 til eignar \u00cdsraelssonum, og vorum herra var bo\u00f0i\u00f0, af Drottni a\u00f0 gefa d\u00e6trum br\u00f3\u00f0ur vors Selafeha\u00f0s, hans eign.<a name=\"3\"><span class=\"versanumer\">3<\/span><\/a>Ver\u00f0i \u00fe\u00e6r n\u00fa konur einhv\u00f6rs af sonum hinna \u00e6ttkv\u00edsla \u00cdsraelssona, svo gengur \u00feeirra eign, fr\u00e1 eign vorrar \u00e6ttkv\u00edslar, og ver\u00f0ur l\u00f6g\u00f0 vi\u00f0 eign \u00feeirrar \u00e6ttkv\u00edslar sem \u00fe\u00e6r koma inn \u00ed, og \u00fea\u00f0 tekst af hlutdeild vorrar eignar.<a name=\"4\"><span class=\"versanumer\">4<\/span><\/a>Og \u00feegar \u00cdsraelssona fagna\u00f0ar\u00e1r kemur, svo ver\u00f0ur \u00feeirra eign b\u00e6tt vi\u00f0 eign \u00feeirrar \u00e6ttkv\u00edslar, sem \u00fe\u00e6r koma \u00ed og \u00feeirra eign gengur fr\u00e1 eign vorrar \u00e6ttkv\u00edslar. <br \/><a name=\"5\"><span class=\"versanumer\">5<\/span><\/a>\u00de\u00e1 bau\u00f0 M\u00f3ses \u00cdsraelssonum eftir skipun Drottins, og m\u00e6lti: r\u00e9tt talar \u00e6ttkv\u00edsl J\u00f3sepssona.<a name=\"6\"><span class=\"versanumer\">6<\/span><\/a>\u00deetta er \u00fea\u00f0 sem Drottinn b\u00fd\u00f0ur vi\u00f0v\u00edkjandi Selafeha\u00f0sd\u00e6trum, og segir: \u00fe\u00e6r mega ver\u00f0a konur \u00feeirra sem \u00feeim l\u00edkar, \u00feegar \u00fe\u00e6r a\u00f0eins ver\u00f0a konur einhv\u00f6rs, af \u00e6tt \u00feeirra f\u00f6\u00f0urlegu \u00e6ttkv\u00edslar,<a name=\"7\"><span class=\"versanumer\">7<\/span><\/a>svo a\u00f0 engin eign \u00cdsraelssona gangi fr\u00e1 einni \u00e6ttkv\u00edsl til annarrar, heldur skal hv\u00f6r og einn af \u00cdsraelssonum halda eign sinnar f\u00f6\u00f0urlegu \u00e6ttkv\u00edslar.<a name=\"8\"><span class=\"versanumer\">8<\/span><\/a>Og hv\u00f6r ein d\u00f3ttir, sem erfir eign \u00ed \u00e6ttkv\u00edslum \u00cdsraelssona, skal ver\u00f0a kona einhv\u00f6rs af \u00e6tt sinnar f\u00f6\u00f0urlegu \u00e6ttkv\u00edslar, svo a\u00f0 s\u00e9rhv\u00f6r af \u00cdsraelssonum erfi s\u00edns f\u00f6\u00f0urs eign.<a name=\"9\"><span class=\"versanumer\">9<\/span><\/a>Og engin eign gangi fr\u00e1 einni \u00e6ttkv\u00edsl til annarrar, heldur skal hv\u00f6r ein \u00cdsraelssona \u00e6ttkv\u00edsl vera f\u00f6st vi\u00f0 s\u00edna eign. <br \/><a name=\"10\"><span class=\"versanumer\">10<\/span><\/a>Eins og M\u00f3ses bau\u00f0 svo gj\u00f6r\u00f0u Selafeha\u00f0sd\u00e6tur.<a name=\"11\"><span class=\"versanumer\">11<\/span><\/a>Og \u00fe\u00e6r d\u00e6tur Selafeha\u00f0s Mahela, T\u00edrsa, Hogla, Milka og Noa, ur\u00f0u sonakonur f\u00f6\u00f0urbr\u00f3\u00f0ur s\u00edns;<a name=\"12\"><span class=\"versanumer\">12<\/span><\/a>\u00fe\u00e6r ur\u00f0u konur <span class='VideyAth'>(manna)<\/span> af \u00e6ttum Manassis sona, J\u00f3sepssonar, og \u00feeirra eign var\u00f0 hj\u00e1 \u00e6ttkv\u00edsl \u00feeirra f\u00f6\u00f0urlega kyns.<a name=\"13\"><span class=\"versanumer\">13<\/span><\/a>\u00deetta eru \u00feau bo\u00f0or\u00f0 og r\u00e9ttindi sem Drottinn bau\u00f0 \u00cdsraelssonum fyrir <span class='VideyAth'>(millig\u00f6ngu)<\/span> M\u00f3sis \u00e1 M\u00f3absv\u00f6llum, vi\u00f0 J\u00f3rdan gagnvart Jer\u00edk\u00f3.<\/p>\n<div class=\"footnoteVidey\"><\/div>\n","protected":false},"excerpt":{"rendered":"<p>L\u00f6g um d\u00e6tur sem taka arf. 1Og h\u00f6fu\u00f0smenn sona Gilea\u00f0s sonar Makirs, sonar Manassis, af \u00e6ttum J\u00f3sepssona, gengu fram og t\u00f6lu\u00f0u vi\u00f0 M\u00f3ses, og vi\u00f0 fyrirmennina, h\u00f6fu\u00f0smenn \u00cdsraelssona,2og m\u00e6ltu: Drottinn hefir bo\u00f0i\u00f0 vorum herra, a\u00f0 gefa me\u00f0 hlutfalli landi\u00f0 til eignar \u00cdsraelssonum, og vorum herra var bo\u00f0i\u00f0, af Drottni a\u00f0 gefa d\u00e6trum br\u00f3\u00f0ur vors Selafeha\u00f0s, hans eign.3Ver\u00f0i \u00fe\u00e6r n\u00fa konur einhv\u00f6rs af sonum hinna \u00e6ttkv\u00edsla \u00cdsraelssona, svo gengur \u00feeirra eign, fr\u00e1 eign vorrar \u00e6ttkv\u00edslar, og ver\u00f0ur l\u00f6g\u00f0 vi\u00f0 eign \u00feeirrar \u00e6ttkv\u00edslar sem \u00fe\u00e6r koma inn \u00ed, og \u00fea\u00f0 tekst af hlutdeild vorrar eignar.4Og \u00feegar \u00cdsraelssona fagna\u00f0ar\u00e1r kemur, svo ver\u00f0ur \u00feeirra <a href=\"https:\/\/biblian.is\/videy\/fjorda-mosebok-36-kafli\/\"> [&#8230;]<\/a><\/p>\n","protected":false},"author":1,"featured_media":0,"parent":0,"menu_order":0,"comment_status":"open","ping_status":"open","template":"bibliukaflar.php","meta":{"footnotes":""},"class_list":["post-21002","page","type-page","status-publish","hentry"],"_links":{"self":[{"href":"https:\/\/biblian.is\/videy\/wp-json\/wp\/v2\/pages\/21002","targetHints":{"allow":["GET"]}}],"collection":[{"href":"https:\/\/biblian.is\/videy\/wp-json\/wp\/v2\/pages"}],"about":[{"href":"https:\/\/biblian.is\/videy\/wp-json\/wp\/v2\/types\/page"}],"author":[{"embeddable":true,"href":"https:\/\/biblian.is\/videy\/wp-json\/wp\/v2\/users\/1"}],"replies":[{"embeddable":true,"href":"https:\/\/biblian.is\/videy\/wp-json\/wp\/v2\/comments?post=21002"}],"version-history":[{"count":0,"href":"https:\/\/biblian.is\/videy\/wp-json\/wp\/v2\/pages\/21002\/revisions"}],"wp:attachment":[{"href":"https:\/\/biblian.is\/videy\/wp-json\/wp\/v2\/media?parent=21002"}],"curies":[{"name":"wp","href":"https:\/\/api.w.org\/{rel}","templated":true}]}}