{"id":20999,"date":"2018-01-02T00:59:51","date_gmt":"2018-01-02T00:59:51","guid":{"rendered":"http:\/\/biblian.is\/videy\/fjorda-mosebok-33-kafli\/"},"modified":"2018-01-02T00:59:51","modified_gmt":"2018-01-02T00:59:51","slug":"fjorda-mosebok-33-kafli","status":"publish","type":"page","link":"https:\/\/biblian.is\/videy\/fjorda-mosebok-33-kafli\/","title":{"rendered":"Fj\u00f3r\u00f0a M\u00f3seb\u00f3k 33. kafli"},"content":{"rendered":"<div class=\"fyrirsognVidey\">\u00c1fangasta\u00f0ir Gy\u00f0inga \u00ed ey\u00f0im\u00f6rkinni. \u00deeim er bo\u00f0i\u00f0 a\u00f0 \u00fatreka Kanan\u00edtana og skipta landi \u00feeirra.<\/div>\n<p><a name=\"1\"><span class=\"versanumer\">1<\/span><\/a>\u00deessir voru \u00e1fangar \u00cdsraelsbarna \u00feegar \u00feeir \u00fatf\u00f3ru af Egyptalandi, hv\u00f6r sveit fyrir sig, undir forstj\u00f3rn M\u00f3sis og Arons;<a name=\"2\"><span class=\"versanumer\">2<\/span><\/a>uppteikna\u00f0i M\u00f3ses f\u00f6r \u00feeirra eftir \u00e1f\u00f6ngum a\u00f0 bo\u00f0i Drottins, og voru \u00feetta \u00e1fangar \u00feeirra eftir a\u00f0 \u00feeir l\u00f6g\u00f0u \u00e1 sta\u00f0:<a name=\"3\"><span class=\"versanumer\">3<\/span><\/a>fr\u00e1 Ramses l\u00f6g\u00f0u \u00feeir upp \u00e1 15da degi \u00feess fyrsta m\u00e1na\u00f0ar, daginn eftir p\u00e1ska l\u00f6g\u00f0u \u00cdsraelsb\u00f6rn \u00e1 sta\u00f0 sigrihr\u00f3sandi a\u00f0 \u00e1sj\u00e1andi \u00f6llum egypskum;<a name=\"4\"><span class=\"versanumer\">4<\/span><\/a>en egypskir j\u00f6r\u00f0u\u00f0u alla \u00fe\u00e1 frumbur\u00f0i sem Drottinn haf\u00f0i \u00ed hel slegi\u00f0 me\u00f0al \u00feeirra, jafnvel \u00e1 afgu\u00f0um \u00feeirra haf\u00f0i Drottinn l\u00e1ti\u00f0 straffi\u00f0 ni\u00f0urkoma.<a name=\"5\"><span class=\"versanumer\">5<\/span><\/a>\u00cdsraelsb\u00f6rn l\u00f6g\u00f0u \u00fe\u00e1 \u00e1 sta\u00f0 fr\u00e1 Ramses og settu herb\u00fa\u00f0ir s\u00ednar \u00ed Sukkot.<a name=\"6\"><span class=\"versanumer\">6<\/span><\/a>Fr\u00e1 Sukkot f\u00f3ru \u00feeir og settu \u00fe\u00e1 herb\u00fa\u00f0ir s\u00ednar \u00ed Etam, sem liggur yst \u00ed ey\u00f0im\u00f6rkinni.<a name=\"7\"><span class=\"versanumer\">7<\/span><\/a>Fr\u00e1 Etam l\u00f6g\u00f0u \u00feeir upp og sneru \u00fe\u00e1 lei\u00f0 sinni til P\u00ed-Hakk\u00edrot, sem liggur gegnt Baal-Sefon og settu herb\u00fa\u00f0ir fyrir framan Migdol.<a name=\"8\"><span class=\"versanumer\">8<\/span><\/a>Svo l\u00f6g\u00f0u \u00feeir \u00e1 sta\u00f0 fr\u00e1 P\u00ed-Hakk\u00edrot og gengu mitt \u00ed gegnum hafi\u00f0 inn \u00ed ey\u00f0im\u00f6rkina, h\u00e9ldu \u00e1fram 3 dagfer\u00f0ir \u00ed ey\u00f0im\u00f6rkinni Etam og settu svo herb\u00fa\u00f0ir s\u00ednar \u00ed Mara.<a name=\"9\"><span class=\"versanumer\">9<\/span><\/a>Fr\u00e1 Mara l\u00f6g\u00f0u \u00feeir upp og komust til Elim, \u00ed Elim v\u00f3ru 12 vatnslindir og 70 p\u00e1lmavi\u00f0artr\u00e9, h\u00e9r settu \u00feeir herb\u00fa\u00f0ir s\u00ednar.<a name=\"10\"><span class=\"versanumer\">10<\/span><\/a>Fr\u00e1 Elim f\u00f3ru \u00feeir og settu herb\u00fa\u00f0ir s\u00ednar hj\u00e1 Hafinu rau\u00f0a.<a name=\"11\"><span class=\"versanumer\">11<\/span><\/a>Fr\u00e1 Hafinu rau\u00f0a l\u00f6g\u00f0u \u00feeir \u00e1 sta\u00f0 og settu herb\u00fa\u00f0ir \u00ed ey\u00f0im\u00f6rkinni S\u00edn.<a name=\"12\"><span class=\"versanumer\">12<\/span><\/a>Fr\u00e1 ey\u00f0im\u00f6rkinni S\u00edn l\u00f6g\u00f0u \u00feeir \u00e1 sta\u00f0 og settu herb\u00fa\u00f0ir \u00ed Dofka.<a name=\"13\"><span class=\"versanumer\">13<\/span><\/a>Fr\u00e1 Dofka f\u00f3ru \u00feeir og settu \u00fe\u00e1 herb\u00fa\u00f0ir \u00ed Alus.<a name=\"14\"><span class=\"versanumer\">14<\/span><\/a>Fr\u00e1 Alus f\u00f3ru \u00feeir og settu \u00fe\u00e1 herb\u00fa\u00f0ir \u00ed Refidim, \u00fear haf\u00f0i l\u00fd\u00f0urinn ekki vatn a\u00f0 drekka.<a name=\"15\"><span class=\"versanumer\">15<\/span><\/a>Fr\u00e1 Refidim f\u00f3ru \u00feeir og settu \u00fe\u00e1 herb\u00fa\u00f0ir \u00ed ey\u00f0im\u00f6rkinni S\u00edna\u00ed;<a name=\"16\"><span class=\"versanumer\">16<\/span><\/a>fr\u00e1 ey\u00f0im\u00f6rkinni S\u00edna\u00ed f\u00f3ru \u00feeir og settu herb\u00fa\u00f0ir \u00ed Kibrot-Hattava.<a name=\"17\"><span class=\"versanumer\">17<\/span><\/a>Fr\u00e1 Kibrot-Hattava f\u00f3ru \u00feeir og settu herb\u00fa\u00f0ir \u00ed Haserot.<a name=\"18\"><span class=\"versanumer\">18<\/span><\/a>Fr\u00e1 Haserot f\u00f3ru \u00feeir og settu herb\u00fa\u00f0ir \u00ed Ritma.<a name=\"19\"><span class=\"versanumer\">19<\/span><\/a>Fr\u00e1 Ritma f\u00f3ru \u00feeir og settu herb\u00fa\u00f0ir \u00ed Rimmon-Peres.<a name=\"20\"><span class=\"versanumer\">20<\/span><\/a>Fr\u00e1 Rimmon-Peres f\u00f3ru \u00feeir og settu herb\u00fa\u00f0ir \u00ed Libna.<a name=\"21\"><span class=\"versanumer\">21<\/span><\/a>Fr\u00e1 Libna f\u00f3ru \u00feeir og settu herb\u00fa\u00f0ir \u00ed Rissa.<a name=\"22\"><span class=\"versanumer\">22<\/span><\/a>Fr\u00e1 Rissa f\u00f3ru \u00feeir og settu herb\u00fa\u00f0ir \u00ed Kehelata.<a name=\"23\"><span class=\"versanumer\">23<\/span><\/a>Fr\u00e1 Kehelata f\u00f3ru \u00feeir og settu herb\u00fa\u00f0ir \u00e1 fjallinu Safer.<a name=\"24\"><span class=\"versanumer\">24<\/span><\/a>Fr\u00e1 fjallinu Safer f\u00f3ru \u00feeir og settu herb\u00fa\u00f0ir \u00ed Harada.<a name=\"25\"><span class=\"versanumer\">25<\/span><\/a>Fr\u00e1 Harada f\u00f3ru \u00feeir og settu herb\u00fa\u00f0ir \u00ed Makehelot.<a name=\"26\"><span class=\"versanumer\">26<\/span><\/a>Fr\u00e1 Makehelot f\u00f3ru \u00feeir og settu herb\u00fa\u00f0ir \u00ed Tahat.<a name=\"27\"><span class=\"versanumer\">27<\/span><\/a>Fr\u00e1 Tahat f\u00f3ru \u00feeir og settu herb\u00fa\u00f0ir \u00ed Tara.<a name=\"28\"><span class=\"versanumer\">28<\/span><\/a>Fr\u00e1 Tara f\u00f3ru \u00feeir og settu herb\u00fa\u00f0ir \u00ed Mitka.<a name=\"29\"><span class=\"versanumer\">29<\/span><\/a>Fr\u00e1 Mitka f\u00f3ru \u00feeir og settu herb\u00fa\u00f0ir \u00ed Hasmona.<a name=\"30\"><span class=\"versanumer\">30<\/span><\/a>Fr\u00e1 Hasmona f\u00f3ru \u00feeir og settu herb\u00fa\u00f0ir \u00ed Moserot.<a name=\"31\"><span class=\"versanumer\">31<\/span><\/a>Fr\u00e1 Moserot f\u00f3ru \u00feeir og settu herb\u00fa\u00f0ir \u00ed Bne-Jaakan.<a name=\"32\"><span class=\"versanumer\">32<\/span><\/a>Fr\u00e1 Bne-Jaakan f\u00f3ru \u00feeir og settu herb\u00fa\u00f0ir \u00ed \u00ed Hor-Haggidga\u00f0.<a name=\"33\"><span class=\"versanumer\">33<\/span><\/a>Fr\u00e1 Hor-Haggidga\u00f0 f\u00f3ru \u00feeir og settu herb\u00fa\u00f0ir \u00ed Jotbata.<a name=\"34\"><span class=\"versanumer\">34<\/span><\/a>Fr\u00e1 Jotbata f\u00f3ru \u00feeir og settu herb\u00fa\u00f0ir \u00ed Abr\u00f3na.<a name=\"35\"><span class=\"versanumer\">35<\/span><\/a>Fr\u00e1 Abr\u00f3na f\u00f3ru \u00feeir og settu herb\u00fa\u00f0ir \u00ed Esion-Geber.<a name=\"36\"><span class=\"versanumer\">36<\/span><\/a>Fr\u00e1 Esion-Geber f\u00f3ru \u00feeir og settu herb\u00fa\u00f0ir \u00ed ey\u00f0im\u00f6rkinni S\u00edn, \u00fea\u00f0 er Kades.<a name=\"37\"><span class=\"versanumer\">37<\/span><\/a>Fr\u00e1 Kades f\u00f3ru \u00feeir og settu herb\u00fa\u00f0ir hj\u00e1 fjallinu H\u00f3r, vi\u00f0 takm\u00f6rk Edom\u00edtalands.<a name=\"38\"><span class=\"versanumer\">38<\/span><\/a>H\u00e9r var \u00fea\u00f0 a\u00f0 presturinn Aron a\u00f0 bo\u00f0i Drottins gekk upp \u00e1 fjalli\u00f0 H\u00f3r og d\u00f3 \u00fear \u00e1 \u00fev\u00ed 40ta \u00e1ri eftir a\u00f0 \u00cdsraelsb\u00f6rn f\u00f3ru \u00fat af Egyptalandi \u00e1 1ta degi \u00ed 5ta m\u00e1nu\u00f0inum,<a name=\"39\"><span class=\"versanumer\">39<\/span><\/a>og Aron var 123 \u00e1ra gamall \u00feegar hann dey\u00f0i \u00e1 fjallinu H\u00f3r.<a name=\"40\"><span class=\"versanumer\">40<\/span><\/a>K\u00f3ngurinn \u00ed Arad sem var kanverskur og bj\u00f3 \u00ed su\u00f0urhluta Kanaanslands f\u00e9kk a\u00f0 heyra a\u00f0 \u00cdsraelsb\u00f6rn v\u00e6ru komin.<a name=\"41\"><span class=\"versanumer\">41<\/span><\/a>Fr\u00e1 fjallinu H\u00f3r f\u00f3ru \u00feeir og settu herb\u00fa\u00f0ir \u00ed Salmona.<a name=\"42\"><span class=\"versanumer\">42<\/span><\/a>Fr\u00e1 Salmona f\u00f3ru \u00feeir og settu herb\u00fa\u00f0ir \u00ed F\u00fanon.<a name=\"43\"><span class=\"versanumer\">43<\/span><\/a>Fr\u00e1 F\u00fanon f\u00f3ru \u00feeir og settu herb\u00fa\u00f0ir \u00ed \u00ed \u00d3bot.<a name=\"44\"><span class=\"versanumer\">44<\/span><\/a>Fr\u00e1 \u00d3bot f\u00f3ru \u00feeir og settu herb\u00fa\u00f0ir \u00ed hl\u00ed\u00f0um fjallsins Abarim \u00e1 landamerkjum M\u00f3ab\u00edta.<a name=\"45\"><span class=\"versanumer\">45<\/span><\/a>Fr\u00e1 \u00feessum hl\u00ed\u00f0um f\u00f3ru \u00feeir og settu herb\u00fa\u00f0ir \u00ed Dibon-Ga\u00f0.<a name=\"46\"><span class=\"versanumer\">46<\/span><\/a>Fr\u00e1 Dibon-Ga\u00f0 f\u00f3ru \u00feeir og settu herb\u00fa\u00f0ir \u00ed Almon-Diblataim.<a name=\"47\"><span class=\"versanumer\">47<\/span><\/a>Fr\u00e1 Almon-Diblataim f\u00f3ru \u00feeir og settu herb\u00fa\u00f0ir hj\u00e1 Abarimfj\u00f6llunum gegnt Nebo.<a name=\"48\"><span class=\"versanumer\">48<\/span><\/a>Fr\u00e1 Abarimsfj\u00f6llum f\u00f3ru \u00feeir og settu herb\u00fa\u00f0ir \u00ed ey\u00f0im\u00f6rku M\u00f3ab\u00edta hj\u00e1 J\u00f3rdan gegnt Jer\u00edk\u00f3;<a name=\"49\"><span class=\"versanumer\">49<\/span><\/a>h\u00f6f\u00f0u \u00feeir herb\u00fa\u00f0ir s\u00ednar hj\u00e1 J\u00f3rdan hj\u00e1 Bet-Jesimo allt a\u00f0 Abel-Sittim \u00ed ey\u00f0im\u00f6rku M\u00f3ab\u00edta. <br \/><a name=\"50\"><span class=\"versanumer\">50<\/span><\/a>\u00cd ey\u00f0im\u00f6rku M\u00f3ab\u00edta hj\u00e1 J\u00f3rdan gegnt Jer\u00edk\u00f3 tala\u00f0i Drottinn vi\u00f0 M\u00f3ses og sag\u00f0i:<a name=\"51\"><span class=\"versanumer\">51<\/span><\/a>tala vi\u00f0 \u00cdsraelsb\u00f6rn og seg vi\u00f0 \u00feau: \u00feegar \u00fe\u00e9r fari\u00f0 yfrum J\u00f3rdan inn \u00ed Kanaansland,<a name=\"52\"><span class=\"versanumer\">52<\/span><\/a>skulu\u00f0 \u00fe\u00e9r reka fr\u00e1 y\u00f0ur alla landsins innb\u00faa, a\u00f0 engu gj\u00f6ra alla \u00feeirra \u00e1tr\u00fana\u00f0arsteina, \u00f6ll \u00feeirra steyptu b\u00edl\u00e6ti, brj\u00f3ta ni\u00f0ur \u00f6ll hof \u00feeirra;<a name=\"53\"><span class=\"versanumer\">53<\/span><\/a>landi\u00f0 skulu\u00f0 \u00fe\u00e9r taka undir y\u00f0ur og b\u00faa \u00fear, \u00fev\u00ed eg hefi gefi\u00f0 y\u00f0ur \u00fea\u00f0 til eignar;<a name=\"54\"><span class=\"versanumer\">54<\/span><\/a>me\u00f0 hlutkesti skulu\u00f0 \u00fe\u00e9r \u00fev\u00ed skipta eftir \u00e6ttum; \u00fe\u00e9r skulu\u00f0 l\u00e1ta \u00fe\u00e1 \u00e6ttina sem fj\u00f6lmennari er f\u00e1 meira, \u00fe\u00e1 sem f\u00e1mennari er minna, \u00fea\u00f0 sem hlutkesti\u00f0 \u00fathlutar hv\u00f6rjum fyrir sig skal hann hafa, eftir kynkv\u00edslum fe\u00f0ra y\u00f0ar skulu\u00f0 \u00fe\u00e9r eiga \u00fea\u00f0.<a name=\"55\"><span class=\"versanumer\">55<\/span><\/a>En ef \u00fe\u00e9r ekki \u00fatreki\u00f0 landsins innb\u00faa fr\u00e1 y\u00f0ur, \u00fe\u00e1 munu \u00feeir sem \u00fe\u00e9r eftirskilji\u00f0, ver\u00f0a \u00feyrnir \u00ed augum y\u00f0ar <span class='VideyAth'>a)<\/span> og broddur \u00ed y\u00f0ar s\u00ed\u00f0um <span class='VideyAth'>b)<\/span> og \u00feeir munu \u00fejaka y\u00f0ur \u00ed landi \u00fev\u00ed sem \u00fe\u00e9r munu\u00f0 byggja,<a name=\"56\"><span class=\"versanumer\">56<\/span><\/a>og \u00fe\u00e1 mun svo fara a\u00f0 \u00fea\u00f0 sem eg haf\u00f0i hugsa\u00f0 m\u00e9r a\u00f0 gj\u00f6ra \u00feeim, \u00fea\u00f0 mun eg gj\u00f6ra y\u00f0ur.<\/p>\n<div class=\"footnoteVidey\">V. 52. \u00de. e. steinar \u00e1 hv\u00f6rja \u00fath\u00f6ggnar voru alls konar hj\u00e1tr\u00faarfullar galdramyndir.  V. 55. a) Vera illa vi\u00f0 \u00fe\u00e1. b) \u00de. e. gj\u00f6ra y\u00f0ur \u00f3skunda.<\/div>\n","protected":false},"excerpt":{"rendered":"<p>\u00c1fangasta\u00f0ir Gy\u00f0inga \u00ed ey\u00f0im\u00f6rkinni. \u00deeim er bo\u00f0i\u00f0 a\u00f0 \u00fatreka Kanan\u00edtana og skipta landi \u00feeirra. 1\u00deessir voru \u00e1fangar \u00cdsraelsbarna \u00feegar \u00feeir \u00fatf\u00f3ru af Egyptalandi, hv\u00f6r sveit fyrir sig, undir forstj\u00f3rn M\u00f3sis og Arons;2uppteikna\u00f0i M\u00f3ses f\u00f6r \u00feeirra eftir \u00e1f\u00f6ngum a\u00f0 bo\u00f0i Drottins, og voru \u00feetta \u00e1fangar \u00feeirra eftir a\u00f0 \u00feeir l\u00f6g\u00f0u \u00e1 sta\u00f0:3fr\u00e1 Ramses l\u00f6g\u00f0u \u00feeir upp \u00e1 15da degi \u00feess fyrsta m\u00e1na\u00f0ar, daginn eftir p\u00e1ska l\u00f6g\u00f0u \u00cdsraelsb\u00f6rn \u00e1 sta\u00f0 sigrihr\u00f3sandi a\u00f0 \u00e1sj\u00e1andi \u00f6llum egypskum;4en egypskir j\u00f6r\u00f0u\u00f0u alla \u00fe\u00e1 frumbur\u00f0i sem Drottinn haf\u00f0i \u00ed hel slegi\u00f0 me\u00f0al \u00feeirra, jafnvel \u00e1 afgu\u00f0um \u00feeirra haf\u00f0i Drottinn l\u00e1ti\u00f0 straffi\u00f0 ni\u00f0urkoma.5\u00cdsraelsb\u00f6rn l\u00f6g\u00f0u \u00fe\u00e1 \u00e1 sta\u00f0 fr\u00e1 <a href=\"https:\/\/biblian.is\/videy\/fjorda-mosebok-33-kafli\/\"> [&#8230;]<\/a><\/p>\n","protected":false},"author":1,"featured_media":0,"parent":0,"menu_order":0,"comment_status":"open","ping_status":"open","template":"bibliukaflar.php","meta":{"footnotes":""},"class_list":["post-20999","page","type-page","status-publish","hentry"],"_links":{"self":[{"href":"https:\/\/biblian.is\/videy\/wp-json\/wp\/v2\/pages\/20999","targetHints":{"allow":["GET"]}}],"collection":[{"href":"https:\/\/biblian.is\/videy\/wp-json\/wp\/v2\/pages"}],"about":[{"href":"https:\/\/biblian.is\/videy\/wp-json\/wp\/v2\/types\/page"}],"author":[{"embeddable":true,"href":"https:\/\/biblian.is\/videy\/wp-json\/wp\/v2\/users\/1"}],"replies":[{"embeddable":true,"href":"https:\/\/biblian.is\/videy\/wp-json\/wp\/v2\/comments?post=20999"}],"version-history":[{"count":0,"href":"https:\/\/biblian.is\/videy\/wp-json\/wp\/v2\/pages\/20999\/revisions"}],"wp:attachment":[{"href":"https:\/\/biblian.is\/videy\/wp-json\/wp\/v2\/media?parent=20999"}],"curies":[{"name":"wp","href":"https:\/\/api.w.org\/{rel}","templated":true}]}}