{"id":20981,"date":"2018-01-02T00:59:46","date_gmt":"2018-01-02T00:59:46","guid":{"rendered":"http:\/\/biblian.is\/videy\/fjorda-mosebok-15-kafli\/"},"modified":"2018-01-02T00:59:46","modified_gmt":"2018-01-02T00:59:46","slug":"fjorda-mosebok-15-kafli","status":"publish","type":"page","link":"https:\/\/biblian.is\/videy\/fjorda-mosebok-15-kafli\/","title":{"rendered":"Fj\u00f3r\u00f0a M\u00f3seb\u00f3k 15. kafli"},"content":{"rendered":"<div class=\"fyrirsognVidey\">\u00ddmisleg l\u00f6g. Straff fyrir vanhelgun hv\u00edldardagsins. Minnisbarmarnir.<\/div>\n<p><a name=\"1\"><span class=\"versanumer\">1<\/span><\/a>Og Drottinn tala\u00f0i vi\u00f0 M\u00f3ses og m\u00e6lti:<a name=\"2\"><span class=\"versanumer\">2<\/span><\/a>tala \u00fe\u00fa vi\u00f0 \u00cdsraelssyni og seg \u00feeim: \u00feegar \u00fe\u00e9r komi\u00f0 \u00ed \u00fea\u00f0 landi\u00f0 sem \u00fe\u00e9r eigi\u00f0 a\u00f0 byggja, er eg gef y\u00f0ur,<a name=\"3\"><span class=\"versanumer\">3<\/span><\/a>og \u00fe\u00e9r f\u00e6ri\u00f0 Drottni f\u00f3rn sem tendrast skal, brennif\u00f3rn e\u00f0a sl\u00e1turf\u00f3rn, vegna heilags \u00e1heitis, e\u00f0a sj\u00e1lfviljuglega, e\u00f0a \u00e1 y\u00f0ar h\u00e1t\u00ed\u00f0um, til a\u00f0 gj\u00f6ra Drottni \u00fe\u00e6gilegan ilm, af nautum e\u00f0a sm\u00e1f\u00e9na\u00f0i:<a name=\"4\"><span class=\"versanumer\">4<\/span><\/a>svo komi hv\u00f6r s\u00e1 sem f\u00f3rnarg\u00e1fu f\u00e6rir Drottni, me\u00f0, svo sem matoffur, hveitimj\u00f6l t\u00edunda part, og s\u00e9 hellt yfir vi\u00f0smj\u00f6ri fj\u00f3r\u00f0a parti af h\u00edn;<a name=\"5\"><span class=\"versanumer\">5<\/span><\/a>og v\u00edn til \u00feakkarf\u00f3rnar, fj\u00f3r\u00f0a part af h\u00edn, skaltu fram l\u00e1ta til brennif\u00f3rnarinnar, e\u00f0a sl\u00e1turf\u00f3rnarinnar me\u00f0 hv\u00f6rjum sau\u00f0.<a name=\"6\"><span class=\"versanumer\">6<\/span><\/a>Og me\u00f0 hr\u00fat skaltu frambera tvo t\u00edunda parta hveitimj\u00f6ls, yfird\u00f6ggva\u00f0a me\u00f0 \u00feri\u00f0ja parti af h\u00edn;<a name=\"7\"><span class=\"versanumer\">7<\/span><\/a>og v\u00edn til \u00feakkarf\u00f3rnarinnar skaltu frambera \u00feri\u00f0ja part, \u00fe\u00e6gilegan ilm fyrir Drottni.<a name=\"8\"><span class=\"versanumer\">8<\/span><\/a>Og \u00feegar \u00fe\u00fa f\u00f3rnf\u00e6rir ungu nauti til brennif\u00f3rnar, e\u00f0a sl\u00e1turf\u00f3rnar, vegna heilags \u00e1heitis, e\u00f0a til \u00feakkarf\u00f3rnar Drottni:<a name=\"9\"><span class=\"versanumer\">9<\/span><\/a>svo framberi ma\u00f0ur me\u00f0 nautinu, sem matoffur, \u00ferj\u00e1 t\u00edundu parta hveitimj\u00f6ls, yfird\u00f6ggva\u00f0a me\u00f0 vi\u00f0smj\u00f6ri, h\u00e1lfri h\u00edn;<a name=\"10\"><span class=\"versanumer\">10<\/span><\/a>og v\u00edn skaltu frambera til \u00feakkarf\u00f3rnar, h\u00e1lfa h\u00edn, sem upptendrun \u00fe\u00e6gilegs ilms fyrir Drottni.<a name=\"11\"><span class=\"versanumer\">11<\/span><\/a>Svo skal gj\u00f6ra vi\u00f0 uxa e\u00f0a vi\u00f0 hr\u00fat, e\u00f0a vi\u00f0 sau\u00f0, e\u00f0a vi\u00f0 geit;<a name=\"12\"><span class=\"versanumer\">12<\/span><\/a>eftir t\u00f6lu \u00feeirri sem \u00fe\u00e9r offri\u00f0 skulu\u00f0 \u00fe\u00e9r gj\u00f6ra vi\u00f0 hva\u00f0 eitt, eftir \u00feess t\u00f6lu.<a name=\"13\"><span class=\"versanumer\">13<\/span><\/a>S\u00e9rhv\u00f6r innf\u00e6ddur skal gj\u00f6ra \u00feetta \u00feannig, til a\u00f0 f\u00e6ra Drottni upptendran \u00fe\u00e6gilegs ilms.<a name=\"14\"><span class=\"versanumer\">14<\/span><\/a>Og s\u00e9 \u00fatlendur ma\u00f0ur me\u00f0al y\u00f0ar, e\u00f0a hv\u00f6r sem me\u00f0al y\u00f0ar er hj\u00e1 y\u00f0ar ni\u00f0jum, og hann f\u00e6rir Drottni upptendrun \u00fe\u00e6gilegs ilms: \u00fe\u00e1 skal hann gj\u00f6ra eins og \u00fe\u00e9r gj\u00f6ri\u00f0.<a name=\"15\"><span class=\"versanumer\">15<\/span><\/a>Allur s\u00f6fnu\u00f0urinn, skal svo gj\u00f6ra, ein regla s\u00e9 fyrir y\u00f0ur og \u00fatlendinginn; eil\u00edf regla fyrir y\u00f0ar \u00f3komnu kynsl\u00f3\u00f0ir; sem \u00fe\u00e9r, svo skal og s\u00e1 \u00fatlendi vera fyrir Drottni.<a name=\"16\"><span class=\"versanumer\">16<\/span><\/a>Eitt l\u00f6gm\u00e1l, einn r\u00e9ttur skal vera fyrir y\u00f0ur og \u00feann \u00fatlenda, sem hj\u00e1 y\u00f0ur b\u00fdr. <br \/><a name=\"17\"><span class=\"versanumer\">17<\/span><\/a>Og Drottinn tala\u00f0i vi\u00f0 M\u00f3ses og m\u00e6lti:<a name=\"18\"><span class=\"versanumer\">18<\/span><\/a>tala \u00fe\u00fa vi\u00f0 \u00cdsraelssyni og seg \u00feeim: \u00feegar \u00fe\u00e9r eru\u00f0 komnir \u00ed \u00fea\u00f0 land sem eg flyt y\u00f0ur \u00ed,<a name=\"19\"><span class=\"versanumer\">19<\/span><\/a>og \u00fe\u00e9r eti\u00f0 af brau\u00f0i landsins: svo skulu\u00f0 \u00fe\u00e9r gefa Drottni upplyfting;<a name=\"20\"><span class=\"versanumer\">20<\/span><\/a>sem frumgr\u00f3\u00f0a y\u00f0ar korns skulu\u00f0 \u00fe\u00e9r gefa eina k\u00f6ku til upplyftingar; eins og upplyftingin af y\u00f0ar hl\u00f6\u00f0u er, svo skulu\u00f0 \u00fe\u00e9r og gefa \u00feessa.<a name=\"21\"><span class=\"versanumer\">21<\/span><\/a>Af frumgr\u00f3\u00f0a y\u00f0ar korns skulu\u00f0 \u00fe\u00e9r gefa Drottni upplyfting, s\u00f6mulei\u00f0is y\u00f0ar ni\u00f0jar.<a name=\"22\"><span class=\"versanumer\">22<\/span><\/a>Og \u00feegar \u00fe\u00e9r brj\u00f3ti\u00f0, og ekki haldi\u00f0 \u00f6ll \u00feessi bo\u00f0or\u00f0, sem Drottinn hefur tala\u00f0 til M\u00f3ses,<a name=\"23\"><span class=\"versanumer\">23<\/span><\/a>allt sem Drottinn hefur y\u00f0ur bo\u00f0i\u00f0 fyrir M\u00f3ses, fr\u00e1 \u00feeim degi er hann gaf y\u00f0ur bo\u00f0or\u00f0, og upp fr\u00e1 \u00fev\u00ed til y\u00f0ar eftirkomenda;<a name=\"24\"><span class=\"versanumer\">24<\/span><\/a>og s\u00e9 einhv\u00f6r yfirsj\u00f3n dr\u00fdg\u00f0 \u00e1 bak vi\u00f0 s\u00f6fnu\u00f0inn, svo f\u00f3rnf\u00e6ri allur s\u00f6fnu\u00f0urinn ungum bola, sem brennif\u00f3rn til \u00fe\u00e6gilegs ilms fyrir Drottni, og \u00fear a\u00f0 auki matoffur og drykkjarf\u00f3rn svo sem tilheyrir, og geithafur sem syndaf\u00f3rn.<a name=\"25\"><span class=\"versanumer\">25<\/span><\/a>Og presturinn forl\u00edki fyrir allan s\u00f6fnu\u00f0 \u00cdsraelssona, a\u00f0 \u00feeim fyrirgefi\u00f0 ver\u00f0i, \u00fev\u00ed yfirsj\u00f3n var \u00fea\u00f0; en \u00feeir f\u00e6ra s\u00edna f\u00f3rnarg\u00e1fu, sem upptendrun, Drottni, og s\u00edna syndaf\u00f3rn fram fyrir Drottin, vegna sinnar yfirsj\u00f3nar.<a name=\"26\"><span class=\"versanumer\">26<\/span><\/a>Og svo ver\u00f0ur \u00f6llum s\u00f6fnu\u00f0i \u00cdsraelssona fyrirgefi\u00f0, og \u00feeim \u00fatlenda sem b\u00fdr \u00e1 me\u00f0al \u00feeirra; \u00fev\u00ed hj\u00e1 \u00f6llu f\u00f3lkinu <span class='VideyAth'>(ske\u00f0i \u00fea\u00f0)<\/span> af yfirsj\u00f3n. <br \/><a name=\"27\"><span class=\"versanumer\">27<\/span><\/a>Og \u00feegar einhv\u00f6r einn syndgar af yfirsj\u00f3n, svo komi s\u00e1 me\u00f0 \u00e1rsgamla geit til syndaf\u00f3rnar.<a name=\"28\"><span class=\"versanumer\">28<\/span><\/a>Og presturinn fri\u00f0i \u00fe\u00e1 s\u00e1l fyrir Drottni sem syndga\u00f0i af yfirsj\u00f3n, gj\u00f6ri forl\u00edkun fyrir hana, a\u00f0 henni ver\u00f0i fyrirgefi\u00f0,<a name=\"29\"><span class=\"versanumer\">29<\/span><\/a>fyrir \u00feann innf\u00e6dda me\u00f0al \u00cdsraelssona og fyrir \u00feann \u00fatlenda sem me\u00f0al \u00feeirra b\u00fdr; eitt l\u00f6gm\u00e1l skal fyrir y\u00f0ur vera, fyrir hv\u00f6rn \u00feann sem misbr\u00fdtur.<a name=\"30\"><span class=\"versanumer\">30<\/span><\/a>En hv\u00f6r s\u00e1 sem eitthva\u00f0 a\u00f0hefst me\u00f0 upplyftri hendi <span class='VideyAth'>(af \u00e1setningi)<\/span> innf\u00e6ddur e\u00f0a \u00fatlendur, s\u00e1 hinn sami forsm\u00e1ir Drottin, og hinn sama s\u00e1l ver\u00f0i uppr\u00e6tt fr\u00e1 s\u00ednu f\u00f3lki.<a name=\"31\"><span class=\"versanumer\">31<\/span><\/a>\u00dev\u00ed or\u00f0 Drottins hefir hann forsm\u00e1\u00f0, og broti\u00f0 hans bo\u00f0or\u00f0; uppr\u00e6tast skal s\u00fa hin sama s\u00e1l, hennar sekt hv\u00edlir \u00e1 henni. <br \/><a name=\"32\"><span class=\"versanumer\">32<\/span><\/a>Og \u00e1 me\u00f0al \u00cdsraelssynir voru \u00ed ey\u00f0im\u00f6rkinni, fundu \u00feeir mann nokkurn sem t\u00edndi saman vi\u00f0 \u00e1 hv\u00edldardeginum.<a name=\"33\"><span class=\"versanumer\">33<\/span><\/a>Og \u00feeir sem fundu hann, \u00fear sem hann var a\u00f0 t\u00edna vi\u00f0inn saman, leiddu hann fyrir M\u00f3ses og Aron og fyrir allan s\u00f6fnu\u00f0inn.<a name=\"34\"><span class=\"versanumer\">34<\/span><\/a>Og \u00feeir h\u00f6f\u00f0u hann \u00ed var\u00f0haldi; \u00fev\u00ed \u00fea\u00f0 var ei \u00far \u00fev\u00ed skori\u00f0 hva\u00f0 vi\u00f0 hann skyldi gj\u00f6ra.<a name=\"35\"><span class=\"versanumer\">35<\/span><\/a>\u00de\u00e1 sag\u00f0i Drottinn vi\u00f0 M\u00f3ses: ma\u00f0urinn skal dey\u00f0ast, allur s\u00f6fnu\u00f0urinn skal gr\u00fdta hann utan herb\u00fa\u00f0anna.<a name=\"36\"><span class=\"versanumer\">36<\/span><\/a>\u00de\u00e1 leiddi allur s\u00f6fnu\u00f0urinn hann \u00fat fyrir herb\u00fa\u00f0irnar og gr\u00fdttu hann, svo hann d\u00f3, eins og Drottinn haf\u00f0i bo\u00f0i\u00f0 M\u00f3ses. <br \/><a name=\"37\"><span class=\"versanumer\">37<\/span><\/a>Og Drottinn tala\u00f0i vi\u00f0 M\u00f3ses og m\u00e6lti:<a name=\"38\"><span class=\"versanumer\">38<\/span><\/a>tala \u00fe\u00fa vi\u00f0 \u00cdsraelssonu, og seg \u00feeim a\u00f0 \u00feeir gj\u00f6ri s\u00e9r k\u00f6gur \u00e1 barm sinna kl\u00e6\u00f0a, fyrir \u00feeirra ni\u00f0ja, og \u00feeir skulu setja sn\u00faru af bl\u00e1um purpura yfir k\u00f6gri\u00f0 \u00e1 barminum.<a name=\"39\"><span class=\"versanumer\">39<\/span><\/a>Beri\u00f0 \u00feetta sem k\u00f6gur, a\u00f0 \u00fe\u00e9r horfi\u00f0 \u00e1 \u00fea\u00f0, og muni\u00f0 til allra Drottins bo\u00f0or\u00f0a, og haldi\u00f0 \u00feau, og ekki skyggnist um eftir y\u00f0ar hj\u00f6rtum og eftir y\u00f0ar augum, a\u00f0 \u00fe\u00e9r taki\u00f0 framhj\u00e1 <span class='VideyAth'>(m\u00e9r)<\/span> me\u00f0 \u00feeim,<a name=\"40\"><span class=\"versanumer\">40<\/span><\/a>til \u00feess \u00fe\u00e9r muni\u00f0 og haldi\u00f0 \u00f6ll m\u00edn bo\u00f0or\u00f0, og s\u00e9u\u00f0 helgir y\u00f0ar Gu\u00f0i.<a name=\"41\"><span class=\"versanumer\">41<\/span><\/a>Eg em Drottinn y\u00f0ar Gu\u00f0, sem hefi \u00fatleitt y\u00f0ur \u00far Egyptalandi, til \u00feess a\u00f0 vera y\u00f0ar Gu\u00f0; eg em Drottinn y\u00f0ar Gu\u00f0.<\/p>\n<div class=\"footnoteVidey\"><\/div>\n","protected":false},"excerpt":{"rendered":"<p>\u00ddmisleg l\u00f6g. Straff fyrir vanhelgun hv\u00edldardagsins. Minnisbarmarnir. 1Og Drottinn tala\u00f0i vi\u00f0 M\u00f3ses og m\u00e6lti:2tala \u00fe\u00fa vi\u00f0 \u00cdsraelssyni og seg \u00feeim: \u00feegar \u00fe\u00e9r komi\u00f0 \u00ed \u00fea\u00f0 landi\u00f0 sem \u00fe\u00e9r eigi\u00f0 a\u00f0 byggja, er eg gef y\u00f0ur,3og \u00fe\u00e9r f\u00e6ri\u00f0 Drottni f\u00f3rn sem tendrast skal, brennif\u00f3rn e\u00f0a sl\u00e1turf\u00f3rn, vegna heilags \u00e1heitis, e\u00f0a sj\u00e1lfviljuglega, e\u00f0a \u00e1 y\u00f0ar h\u00e1t\u00ed\u00f0um, til a\u00f0 gj\u00f6ra Drottni \u00fe\u00e6gilegan ilm, af nautum e\u00f0a sm\u00e1f\u00e9na\u00f0i:4svo komi hv\u00f6r s\u00e1 sem f\u00f3rnarg\u00e1fu f\u00e6rir Drottni, me\u00f0, svo sem matoffur, hveitimj\u00f6l t\u00edunda part, og s\u00e9 hellt yfir vi\u00f0smj\u00f6ri fj\u00f3r\u00f0a parti af h\u00edn;5og v\u00edn til \u00feakkarf\u00f3rnar, fj\u00f3r\u00f0a part af h\u00edn, skaltu fram l\u00e1ta til brennif\u00f3rnarinnar, e\u00f0a <a href=\"https:\/\/biblian.is\/videy\/fjorda-mosebok-15-kafli\/\"> [&#8230;]<\/a><\/p>\n","protected":false},"author":1,"featured_media":0,"parent":0,"menu_order":0,"comment_status":"open","ping_status":"open","template":"bibliukaflar.php","meta":{"footnotes":""},"class_list":["post-20981","page","type-page","status-publish","hentry"],"_links":{"self":[{"href":"https:\/\/biblian.is\/videy\/wp-json\/wp\/v2\/pages\/20981","targetHints":{"allow":["GET"]}}],"collection":[{"href":"https:\/\/biblian.is\/videy\/wp-json\/wp\/v2\/pages"}],"about":[{"href":"https:\/\/biblian.is\/videy\/wp-json\/wp\/v2\/types\/page"}],"author":[{"embeddable":true,"href":"https:\/\/biblian.is\/videy\/wp-json\/wp\/v2\/users\/1"}],"replies":[{"embeddable":true,"href":"https:\/\/biblian.is\/videy\/wp-json\/wp\/v2\/comments?post=20981"}],"version-history":[{"count":0,"href":"https:\/\/biblian.is\/videy\/wp-json\/wp\/v2\/pages\/20981\/revisions"}],"wp:attachment":[{"href":"https:\/\/biblian.is\/videy\/wp-json\/wp\/v2\/media?parent=20981"}],"curies":[{"name":"wp","href":"https:\/\/api.w.org\/{rel}","templated":true}]}}